{"id":904,"date":"2019-06-24T23:09:27","date_gmt":"2019-06-24T23:09:27","guid":{"rendered":"https:\/\/tudomoveisbelem.com.br\/v19\/?post_type=product&#038;p=904"},"modified":"2024-06-19T16:09:07","modified_gmt":"2024-06-19T16:09:07","slug":"rack-para-tv-ate-60-r-34900-a-vista","status":"publish","type":"product","link":"https:\/\/tudomoveisbelem.com.br\/v19\/produto\/rack-para-tv-ate-60-r-34900-a-vista\/","title":{"rendered":"Rack para TV at\u00e9 60&#8243; 10x\u00a0de R$ 69,90"},"content":{"rendered":"<p>Rack projetado para acomodar telas de at\u00e9 60&#8243;, possui sa\u00edda para fios para facilitar sua instala\u00e7\u00e3o.<br \/>\nA porta possui puxador amadeirado e prateleiras onde voc\u00ea poder\u00e1 organizar livros, DVDs, CDs e muito mais.<\/p>\n<p>Dimens\u00f5es<br \/>\nLargura: 1,36 M<br \/>\nAltura: 0,73 M<br \/>\nProfundidade: 0,37 CM<\/p>\n","protected":false},"excerpt":{"rendered":"<p>Por<span style=\"color: #ff0000;\">\u00a0<span style=\"color: #000000;\">10x de<\/span>\u00a0<strong>R$ 69,90<\/strong><\/span>\u00a0sem juros<br \/>\nNo cart\u00e3o ou \u00e0 vista por<strong>\u00a0<span style=\"color: #ff0000;\">R$ 699,00.<\/span><\/strong><\/p>\n","protected":false},"featured_media":18370,"comment_status":"closed","ping_status":"closed","template":"","meta":[],"product_brand":[],"product_cat":[43],"product_tag":[],"class_list":{"0":"post-904","1":"product","2":"type-product","3":"status-publish","4":"has-post-thumbnail","6":"product_cat-racks","8":"first","9":"instock","10":"shipping-taxable","11":"product-type-simple"},"_links":{"self":[{"href":"https:\/\/tudomoveisbelem.com.br\/v19\/wp-json\/wp\/v2\/product\/904","targetHints":{"allow":["GET"]}}],"collection":[{"href":"https:\/\/tudomoveisbelem.com.br\/v19\/wp-json\/wp\/v2\/product"}],"about":[{"href":"https:\/\/tudomoveisbelem.com.br\/v19\/wp-json\/wp\/v2\/types\/product"}],"replies":[{"embeddable":true,"href":"https:\/\/tudomoveisbelem.com.br\/v19\/wp-json\/wp\/v2\/comments?post=904"}],"version-history":[{"count":10,"href":"https:\/\/tudomoveisbelem.com.br\/v19\/wp-json\/wp\/v2\/product\/904\/revisions"}],"predecessor-version":[{"id":30006,"href":"https:\/\/tudomoveisbelem.com.br\/v19\/wp-json\/wp\/v2\/product\/904\/revisions\/30006"}],"wp:featuredmedia":[{"embeddable":true,"href":"https:\/\/tudomoveisbelem.com.br\/v19\/wp-json\/wp\/v2\/media\/18370"}],"wp:attachment":[{"href":"https:\/\/tudomoveisbelem.com.br\/v19\/wp-json\/wp\/v2\/media?parent=904"}],"wp:term":[{"taxonomy":"product_brand","embeddable":true,"href":"https:\/\/tudomoveisbelem.com.br\/v19\/wp-json\/wp\/v2\/product_brand?post=904"},{"taxonomy":"product_cat","embeddable":true,"href":"https:\/\/tudomoveisbelem.com.br\/v19\/wp-json\/wp\/v2\/product_cat?post=904"},{"taxonomy":"product_tag","embeddable":true,"href":"https:\/\/tudomoveisbelem.com.br\/v19\/wp-json\/wp\/v2\/product_tag?post=904"}],"curies":[{"name":"wp","href":"https:\/\/api.w.org\/{rel}","templated":true}]}}