{"id":38524,"date":"2026-09-02T17:15:12","date_gmt":"2026-09-02T17:15:12","guid":{"rendered":"https:\/\/tudomoveisbelem.com.br\/v19\/?post_type=product&#038;p=38524"},"modified":"2026-09-02T17:15:12","modified_gmt":"2026-09-02T17:15:12","slug":"conjunto-de-jantar-mesa-4-cadeiras-bordadas","status":"publish","type":"product","link":"https:\/\/tudomoveisbelem.com.br\/v19\/produto\/conjunto-de-jantar-mesa-4-cadeiras-bordadas\/","title":{"rendered":"CONJUNTO DE JANTAR MESA 4 CADEIRAS BORDADAS"},"content":{"rendered":"<p>UMA SALA DE JANTAR COM DESIGN QUE ENCANTA! Deixe sua casa ainda mais charmosa com o Conjunto de Jantar com Tampo em Vidro e 4 Cadeiras Bordadas. \u00c9 o toque de sofistica\u00e7\u00e3o e aconchego que voc\u00ea procurava para transformar o seu espa\u00e7o!<\/p>\n<p>Mesa com tampo de vidro e acabamento moderno 4 cadeiras com encosto bordado e estofado &#8211; visual elegante com muito conforto<\/p>\n<p>Estrutura robusta e design atual &#8211; um verdadeiro destaque na decora\u00e7\u00e3o\u00a0 Ideal para ambientes compactos, sem abrir m\u00e3o do requinte\u00a0 Dimens\u00f5es da<\/p>\n<p>Mesa: Altura: 75cm | Largura: 80cm | Comprimento: 1,20m\u00a0 Dimens\u00f5es das Cadeiras: Altura: 98cm | Largura: 41cm | Profundidade: 53cm<\/p>\n<p>Entrega e montagem GR\u00c1TIS em Bel\u00e9m, Ananindeua e Marituba\u00a0 Compre direto nas lojas ou pelo WhatsApp<\/p>\n","protected":false},"excerpt":{"rendered":"<p>De R$2.699,00<br \/>\nPor apenas 10x de R$199,90 sem juros no cart\u00e3o ou a vista por R$1.999,00<\/p>\n","protected":false},"featured_media":38518,"comment_status":"closed","ping_status":"closed","template":"","meta":[],"product_brand":[],"product_cat":[160],"product_tag":[],"class_list":["post-38524","product","type-product","status-publish","has-post-thumbnail","product_cat-semana-brasil","first","instock","shipping-taxable","product-type-simple"],"_links":{"self":[{"href":"https:\/\/tudomoveisbelem.com.br\/v19\/wp-json\/wp\/v2\/product\/38524","targetHints":{"allow":["GET"]}}],"collection":[{"href":"https:\/\/tudomoveisbelem.com.br\/v19\/wp-json\/wp\/v2\/product"}],"about":[{"href":"https:\/\/tudomoveisbelem.com.br\/v19\/wp-json\/wp\/v2\/types\/product"}],"replies":[{"embeddable":true,"href":"https:\/\/tudomoveisbelem.com.br\/v19\/wp-json\/wp\/v2\/comments?post=38524"}],"version-history":[{"count":1,"href":"https:\/\/tudomoveisbelem.com.br\/v19\/wp-json\/wp\/v2\/product\/38524\/revisions"}],"predecessor-version":[{"id":38525,"href":"https:\/\/tudomoveisbelem.com.br\/v19\/wp-json\/wp\/v2\/product\/38524\/revisions\/38525"}],"wp:featuredmedia":[{"embeddable":true,"href":"https:\/\/tudomoveisbelem.com.br\/v19\/wp-json\/wp\/v2\/media\/38518"}],"wp:attachment":[{"href":"https:\/\/tudomoveisbelem.com.br\/v19\/wp-json\/wp\/v2\/media?parent=38524"}],"wp:term":[{"taxonomy":"product_brand","embeddable":true,"href":"https:\/\/tudomoveisbelem.com.br\/v19\/wp-json\/wp\/v2\/product_brand?post=38524"},{"taxonomy":"product_cat","embeddable":true,"href":"https:\/\/tudomoveisbelem.com.br\/v19\/wp-json\/wp\/v2\/product_cat?post=38524"},{"taxonomy":"product_tag","embeddable":true,"href":"https:\/\/tudomoveisbelem.com.br\/v19\/wp-json\/wp\/v2\/product_tag?post=38524"}],"curies":[{"name":"wp","href":"https:\/\/api.w.org\/{rel}","templated":true}]}}

<p>UMA SALA DE JANTAR COM DESIGN QUE ENCANTA! Deixe sua casa ainda mais charmosa com o Conjunto de Jantar com Tampo em Vidro e 4 Cadeiras Bordadas. É o toque de sofisticação e aconchego que você procurava para transformar o seu espaço!</p>
<p>Mesa com tampo de vidro e acabamento moderno 4 cadeiras com encosto bordado e estofado &#8211; visual elegante com muito conforto</p>
<p>Estrutura robusta e design atual &#8211; um verdadeiro destaque na decoração  Ideal para ambientes compactos, sem abrir mão do requinte  Dimensões da</p>
<p>Mesa: Altura: 75cm | Largura: 80cm | Comprimento: 1,20m  Dimensões das Cadeiras: Altura: 98cm | Largura: 41cm | Profundidade: 53cm</p>
<p>Entrega e montagem GRÁTIS em Belém, Ananindeua e Marituba  Compre direto nas lojas ou pelo WhatsApp</p>

<p>De R$2.699,00<br />
Por apenas 10x de R$199,90 sem juros no cartão ou a vista por R$1.999,00</p>
