{"id":38511,"date":"2026-09-02T17:05:33","date_gmt":"2026-09-02T17:05:33","guid":{"rendered":"https:\/\/tudomoveisbelem.com.br\/v19\/?post_type=product&#038;p=38511"},"modified":"2026-09-02T17:05:33","modified_gmt":"2026-09-02T17:05:33","slug":"separador-de-ambiente-100-mdf","status":"publish","type":"product","link":"https:\/\/tudomoveisbelem.com.br\/v19\/produto\/separador-de-ambiente-100-mdf\/","title":{"rendered":"Separador de Ambiente 100% MDF"},"content":{"rendered":"<p>O Painel de Ilha Nesher 120 CM, \u00e9 uma modulo vers\u00e1til e sofisticado. Adapt\u00e1vel a todos os balc\u00f5es 120 cm das cozinhas moduladas Nesher. Seu uso deixa o ambiente muito mais aconchegante, sofisticado e gourmet. Sua versatilidade valoriza cozinhas loft, apartamentos studio, ambientes de lazer entre tantos outros projetos.<\/p>\n<p>Dimens\u00f5es:<br \/>\nAltura: 100 cm<br \/>\nLargura: 120 cm<br \/>\nProfundidade: 35,5 cm<br \/>\nPeso: 39,8 kg<\/p>\n<p>&nbsp;<\/p>\n","protected":false},"excerpt":{"rendered":"<p>De R$1.199,00<br \/>\nPor apenas 10x de R$69,90 sem juros no cart\u00e3o ou a vista por R$699,00<\/p>\n","protected":false},"featured_media":38514,"comment_status":"closed","ping_status":"closed","template":"","meta":[],"product_brand":[],"product_cat":[160],"product_tag":[],"class_list":["post-38511","product","type-product","status-publish","has-post-thumbnail","product_cat-semana-brasil","first","instock","shipping-taxable","product-type-simple"],"_links":{"self":[{"href":"https:\/\/tudomoveisbelem.com.br\/v19\/wp-json\/wp\/v2\/product\/38511","targetHints":{"allow":["GET"]}}],"collection":[{"href":"https:\/\/tudomoveisbelem.com.br\/v19\/wp-json\/wp\/v2\/product"}],"about":[{"href":"https:\/\/tudomoveisbelem.com.br\/v19\/wp-json\/wp\/v2\/types\/product"}],"replies":[{"embeddable":true,"href":"https:\/\/tudomoveisbelem.com.br\/v19\/wp-json\/wp\/v2\/comments?post=38511"}],"version-history":[{"count":1,"href":"https:\/\/tudomoveisbelem.com.br\/v19\/wp-json\/wp\/v2\/product\/38511\/revisions"}],"predecessor-version":[{"id":38521,"href":"https:\/\/tudomoveisbelem.com.br\/v19\/wp-json\/wp\/v2\/product\/38511\/revisions\/38521"}],"wp:featuredmedia":[{"embeddable":true,"href":"https:\/\/tudomoveisbelem.com.br\/v19\/wp-json\/wp\/v2\/media\/38514"}],"wp:attachment":[{"href":"https:\/\/tudomoveisbelem.com.br\/v19\/wp-json\/wp\/v2\/media?parent=38511"}],"wp:term":[{"taxonomy":"product_brand","embeddable":true,"href":"https:\/\/tudomoveisbelem.com.br\/v19\/wp-json\/wp\/v2\/product_brand?post=38511"},{"taxonomy":"product_cat","embeddable":true,"href":"https:\/\/tudomoveisbelem.com.br\/v19\/wp-json\/wp\/v2\/product_cat?post=38511"},{"taxonomy":"product_tag","embeddable":true,"href":"https:\/\/tudomoveisbelem.com.br\/v19\/wp-json\/wp\/v2\/product_tag?post=38511"}],"curies":[{"name":"wp","href":"https:\/\/api.w.org\/{rel}","templated":true}]}}

<p>O Painel de Ilha Nesher 120 CM, é uma modulo versátil e sofisticado. Adaptável a todos os balcões 120 cm das cozinhas moduladas Nesher. Seu uso deixa o ambiente muito mais aconchegante, sofisticado e gourmet. Sua versatilidade valoriza cozinhas loft, apartamentos studio, ambientes de lazer entre tantos outros projetos.</p>
<p>Dimensões:<br />
Altura: 100 cm<br />
Largura: 120 cm<br />
Profundidade: 35,5 cm<br />
Peso: 39,8 kg</p>
<p>&nbsp;</p>

<p>De R$1.199,00<br />
Por apenas 10x de R$69,90 sem juros no cartão ou a vista por R$699,00</p>
