{"id":38176,"date":"2026-08-13T20:08:20","date_gmt":"2026-08-13T20:08:20","guid":{"rendered":"https:\/\/tudomoveisbelem.com.br\/v19\/?post_type=product&#038;p=38176"},"modified":"2026-08-13T20:08:20","modified_gmt":"2026-08-13T20:08:20","slug":"composicao-a-princesa-duas-pecas-nesher","status":"publish","type":"product","link":"https:\/\/tudomoveisbelem.com.br\/v19\/produto\/composicao-a-princesa-duas-pecas-nesher\/","title":{"rendered":"COMPOSI\u00c7\u00c3O &#8216;A&#8217; &#8211; PRINCESA DUAS PE\u00c7AS  (NESHER)"},"content":{"rendered":"<p>COMPOSI\u00c7\u00c3O PRINCESA &#8220;A&#8221; | 2 PE\u00c7AS | 100% MDF<\/p>\n<p>A escolha ideal para quem busca praticidade, organiza\u00e7\u00e3o e um design moderno para a cozinha. Um conjunto funcional que une beleza, durabilidade e excelente aproveitamento de espa\u00e7o.<\/p>\n<p>Diferenciais:<br \/>\n\u2014 Produzido 100% em MDF \u2014 mais resist\u00eancia e longa durabilidade<br \/>\n\u2014 Design moderno e sofisticado \u2014 combina com diversos estilos de cozinha<br \/>\n\u2014 Balc\u00e3o com 2 portas e 3 gavetas \u2014 organiza\u00e7\u00e3o completa para utens\u00edlios e mantimentos<br \/>\n\u2014 Arm\u00e1rio a\u00e9reo de 2 metros com 2 portas e 1 nicho<br \/>\n\u2014 Amplo espa\u00e7o interno \u2014 tudo no lugar certo para o dia a dia<br \/>\n\u2014 Acabamento premium \u2014 visual elegante e de alto padr\u00e3o<\/p>\n<p>Composi\u00e7\u00e3o do conjunto:<br \/>\n\u2014 1 Arm\u00e1rio A\u00e9reo 2 portas (2,00 m)<br \/>\n\u2014 1 Balc\u00e3o 2 portas com 3 gavetas (1,20 m)<\/p>\n<p>Dimens\u00f5es:<\/p>\n<p>A\u00e9reo:<br \/>\n\u2014 Largura: 2,00 m<br \/>\n\u2014 Altura: 0,76 m<br \/>\n\u2014 Profundidade: 0,32 m<\/p>\n<p>Balc\u00e3o:<br \/>\n\u2014 Largura: 1,20 m<br \/>\n\u2014 Altura: 0,86 m<br \/>\n\u2014 Profundidade: 0,52 m<\/p>\n<p>Por apenas 10x de R$309,80 sem juros no cart\u00e3o ou a vista por R$3.098,00.<\/p>\n","protected":false},"excerpt":{"rendered":"<p>COMPOSI\u00c7\u00c3O PRINCESA &#8220;A&#8221; | 2 PE\u00c7AS | 100% MDF A escolha ideal para quem busca praticidade, organiza\u00e7\u00e3o e um design moderno para a cozinha. Um conjunto funcional que une beleza, durabilidade e excelente aproveitamento de espa\u00e7o. Diferenciais: \u2014 Produzido 100% em MDF \u2014 mais resist\u00eancia e longa durabilidade \u2014 Design moderno e sofisticado \u2014 combina &hellip; <a href=\"https:\/\/tudomoveisbelem.com.br\/v19\/produto\/composicao-a-princesa-duas-pecas-nesher\/\" class=\"more-link\">Continue lendo<span class=\"screen-reader-text\"> &#8220;COMPOSI\u00c7\u00c3O &#8216;A&#8217; &#8211; PRINCESA DUAS PE\u00c7AS  (NESHER)&#8221;<\/span><\/a><\/p>\n","protected":false},"featured_media":38179,"comment_status":"closed","ping_status":"closed","template":"","meta":[],"product_brand":[],"product_cat":[22],"product_tag":[],"class_list":["post-38176","product","type-product","status-publish","has-post-thumbnail","product_cat-moveis","first","instock","shipping-taxable","product-type-simple"],"_links":{"self":[{"href":"https:\/\/tudomoveisbelem.com.br\/v19\/wp-json\/wp\/v2\/product\/38176","targetHints":{"allow":["GET"]}}],"collection":[{"href":"https:\/\/tudomoveisbelem.com.br\/v19\/wp-json\/wp\/v2\/product"}],"about":[{"href":"https:\/\/tudomoveisbelem.com.br\/v19\/wp-json\/wp\/v2\/types\/product"}],"replies":[{"embeddable":true,"href":"https:\/\/tudomoveisbelem.com.br\/v19\/wp-json\/wp\/v2\/comments?post=38176"}],"version-history":[{"count":1,"href":"https:\/\/tudomoveisbelem.com.br\/v19\/wp-json\/wp\/v2\/product\/38176\/revisions"}],"predecessor-version":[{"id":38180,"href":"https:\/\/tudomoveisbelem.com.br\/v19\/wp-json\/wp\/v2\/product\/38176\/revisions\/38180"}],"wp:featuredmedia":[{"embeddable":true,"href":"https:\/\/tudomoveisbelem.com.br\/v19\/wp-json\/wp\/v2\/media\/38179"}],"wp:attachment":[{"href":"https:\/\/tudomoveisbelem.com.br\/v19\/wp-json\/wp\/v2\/media?parent=38176"}],"wp:term":[{"taxonomy":"product_brand","embeddable":true,"href":"https:\/\/tudomoveisbelem.com.br\/v19\/wp-json\/wp\/v2\/product_brand?post=38176"},{"taxonomy":"product_cat","embeddable":true,"href":"https:\/\/tudomoveisbelem.com.br\/v19\/wp-json\/wp\/v2\/product_cat?post=38176"},{"taxonomy":"product_tag","embeddable":true,"href":"https:\/\/tudomoveisbelem.com.br\/v19\/wp-json\/wp\/v2\/product_tag?post=38176"}],"curies":[{"name":"wp","href":"https:\/\/api.w.org\/{rel}","templated":true}]}}

COMPOSIÇÃO &#8216;A&#8217; &#8211; PRINCESA DUAS PEÇAS  (NESHER)

<p>COMPOSIÇÃO PRINCESA &#8220;A&#8221; | 2 PEÇAS | 100% MDF</p>
<p>A escolha ideal para quem busca praticidade, organização e um design moderno para a cozinha. Um conjunto funcional que une beleza, durabilidade e excelente aproveitamento de espaço.</p>
<p>Diferenciais:<br />
— Produzido 100% em MDF — mais resistência e longa durabilidade<br />
— Design moderno e sofisticado — combina com diversos estilos de cozinha<br />
— Balcão com 2 portas e 3 gavetas — organização completa para utensílios e mantimentos<br />
— Armário aéreo de 2 metros com 2 portas e 1 nicho<br />
— Amplo espaço interno — tudo no lugar certo para o dia a dia<br />
— Acabamento premium — visual elegante e de alto padrão</p>
<p>Composição do conjunto:<br />
— 1 Armário Aéreo 2 portas (2,00 m)<br />
— 1 Balcão 2 portas com 3 gavetas (1,20 m)</p>
<p>Dimensões:</p>
<p>Aéreo:<br />
— Largura: 2,00 m<br />
— Altura: 0,76 m<br />
— Profundidade: 0,32 m</p>
<p>Balcão:<br />
— Largura: 1,20 m<br />
— Altura: 0,86 m<br />
— Profundidade: 0,52 m</p>
<p>Por apenas 10x de R$309,80 sem juros no cartão ou a vista por R$3.098,00.</p>

<p>COMPOSIÇÃO PRINCESA &#8220;A&#8221; | 2 PEÇAS | 100% MDF A escolha ideal para quem busca praticidade, organização e um design moderno para a cozinha. Um conjunto funcional que une beleza, durabilidade e excelente aproveitamento de espaço. Diferenciais: — Produzido 100% em MDF — mais resistência e longa durabilidade — Design moderno e sofisticado — combina &hellip; <a href="https://tudomoveisbelem.com.br/v19/produto/composicao-a-princesa-duas-pecas-nesher/" class="more-link">Continue lendo<span class="screen-reader-text"> &#8220;COMPOSIÇÃO &#8216;A&#8217; &#8211; PRINCESA DUAS PEÇAS  (NESHER)&#8221;</span></a></p>
