{"id":37112,"date":"2026-03-19T10:11:15","date_gmt":"2026-03-19T10:11:15","guid":{"rendered":"https:\/\/tudomoveisbelem.com.br\/v19\/?post_type=product&#038;p=37112"},"modified":"2026-03-19T10:11:15","modified_gmt":"2026-03-19T10:11:15","slug":"base-casal-bau-camurca-ortobom-39x188x138-12x-de-r-14158","status":"publish","type":"product","link":"https:\/\/tudomoveisbelem.com.br\/v19\/produto\/base-casal-bau-camurca-ortobom-39x188x138-12x-de-r-14158\/","title":{"rendered":"BASE CASAL BA\u00da CAMURCA (ORTOBOM) (39X188X138) 12x de R$ 141,58"},"content":{"rendered":"<p>PROMO\u00c7\u00c3O<br \/>\nDe R$ 2.100,00<br \/>\nPor 12x de R$ 141,58 sem juros no cart\u00e3o ou \u00e0 vista por R$ 1.699,00.<\/p>\n<p>BASE CASAL BA\u00da CAMURCA (ORTOBOM) (39X188X138)<\/p>\n","protected":false},"excerpt":{"rendered":"<p>PROMO\u00c7\u00c3O De R$ 2.100,00 Por 12x de R$ 141,58 sem juros no cart\u00e3o ou \u00e0 vista por R$ 1.699,00. BASE CASAL BA\u00da CAMURCA (ORTOBOM) (39X188X138)<\/p>\n","protected":false},"featured_media":37113,"comment_status":"closed","ping_status":"closed","template":"","meta":[],"product_brand":[],"product_cat":[39],"product_tag":[],"class_list":{"0":"post-37112","1":"product","2":"type-product","3":"status-publish","4":"has-post-thumbnail","6":"product_cat-camas","8":"first","9":"instock","10":"shipping-taxable","11":"product-type-simple"},"_links":{"self":[{"href":"https:\/\/tudomoveisbelem.com.br\/v19\/wp-json\/wp\/v2\/product\/37112","targetHints":{"allow":["GET"]}}],"collection":[{"href":"https:\/\/tudomoveisbelem.com.br\/v19\/wp-json\/wp\/v2\/product"}],"about":[{"href":"https:\/\/tudomoveisbelem.com.br\/v19\/wp-json\/wp\/v2\/types\/product"}],"replies":[{"embeddable":true,"href":"https:\/\/tudomoveisbelem.com.br\/v19\/wp-json\/wp\/v2\/comments?post=37112"}],"version-history":[{"count":1,"href":"https:\/\/tudomoveisbelem.com.br\/v19\/wp-json\/wp\/v2\/product\/37112\/revisions"}],"predecessor-version":[{"id":37114,"href":"https:\/\/tudomoveisbelem.com.br\/v19\/wp-json\/wp\/v2\/product\/37112\/revisions\/37114"}],"wp:featuredmedia":[{"embeddable":true,"href":"https:\/\/tudomoveisbelem.com.br\/v19\/wp-json\/wp\/v2\/media\/37113"}],"wp:attachment":[{"href":"https:\/\/tudomoveisbelem.com.br\/v19\/wp-json\/wp\/v2\/media?parent=37112"}],"wp:term":[{"taxonomy":"product_brand","embeddable":true,"href":"https:\/\/tudomoveisbelem.com.br\/v19\/wp-json\/wp\/v2\/product_brand?post=37112"},{"taxonomy":"product_cat","embeddable":true,"href":"https:\/\/tudomoveisbelem.com.br\/v19\/wp-json\/wp\/v2\/product_cat?post=37112"},{"taxonomy":"product_tag","embeddable":true,"href":"https:\/\/tudomoveisbelem.com.br\/v19\/wp-json\/wp\/v2\/product_tag?post=37112"}],"curies":[{"name":"wp","href":"https:\/\/api.w.org\/{rel}","templated":true}]}}