{"id":36309,"date":"2025-12-04T16:53:01","date_gmt":"2025-12-04T16:53:01","guid":{"rendered":"https:\/\/tudomoveisbelem.com.br\/v19\/?post_type=product&#038;p=36309"},"modified":"2025-12-04T16:53:01","modified_gmt":"2025-12-04T16:53:01","slug":"mesa-de-cabeceira-3-gavetas-com-corredicas-telescopicas","status":"publish","type":"product","link":"https:\/\/tudomoveisbelem.com.br\/v19\/produto\/mesa-de-cabeceira-3-gavetas-com-corredicas-telescopicas\/","title":{"rendered":"Mesa de Cabeceira 3 Gavetas com Corredi\u00e7as Telesc\u00f3picas."},"content":{"rendered":"<p>\ud83d\udd25 LAN\u00c7AMENTO EXCLUSIVO \u2013 MESA DE CABECEIRA 3 GAVETAS COM CORREDI\u00c7AS TELESC\u00d3PICAS \ud83d\udd25<\/p>\n<p>Funcionalidade e design moderno para elevar o quarto a outro n\u00edvel! Um m\u00f3vel compacto, elegante e superpr\u00e1tico para o seu dia a dia. \u2728\ud83d\udecf\ufe0f<\/p>\n<p>\ud83c\udf1f Diferenciais que encantam:<br \/>\n\u2714\ufe0f 3 gavetas com corredi\u00e7as telesc\u00f3picas \u2014 abertura suave e durabilidade refor\u00e7ada<br \/>\n\u2714\ufe0f Puxadores em MDF \u2014 acabamento elegante e resistente<br \/>\n\u2714\ufe0f Com p\u00e9s \u2014 visual leve e sofisticado<\/p>\n<p>\ud83d\udccf Dimens\u00f5es:<br \/>\nAltura: 620 mm<br \/>\nLargura: 460 mm<br \/>\nProfundidade: 380 mm<\/p>\n<p>\ud83d\udcb0 Por apenas <span style=\"color: #ff0000;\"><strong>12x de R$ 49,92<\/strong> <\/span>sem juros<\/p>\n<p>\ud83d\ude9a\u2728 Entrega e montagem no mesmo dia \u2014 100% gr\u00e1tis!<\/p>\n<p>\u26a1 Beleza, organiza\u00e7\u00e3o e praticidade em um s\u00f3 m\u00f3vel \u2014 perfeito para o seu quarto!<\/p>\n","protected":false},"excerpt":{"rendered":"<p>\ud83d\udd25 LAN\u00c7AMENTO EXCLUSIVO \u2013 MESA DE CABECEIRA 3 GAVETAS COM CORREDI\u00c7AS TELESC\u00d3PICAS \ud83d\udd25 Funcionalidade e design moderno para elevar o quarto a outro n\u00edvel! Um m\u00f3vel compacto, elegante e superpr\u00e1tico para o seu dia a dia. \u2728\ud83d\udecf\ufe0f \ud83c\udf1f Diferenciais que encantam: \u2714\ufe0f 3 gavetas com corredi\u00e7as telesc\u00f3picas \u2014 abertura suave e durabilidade refor\u00e7ada \u2714\ufe0f Puxadores &hellip; <a href=\"https:\/\/tudomoveisbelem.com.br\/v19\/produto\/mesa-de-cabeceira-3-gavetas-com-corredicas-telescopicas\/\" class=\"more-link\">Continue lendo<span class=\"screen-reader-text\"> &#8220;Mesa de Cabeceira 3 Gavetas com Corredi\u00e7as Telesc\u00f3picas.&#8221;<\/span><\/a><\/p>\n","protected":false},"featured_media":36310,"comment_status":"closed","ping_status":"closed","template":"","meta":[],"product_brand":[],"product_cat":[75,42,156,82],"product_tag":[],"class_list":{"0":"post-36309","1":"product","2":"type-product","3":"status-publish","4":"has-post-thumbnail","6":"product_cat-mesa-de-cabeceira","7":"product_cat-moveis-de-quarto","8":"product_cat-new-colection","9":"product_cat-tudo-de-quarto","11":"first","12":"instock","13":"shipping-taxable","14":"product-type-simple"},"_links":{"self":[{"href":"https:\/\/tudomoveisbelem.com.br\/v19\/wp-json\/wp\/v2\/product\/36309","targetHints":{"allow":["GET"]}}],"collection":[{"href":"https:\/\/tudomoveisbelem.com.br\/v19\/wp-json\/wp\/v2\/product"}],"about":[{"href":"https:\/\/tudomoveisbelem.com.br\/v19\/wp-json\/wp\/v2\/types\/product"}],"replies":[{"embeddable":true,"href":"https:\/\/tudomoveisbelem.com.br\/v19\/wp-json\/wp\/v2\/comments?post=36309"}],"version-history":[{"count":1,"href":"https:\/\/tudomoveisbelem.com.br\/v19\/wp-json\/wp\/v2\/product\/36309\/revisions"}],"predecessor-version":[{"id":36314,"href":"https:\/\/tudomoveisbelem.com.br\/v19\/wp-json\/wp\/v2\/product\/36309\/revisions\/36314"}],"wp:featuredmedia":[{"embeddable":true,"href":"https:\/\/tudomoveisbelem.com.br\/v19\/wp-json\/wp\/v2\/media\/36310"}],"wp:attachment":[{"href":"https:\/\/tudomoveisbelem.com.br\/v19\/wp-json\/wp\/v2\/media?parent=36309"}],"wp:term":[{"taxonomy":"product_brand","embeddable":true,"href":"https:\/\/tudomoveisbelem.com.br\/v19\/wp-json\/wp\/v2\/product_brand?post=36309"},{"taxonomy":"product_cat","embeddable":true,"href":"https:\/\/tudomoveisbelem.com.br\/v19\/wp-json\/wp\/v2\/product_cat?post=36309"},{"taxonomy":"product_tag","embeddable":true,"href":"https:\/\/tudomoveisbelem.com.br\/v19\/wp-json\/wp\/v2\/product_tag?post=36309"}],"curies":[{"name":"wp","href":"https:\/\/api.w.org\/{rel}","templated":true}]}}