{"id":36266,"date":"2025-12-01T18:22:22","date_gmt":"2025-12-01T18:22:22","guid":{"rendered":"https:\/\/tudomoveisbelem.com.br\/v19\/?post_type=product&#038;p=36266"},"modified":"2026-03-30T16:16:00","modified_gmt":"2026-03-30T16:16:00","slug":"sofa-retratil-e-reclinavel-com-2-almofadas-de-brinde","status":"publish","type":"product","link":"https:\/\/tudomoveisbelem.com.br\/v19\/produto\/sofa-retratil-e-reclinavel-com-2-almofadas-de-brinde\/","title":{"rendered":"Sof\u00e1 Retr\u00e1til e Reclin\u00e1vel com 2 Almofadas de Brinde 12x de R$316,58."},"content":{"rendered":"<p>\ud83d\udea8\u2728SOF\u00c1 RETR\u00c1TIL E RECLIN\u00c1VEL COM 2 ALMOFADAS DE BRINDE! \u2728\ud83d\udea8<\/p>\n<p>O conforto que voc\u00ea merece chegou com tudo! Um sof\u00e1 robusto, elegante e pensado para transformar seus momentos de descanso em pura comodidade. Perfeito para quem quer beleza, funcionalidade e aquele toque premium na sala. \ud83d\udecb\ufe0f\ud83d\udd25<\/p>\n<p>\ud83c\udf1f Diferenciais do Lan\u00e7amento:<br \/>\n\u2714\ufe0f Pillowtop nos assentos \u2013 maciez que surpreende<br \/>\n\u2714\ufe0f Porta-revista integrado \u2013 organiza\u00e7\u00e3o sempre \u00e0 m\u00e3o<br \/>\n\u2714\ufe0f Retr\u00e1til e reclin\u00e1vel \u2013 conforto sob medida<br \/>\n\u2714\ufe0f 3 lugares \u2013 ideal para salas compactas ou m\u00e9dias<br \/>\n\u2714\ufe0f Encosto e assento em fibra siliconada \u2013 conforto leve e dur\u00e1vel<br \/>\n\u2714\ufe0f 2 almofadas rolete de brinde \u2013 charme extra incluso<br \/>\n\u2714\ufe0f Rodinhas de silicone \u2013 f\u00e1cil de mover sem arranhar o piso<\/p>\n<p>\ud83d\udccf Dimens\u00f5es:<br \/>\n\u2022 Largura: 2 m<br \/>\n\u2022 Altura: 1,00 m<br \/>\n\u2022 Profundidade: 1,50 m<\/p>\n<p>\ud83d\udcb0 De<del> R$ 4.700,00<\/del><br \/>\n\ud83d\udd25 Por apenas<strong><span style=\"color: #ff0000;\"> 12x de R$316,58 <\/span><\/strong>sem juros<br \/>\n\ud83d\udcb3 Ou \u00e0 vista por R$ 3.799,00<\/p>\n<p>\u2728sua sala merece essa experi\u00eancia!<\/p>\n","protected":false},"excerpt":{"rendered":"<p>\ud83d\udea8\u2728SOF\u00c1 RETR\u00c1TIL E RECLIN\u00c1VEL COM 2 ALMOFADAS DE BRINDE! \u2728\ud83d\udea8 O conforto que voc\u00ea merece chegou com tudo! Um sof\u00e1 robusto, elegante e pensado para transformar seus momentos de descanso em pura comodidade. Perfeito para quem quer beleza, funcionalidade e aquele toque premium na sala. \ud83d\udecb\ufe0f\ud83d\udd25 \ud83c\udf1f Diferenciais do Lan\u00e7amento: \u2714\ufe0f Pillowtop nos assentos \u2013 &hellip; <a href=\"https:\/\/tudomoveisbelem.com.br\/v19\/produto\/sofa-retratil-e-reclinavel-com-2-almofadas-de-brinde\/\" class=\"more-link\">Continue lendo<span class=\"screen-reader-text\"> &#8220;Sof\u00e1 Retr\u00e1til e Reclin\u00e1vel com 2 Almofadas de Brinde 12x de R$316,58.&#8221;<\/span><\/a><\/p>\n","protected":false},"featured_media":36272,"comment_status":"closed","ping_status":"closed","template":"","meta":[],"product_brand":[],"product_cat":[156,30],"product_tag":[],"class_list":{"0":"post-36266","1":"product","2":"type-product","3":"status-publish","4":"has-post-thumbnail","6":"product_cat-new-colection","7":"product_cat-sofas","9":"first","10":"instock","11":"shipping-taxable","12":"product-type-simple"},"_links":{"self":[{"href":"https:\/\/tudomoveisbelem.com.br\/v19\/wp-json\/wp\/v2\/product\/36266","targetHints":{"allow":["GET"]}}],"collection":[{"href":"https:\/\/tudomoveisbelem.com.br\/v19\/wp-json\/wp\/v2\/product"}],"about":[{"href":"https:\/\/tudomoveisbelem.com.br\/v19\/wp-json\/wp\/v2\/types\/product"}],"replies":[{"embeddable":true,"href":"https:\/\/tudomoveisbelem.com.br\/v19\/wp-json\/wp\/v2\/comments?post=36266"}],"version-history":[{"count":4,"href":"https:\/\/tudomoveisbelem.com.br\/v19\/wp-json\/wp\/v2\/product\/36266\/revisions"}],"predecessor-version":[{"id":37152,"href":"https:\/\/tudomoveisbelem.com.br\/v19\/wp-json\/wp\/v2\/product\/36266\/revisions\/37152"}],"wp:featuredmedia":[{"embeddable":true,"href":"https:\/\/tudomoveisbelem.com.br\/v19\/wp-json\/wp\/v2\/media\/36272"}],"wp:attachment":[{"href":"https:\/\/tudomoveisbelem.com.br\/v19\/wp-json\/wp\/v2\/media?parent=36266"}],"wp:term":[{"taxonomy":"product_brand","embeddable":true,"href":"https:\/\/tudomoveisbelem.com.br\/v19\/wp-json\/wp\/v2\/product_brand?post=36266"},{"taxonomy":"product_cat","embeddable":true,"href":"https:\/\/tudomoveisbelem.com.br\/v19\/wp-json\/wp\/v2\/product_cat?post=36266"},{"taxonomy":"product_tag","embeddable":true,"href":"https:\/\/tudomoveisbelem.com.br\/v19\/wp-json\/wp\/v2\/product_tag?post=36266"}],"curies":[{"name":"wp","href":"https:\/\/api.w.org\/{rel}","templated":true}]}}