{"id":36156,"date":"2025-11-27T17:27:46","date_gmt":"2025-11-27T17:27:46","guid":{"rendered":"https:\/\/tudomoveisbelem.com.br\/v19\/?post_type=product&#038;p=36156"},"modified":"2026-03-09T15:44:19","modified_gmt":"2026-03-09T15:44:19","slug":"roupeiro-casal-6-portas100-mdf","status":"publish","type":"product","link":"https:\/\/tudomoveisbelem.com.br\/v19\/produto\/roupeiro-casal-6-portas100-mdf\/","title":{"rendered":"Roupeiro Casal 6 Portas100% MDF."},"content":{"rendered":"<p>ROUPEIRO CASAL 6 PORTAS (100% MDF)<\/p>\n<p>Mais espa\u00e7o, mais organiza\u00e7\u00e3o e muito mais eleg\u00e2ncia no quarto! Um roupeiro completo, feito 100% em MDF, com estrutura refor\u00e7ada e divis\u00e3o inteligente para manter tudo no lugar.<\/p>\n<p>Diferenciais que valorizam seu espa\u00e7o:<br \/>\nCabideiro interno \u2013 ideal para pe\u00e7as delicadas e camisas<br \/>\n100% MDF \u2013 resist\u00eancia e acabamento premium<br \/>\n3 gavetas externas amplas \u2013 praticidade no dia a dia<br \/>\n6 portas de abrir \u2013 organiza\u00e7\u00e3o com f\u00e1cil acesso<br \/>\nEspa\u00e7o para roupas longas \u2013 perfeito para vestidos e casacos<br \/>\nNichos internos \u2013 compartimentos \u00fateis para tudo<br \/>\nCorredi\u00e7as telesc\u00f3picas \u2013 abertura suave e silenciosa<\/p>\n<p>DIMENS\u00d5ES:<br \/>\nAltura 2,20 m<br \/>\nLargura: 2,20 m<br \/>\nProfundidade: 45 cm<\/p>\n<p>POR APENAS:<br \/>\n<span style=\"color: #ff0000;\"><strong>12x de R$ 233,25<\/strong> <\/span>sem juros<br \/>\nou R$ 2.799,00 \u00e0 vista<\/p>\n<p>Entrega + montagem NO MESMO DIA \u2022 100% GR\u00c1TIS!<\/p>\n<p>Organiza\u00e7\u00e3o, eleg\u00e2ncia e qualidade para transformar seu quarto!<\/p>\n","protected":false},"excerpt":{"rendered":"<p>ROUPEIRO CASAL 6 PORTAS (100% MDF) Mais espa\u00e7o, mais organiza\u00e7\u00e3o e muito mais eleg\u00e2ncia no quarto! Um roupeiro completo, feito 100% em MDF, com estrutura refor\u00e7ada e divis\u00e3o inteligente para manter tudo no lugar. Diferenciais que valorizam seu espa\u00e7o: Cabideiro interno \u2013 ideal para pe\u00e7as delicadas e camisas 100% MDF \u2013 resist\u00eancia e acabamento premium &hellip; <a href=\"https:\/\/tudomoveisbelem.com.br\/v19\/produto\/roupeiro-casal-6-portas100-mdf\/\" class=\"more-link\">Continue lendo<span class=\"screen-reader-text\"> &#8220;Roupeiro Casal 6 Portas100% MDF.&#8221;<\/span><\/a><\/p>\n","protected":false},"featured_media":36157,"comment_status":"closed","ping_status":"closed","template":"","meta":[],"product_brand":[],"product_cat":[42,156,41,82],"product_tag":[],"class_list":{"0":"post-36156","1":"product","2":"type-product","3":"status-publish","4":"has-post-thumbnail","6":"product_cat-moveis-de-quarto","7":"product_cat-new-colection","8":"product_cat-roupeiros","9":"product_cat-tudo-de-quarto","11":"first","12":"instock","13":"shipping-taxable","14":"product-type-simple"},"_links":{"self":[{"href":"https:\/\/tudomoveisbelem.com.br\/v19\/wp-json\/wp\/v2\/product\/36156","targetHints":{"allow":["GET"]}}],"collection":[{"href":"https:\/\/tudomoveisbelem.com.br\/v19\/wp-json\/wp\/v2\/product"}],"about":[{"href":"https:\/\/tudomoveisbelem.com.br\/v19\/wp-json\/wp\/v2\/types\/product"}],"replies":[{"embeddable":true,"href":"https:\/\/tudomoveisbelem.com.br\/v19\/wp-json\/wp\/v2\/comments?post=36156"}],"version-history":[{"count":3,"href":"https:\/\/tudomoveisbelem.com.br\/v19\/wp-json\/wp\/v2\/product\/36156\/revisions"}],"predecessor-version":[{"id":36917,"href":"https:\/\/tudomoveisbelem.com.br\/v19\/wp-json\/wp\/v2\/product\/36156\/revisions\/36917"}],"wp:featuredmedia":[{"embeddable":true,"href":"https:\/\/tudomoveisbelem.com.br\/v19\/wp-json\/wp\/v2\/media\/36157"}],"wp:attachment":[{"href":"https:\/\/tudomoveisbelem.com.br\/v19\/wp-json\/wp\/v2\/media?parent=36156"}],"wp:term":[{"taxonomy":"product_brand","embeddable":true,"href":"https:\/\/tudomoveisbelem.com.br\/v19\/wp-json\/wp\/v2\/product_brand?post=36156"},{"taxonomy":"product_cat","embeddable":true,"href":"https:\/\/tudomoveisbelem.com.br\/v19\/wp-json\/wp\/v2\/product_cat?post=36156"},{"taxonomy":"product_tag","embeddable":true,"href":"https:\/\/tudomoveisbelem.com.br\/v19\/wp-json\/wp\/v2\/product_tag?post=36156"}],"curies":[{"name":"wp","href":"https:\/\/api.w.org\/{rel}","templated":true}]}}