{"id":36114,"date":"2025-11-25T15:14:57","date_gmt":"2025-11-25T15:14:57","guid":{"rendered":"https:\/\/tudomoveisbelem.com.br\/v19\/?post_type=product&#038;p=36114"},"modified":"2026-03-30T16:09:22","modified_gmt":"2026-03-30T16:09:22","slug":"sofa-de-canto-retratil-reclinavel","status":"publish","type":"product","link":"https:\/\/tudomoveisbelem.com.br\/v19\/produto\/sofa-de-canto-retratil-reclinavel\/","title":{"rendered":"Sof\u00e1 de Canto Retr\u00e1til Reclin\u00e1vel 10x de R$ 789,99."},"content":{"rendered":"<p>\ud83d\udd25 LAN\u00c7AMENTO EXCLUSIVO \u2013 SOF\u00c1 DE CANTO RETR\u00c1TIL E RECLIN\u00c1VEL (5 lugares)<\/p>\n<p>O conforto que transforma a sala em um verdadeiro ref\u00fagio! Sof\u00e1 de canto com chaise, pensado para quem exige beleza, resist\u00eancia e um toque extremamente aconchegante. \ud83d\udecb\ufe0f\u2728<\/p>\n<p>\ud83c\udf1f Diferenciais que impressionam:<br \/>\n\u2714\ufe0f Retr\u00e1til e reclin\u00e1vel \u2014 ajuste perfeito para relaxar do seu jeito<br \/>\n\u2714\ufe0f Chaise amplo + 5 lugares \u2014 espa\u00e7o de sobra para fam\u00edlia e amigos<br \/>\n\u2714\ufe0f Pillow Top no assento com espuma D-26 Soft \u2014 camada extra de espuma para maciez absoluta<br \/>\n\u2714\ufe0f Molas Bonnel no assento \u2014 suporte firme, mantendo o conforto por muito mais tempo<br \/>\n\u2714\ufe0f Encosto e assento com fibra siliconada \u2014 suavidade que abra\u00e7a de verdade \ud83d\ude0c<br \/>\n\u2714\ufe0f Acabamento premium \u2014 ideal para salas modernas e sofisticadas<\/p>\n<p>\ud83d\udccf DIMENS\u00d5ES:<br \/>\nAltura: 1,12 m<br \/>\nLargura total: 2,28m x 2,15m<\/p>\n<p>\ud83d\udcb0 De <del>R$ 9.700,00<\/del><br \/>\n\u27a1\ufe0f Por apenas <span style=\"color: #ff0000;\"><strong>10x de R$ 789,99<\/strong><\/span> sem juros<br \/>\nou \u00e0 vista no PIX\/Cart\u00e3o<\/p>\n<p>\ud83d\ude9a\ud83d\udca8 Entrega + montagem NO MESMO DIA \u2022 100% GR\u00c1TIS!<\/p>\n<p>\u2728 Prepare-se para o verdadeiro significado de conforto!<\/p>\n","protected":false},"excerpt":{"rendered":"<p>\ud83d\udd25 LAN\u00c7AMENTO EXCLUSIVO \u2013 SOF\u00c1 DE CANTO RETR\u00c1TIL E RECLIN\u00c1VEL (5 lugares) O conforto que transforma a sala em um verdadeiro ref\u00fagio! Sof\u00e1 de canto com chaise, pensado para quem exige beleza, resist\u00eancia e um toque extremamente aconchegante. \ud83d\udecb\ufe0f\u2728 \ud83c\udf1f Diferenciais que impressionam: \u2714\ufe0f Retr\u00e1til e reclin\u00e1vel \u2014 ajuste perfeito para relaxar do seu jeito &hellip; <a href=\"https:\/\/tudomoveisbelem.com.br\/v19\/produto\/sofa-de-canto-retratil-reclinavel\/\" class=\"more-link\">Continue lendo<span class=\"screen-reader-text\"> &#8220;Sof\u00e1 de Canto Retr\u00e1til Reclin\u00e1vel 10x de R$ 789,99.&#8221;<\/span><\/a><\/p>\n","protected":false},"featured_media":36115,"comment_status":"closed","ping_status":"closed","template":"","meta":[],"product_brand":[],"product_cat":[156,30],"product_tag":[],"class_list":{"0":"post-36114","1":"product","2":"type-product","3":"status-publish","4":"has-post-thumbnail","6":"product_cat-new-colection","7":"product_cat-sofas","9":"first","10":"instock","11":"shipping-taxable","12":"product-type-simple"},"_links":{"self":[{"href":"https:\/\/tudomoveisbelem.com.br\/v19\/wp-json\/wp\/v2\/product\/36114","targetHints":{"allow":["GET"]}}],"collection":[{"href":"https:\/\/tudomoveisbelem.com.br\/v19\/wp-json\/wp\/v2\/product"}],"about":[{"href":"https:\/\/tudomoveisbelem.com.br\/v19\/wp-json\/wp\/v2\/types\/product"}],"replies":[{"embeddable":true,"href":"https:\/\/tudomoveisbelem.com.br\/v19\/wp-json\/wp\/v2\/comments?post=36114"}],"version-history":[{"count":4,"href":"https:\/\/tudomoveisbelem.com.br\/v19\/wp-json\/wp\/v2\/product\/36114\/revisions"}],"predecessor-version":[{"id":37143,"href":"https:\/\/tudomoveisbelem.com.br\/v19\/wp-json\/wp\/v2\/product\/36114\/revisions\/37143"}],"wp:featuredmedia":[{"embeddable":true,"href":"https:\/\/tudomoveisbelem.com.br\/v19\/wp-json\/wp\/v2\/media\/36115"}],"wp:attachment":[{"href":"https:\/\/tudomoveisbelem.com.br\/v19\/wp-json\/wp\/v2\/media?parent=36114"}],"wp:term":[{"taxonomy":"product_brand","embeddable":true,"href":"https:\/\/tudomoveisbelem.com.br\/v19\/wp-json\/wp\/v2\/product_brand?post=36114"},{"taxonomy":"product_cat","embeddable":true,"href":"https:\/\/tudomoveisbelem.com.br\/v19\/wp-json\/wp\/v2\/product_cat?post=36114"},{"taxonomy":"product_tag","embeddable":true,"href":"https:\/\/tudomoveisbelem.com.br\/v19\/wp-json\/wp\/v2\/product_tag?post=36114"}],"curies":[{"name":"wp","href":"https:\/\/api.w.org\/{rel}","templated":true}]}}