{"id":36056,"date":"2025-11-20T19:20:59","date_gmt":"2025-11-20T19:20:59","guid":{"rendered":"https:\/\/tudomoveisbelem.com.br\/v19\/?post_type=product&#038;p=36056"},"modified":"2025-11-25T15:26:33","modified_gmt":"2025-11-25T15:26:33","slug":"mesa-de-cbeceira-100mdf-com-tela-sintetica","status":"publish","type":"product","link":"https:\/\/tudomoveisbelem.com.br\/v19\/produto\/mesa-de-cbeceira-100mdf-com-tela-sintetica\/","title":{"rendered":"Mesa de Cbeceira 100%MDF  com Tela Sint\u00e9tica."},"content":{"rendered":"<p>\ud83d\udd25 LAN\u00c7AMENTO EXCLUSIVO TUDO M\u00d3VEIS!<br \/>\nA nova Mesa de Cabeceira 100% MDF com Tela Sint\u00e9tica chegou para transformar o seu quarto com estilo, funcionalidade e acabamento premium! \ud83d\udecf\ufe0f\u2728<\/p>\n<p>\ud83c\udf1f Diferenciais que encantam:<br \/>\n\u2714\ufe0f 1 gaveta com corredi\u00e7a telesc\u00f3pica \u2014 abertura suave e dur\u00e1vel<br \/>\n\u2714\ufe0f Tela sint\u00e9tica com design moderno e elegante<br \/>\n\u2714\ufe0f Nicho funcional para organiza\u00e7\u00e3o inteligente<br \/>\n\u2714\ufe0f P\u00e9s palito em madeira Pinus \u2014 toque retr\u00f4 sofisticado<br \/>\n\u2714\ufe0f 100% MDF \u2014 resist\u00eancia e padr\u00e3o de alto acabamento<\/p>\n<p>\ud83d\udccf Dimens\u00f5es:<br \/>\nAltura: 65cm | Largura: 50cm | Profundidade: 37cm<\/p>\n<p>\ud83d\udcb0 Por apenas<span style=\"color: #ff0000;\"><strong> 10x de R$79,90<\/strong><\/span> sem juros<br \/>\nou R$799,00 \u00e0 vista<\/p>\n<p>\ud83d\ude9a\ud83d\udca8 Entrega + montagem NO MESMO DIA \u2022 100% GR\u00c1TIS!<\/p>\n<p>\u2728 Beleza, qualidade e exclusividade para o seu lar.<\/p>\n","protected":false},"excerpt":{"rendered":"<p>\ud83d\udd25 LAN\u00c7AMENTO EXCLUSIVO TUDO M\u00d3VEIS! A nova Mesa de Cabeceira 100% MDF com Tela Sint\u00e9tica chegou para transformar o seu quarto com estilo, funcionalidade e acabamento premium! \ud83d\udecf\ufe0f\u2728 \ud83c\udf1f Diferenciais que encantam: \u2714\ufe0f 1 gaveta com corredi\u00e7a telesc\u00f3pica \u2014 abertura suave e dur\u00e1vel \u2714\ufe0f Tela sint\u00e9tica com design moderno e elegante \u2714\ufe0f Nicho funcional para &hellip; <a href=\"https:\/\/tudomoveisbelem.com.br\/v19\/produto\/mesa-de-cbeceira-100mdf-com-tela-sintetica\/\" class=\"more-link\">Continue lendo<span class=\"screen-reader-text\"> &#8220;Mesa de Cbeceira 100%MDF  com Tela Sint\u00e9tica.&#8221;<\/span><\/a><\/p>\n","protected":false},"featured_media":36059,"comment_status":"closed","ping_status":"closed","template":"","meta":[],"product_brand":[],"product_cat":[75,42,23,156,82],"product_tag":[],"class_list":{"0":"post-36056","1":"product","2":"type-product","3":"status-publish","4":"has-post-thumbnail","6":"product_cat-mesa-de-cabeceira","7":"product_cat-moveis-de-quarto","8":"product_cat-colchoes","9":"product_cat-new-colection","10":"product_cat-tudo-de-quarto","12":"first","13":"instock","14":"shipping-taxable","15":"product-type-simple"},"_links":{"self":[{"href":"https:\/\/tudomoveisbelem.com.br\/v19\/wp-json\/wp\/v2\/product\/36056","targetHints":{"allow":["GET"]}}],"collection":[{"href":"https:\/\/tudomoveisbelem.com.br\/v19\/wp-json\/wp\/v2\/product"}],"about":[{"href":"https:\/\/tudomoveisbelem.com.br\/v19\/wp-json\/wp\/v2\/types\/product"}],"replies":[{"embeddable":true,"href":"https:\/\/tudomoveisbelem.com.br\/v19\/wp-json\/wp\/v2\/comments?post=36056"}],"version-history":[{"count":1,"href":"https:\/\/tudomoveisbelem.com.br\/v19\/wp-json\/wp\/v2\/product\/36056\/revisions"}],"predecessor-version":[{"id":36060,"href":"https:\/\/tudomoveisbelem.com.br\/v19\/wp-json\/wp\/v2\/product\/36056\/revisions\/36060"}],"wp:featuredmedia":[{"embeddable":true,"href":"https:\/\/tudomoveisbelem.com.br\/v19\/wp-json\/wp\/v2\/media\/36059"}],"wp:attachment":[{"href":"https:\/\/tudomoveisbelem.com.br\/v19\/wp-json\/wp\/v2\/media?parent=36056"}],"wp:term":[{"taxonomy":"product_brand","embeddable":true,"href":"https:\/\/tudomoveisbelem.com.br\/v19\/wp-json\/wp\/v2\/product_brand?post=36056"},{"taxonomy":"product_cat","embeddable":true,"href":"https:\/\/tudomoveisbelem.com.br\/v19\/wp-json\/wp\/v2\/product_cat?post=36056"},{"taxonomy":"product_tag","embeddable":true,"href":"https:\/\/tudomoveisbelem.com.br\/v19\/wp-json\/wp\/v2\/product_tag?post=36056"}],"curies":[{"name":"wp","href":"https:\/\/api.w.org\/{rel}","templated":true}]}}