{"id":35846,"date":"2025-11-12T13:23:43","date_gmt":"2025-11-12T13:23:43","guid":{"rendered":"https:\/\/tudomoveisbelem.com.br\/v19\/?post_type=product&#038;p=35846"},"modified":"2025-11-12T13:23:43","modified_gmt":"2025-11-12T13:23:43","slug":"cozinha-completa-7-pecas-2","status":"publish","type":"product","link":"https:\/\/tudomoveisbelem.com.br\/v19\/produto\/cozinha-completa-7-pecas-2\/","title":{"rendered":"Cozinha Completa &#8211; 7 PE\u00c7AS."},"content":{"rendered":"<p>\u2728 COZINHA COMPLETA 7 PE\u00c7AS \u2013 LINHA NEW COLLECTION \ud83d\udc8e<\/p>\n<p>Transforme sua cozinha com eleg\u00e2ncia, inova\u00e7\u00e3o e praticidade em cada detalhe! \ud83d\ude0d<\/p>\n<p>\ud83c\udf1f Destaques que encantam:<br \/>\n\u2714\ufe0f Dobradi\u00e7as com amortecedor \u2013 fechamento suave e silencioso \ud83d\udeaa<br \/>\n\u2714\ufe0f Corredi\u00e7as telesc\u00f3picas met\u00e1licas \u2013 abertura perfeita e dur\u00e1vel \ud83d\udd27<br \/>\n\u2714\ufe0f Suporte a g\u00e1s \u2013 praticidade e seguran\u00e7a no dia a dia \ud83d\udd25<br \/>\n\u2714\ufe0f P\u00e9s regul\u00e1veis \u2013 estabilidade e f\u00e1cil nivelamento \ud83d\udc63<br \/>\n\u2714\ufe0f Pintura UV de alta qualidade \u2013 acabamento resistente e sofisticado \u2728<\/p>\n<p>\ud83d\udccf Dimens\u00f5es:<br \/>\nAltura: 2,22 m | Largura: 2,80 m | Profundidade: 53,3 cm<\/p>\n<p>\ud83d\udcb3 Condi\u00e7\u00f5es especiais:<br \/>\n\ud83d\udc49 <span class=\"selectable-text copyable-text xkrh14z\"><span style=\"color: #ff0000;\"><strong>R$3.799,00<\/strong><\/span> ou 10x sem juros de <span style=\"color: #ff0000;\"><strong>R$379,90<\/strong><\/span><\/span><\/p>\n<p>\ud83d\ude9a Entrega e montagem 100% gr\u00e1tis e no mesmo dia para Bel\u00e9m, Ananindeua e Marituba!<br \/>\n\ud83d\uded2 Compre em nossas lojas f\u00edsicas ou pelo WhatsApp, com pagamento no ato da entrega.<br \/>\n\ud83d\udd12 Produto novo, direto da Tudo M\u00f3veis, com garantia do fabricante.<\/p>\n<p>\ud83d\udc8e Linha New Collection \u2013 sofistica\u00e7\u00e3o e funcionalidade que transformam seu lar.<\/p>\n","protected":false},"excerpt":{"rendered":"<p>\u2728 COZINHA COMPLETA 7 PE\u00c7AS \u2013 LINHA NEW COLLECTION \ud83d\udc8e Transforme sua cozinha com eleg\u00e2ncia, inova\u00e7\u00e3o e praticidade em cada detalhe! \ud83d\ude0d \ud83c\udf1f Destaques que encantam: \u2714\ufe0f Dobradi\u00e7as com amortecedor \u2013 fechamento suave e silencioso \ud83d\udeaa \u2714\ufe0f Corredi\u00e7as telesc\u00f3picas met\u00e1licas \u2013 abertura perfeita e dur\u00e1vel \ud83d\udd27 \u2714\ufe0f Suporte a g\u00e1s \u2013 praticidade e seguran\u00e7a no &hellip; <a href=\"https:\/\/tudomoveisbelem.com.br\/v19\/produto\/cozinha-completa-7-pecas-2\/\" class=\"more-link\">Continue lendo<span class=\"screen-reader-text\"> &#8220;Cozinha Completa &#8211; 7 PE\u00c7AS.&#8221;<\/span><\/a><\/p>\n","protected":false},"featured_media":35847,"comment_status":"closed","ping_status":"closed","template":"","meta":[],"product_brand":[],"product_cat":[156],"product_tag":[],"class_list":{"0":"post-35846","1":"product","2":"type-product","3":"status-publish","4":"has-post-thumbnail","6":"product_cat-new-colection","8":"first","9":"instock","10":"shipping-taxable","11":"product-type-simple"},"_links":{"self":[{"href":"https:\/\/tudomoveisbelem.com.br\/v19\/wp-json\/wp\/v2\/product\/35846","targetHints":{"allow":["GET"]}}],"collection":[{"href":"https:\/\/tudomoveisbelem.com.br\/v19\/wp-json\/wp\/v2\/product"}],"about":[{"href":"https:\/\/tudomoveisbelem.com.br\/v19\/wp-json\/wp\/v2\/types\/product"}],"replies":[{"embeddable":true,"href":"https:\/\/tudomoveisbelem.com.br\/v19\/wp-json\/wp\/v2\/comments?post=35846"}],"version-history":[{"count":2,"href":"https:\/\/tudomoveisbelem.com.br\/v19\/wp-json\/wp\/v2\/product\/35846\/revisions"}],"predecessor-version":[{"id":35849,"href":"https:\/\/tudomoveisbelem.com.br\/v19\/wp-json\/wp\/v2\/product\/35846\/revisions\/35849"}],"wp:featuredmedia":[{"embeddable":true,"href":"https:\/\/tudomoveisbelem.com.br\/v19\/wp-json\/wp\/v2\/media\/35847"}],"wp:attachment":[{"href":"https:\/\/tudomoveisbelem.com.br\/v19\/wp-json\/wp\/v2\/media?parent=35846"}],"wp:term":[{"taxonomy":"product_brand","embeddable":true,"href":"https:\/\/tudomoveisbelem.com.br\/v19\/wp-json\/wp\/v2\/product_brand?post=35846"},{"taxonomy":"product_cat","embeddable":true,"href":"https:\/\/tudomoveisbelem.com.br\/v19\/wp-json\/wp\/v2\/product_cat?post=35846"},{"taxonomy":"product_tag","embeddable":true,"href":"https:\/\/tudomoveisbelem.com.br\/v19\/wp-json\/wp\/v2\/product_tag?post=35846"}],"curies":[{"name":"wp","href":"https:\/\/api.w.org\/{rel}","templated":true}]}}