{"id":34990,"date":"2025-09-08T12:58:02","date_gmt":"2025-09-08T12:58:02","guid":{"rendered":"https:\/\/tudomoveisbelem.com.br\/v19\/?post_type=product&#038;p=34990"},"modified":"2025-09-08T12:58:02","modified_gmt":"2025-09-08T12:58:02","slug":"mesa-de-centro-em-couro-ecologico","status":"publish","type":"product","link":"https:\/\/tudomoveisbelem.com.br\/v19\/produto\/mesa-de-centro-em-couro-ecologico\/","title":{"rendered":"Mesa de Centro em Couro Ecol\u00f3gico"},"content":{"rendered":"<p>\ud83d\udea8 LAN\u00c7AMENTO EXCLUSIVO NA TUDO M\u00d3VEIS! \ud83d\udea8<\/p>\n<p>Apresentamos a Mesa de Centro em couro ecol\u00f3gico\ud83d\udda4<br \/>\nUm design moderno e sofisticado para transformar sua sala em um verdadeiro espa\u00e7o de estilo.<\/p>\n<p>\u2728 Detalhes que impressionam:<br \/>\n\u2714 Estrutura em a\u00e7o resistente<br \/>\n\u2714 Tampo arredondado 18mm<br \/>\n\u2714 Revestimento em couro ecol\u00f3gico com costuras aparentes<\/p>\n<p>\ud83d\udccf Medidas:<br \/>\nAltura: 0,35 m | Comprimento: 0,93 m | Largura: 0,57 m<\/p>\n<p>\ud83d\udcb3 Condi\u00e7\u00f5es especiais de lan\u00e7amento:<br \/>\n\ud83d\udc49 Apenas 10x de <span style=\"color: #ff0000;\">R$99,90<\/span> sem juros<br \/>\n\ud83d\udc49 ou <span style=\"color: #ff0000;\">R$999,00<\/span> \u00e0 vista<\/p>\n<p>\u26a1\ufe0f Aproveite j\u00e1 esse lan\u00e7amento exclusivo e receba com entrega e montagem gr\u00e1tis no mesmo dia!<\/p>\n","protected":false},"excerpt":{"rendered":"<p>\ud83d\udea8 LAN\u00c7AMENTO EXCLUSIVO NA TUDO M\u00d3VEIS! \ud83d\udea8 Apresentamos a Mesa de Centro em couro ecol\u00f3gico\ud83d\udda4 Um design moderno e sofisticado para transformar sua sala em um verdadeiro espa\u00e7o de estilo. \u2728 Detalhes que impressionam: \u2714 Estrutura em a\u00e7o resistente \u2714 Tampo arredondado 18mm \u2714 Revestimento em couro ecol\u00f3gico com costuras aparentes \ud83d\udccf Medidas: Altura: 0,35 &hellip; <a href=\"https:\/\/tudomoveisbelem.com.br\/v19\/produto\/mesa-de-centro-em-couro-ecologico\/\" class=\"more-link\">Continue lendo<span class=\"screen-reader-text\"> &#8220;Mesa de Centro em Couro Ecol\u00f3gico&#8221;<\/span><\/a><\/p>\n","protected":false},"featured_media":34991,"comment_status":"closed","ping_status":"closed","template":"","meta":[],"product_brand":[],"product_cat":[46],"product_tag":[],"class_list":{"0":"post-34990","1":"product","2":"type-product","3":"status-publish","4":"has-post-thumbnail","6":"product_cat-mesa-de-centro","8":"first","9":"instock","10":"shipping-taxable","11":"product-type-simple"},"_links":{"self":[{"href":"https:\/\/tudomoveisbelem.com.br\/v19\/wp-json\/wp\/v2\/product\/34990","targetHints":{"allow":["GET"]}}],"collection":[{"href":"https:\/\/tudomoveisbelem.com.br\/v19\/wp-json\/wp\/v2\/product"}],"about":[{"href":"https:\/\/tudomoveisbelem.com.br\/v19\/wp-json\/wp\/v2\/types\/product"}],"replies":[{"embeddable":true,"href":"https:\/\/tudomoveisbelem.com.br\/v19\/wp-json\/wp\/v2\/comments?post=34990"}],"version-history":[{"count":1,"href":"https:\/\/tudomoveisbelem.com.br\/v19\/wp-json\/wp\/v2\/product\/34990\/revisions"}],"predecessor-version":[{"id":34992,"href":"https:\/\/tudomoveisbelem.com.br\/v19\/wp-json\/wp\/v2\/product\/34990\/revisions\/34992"}],"wp:featuredmedia":[{"embeddable":true,"href":"https:\/\/tudomoveisbelem.com.br\/v19\/wp-json\/wp\/v2\/media\/34991"}],"wp:attachment":[{"href":"https:\/\/tudomoveisbelem.com.br\/v19\/wp-json\/wp\/v2\/media?parent=34990"}],"wp:term":[{"taxonomy":"product_brand","embeddable":true,"href":"https:\/\/tudomoveisbelem.com.br\/v19\/wp-json\/wp\/v2\/product_brand?post=34990"},{"taxonomy":"product_cat","embeddable":true,"href":"https:\/\/tudomoveisbelem.com.br\/v19\/wp-json\/wp\/v2\/product_cat?post=34990"},{"taxonomy":"product_tag","embeddable":true,"href":"https:\/\/tudomoveisbelem.com.br\/v19\/wp-json\/wp\/v2\/product_tag?post=34990"}],"curies":[{"name":"wp","href":"https:\/\/api.w.org\/{rel}","templated":true}]}}