{"id":34936,"date":"2025-08-28T20:15:27","date_gmt":"2025-08-28T20:15:27","guid":{"rendered":"https:\/\/tudomoveisbelem.com.br\/v19\/?post_type=product&#038;p=34936"},"modified":"2026-01-14T19:20:19","modified_gmt":"2026-01-14T19:20:19","slug":"kit-cozinha-10-portas-2-gavetas-por-10x-de-r18990","status":"publish","type":"product","link":"https:\/\/tudomoveisbelem.com.br\/v19\/produto\/kit-cozinha-10-portas-2-gavetas-por-10x-de-r18990\/","title":{"rendered":"kit Cozinha 10 Portas 2 Gavetas"},"content":{"rendered":"<p>\ud83d\udea8 LAN\u00c7AMENTO EXCLUSIVO NA TUDO M\u00d3VEIS! \ud83d\udea8<br \/>\n\ud83c\udf74\u2728 KIT COZINHA 10 PORTAS 2 GAVETAS COM ESPA\u00c7O PARA FORNO\/MICRO-ONDAS<\/p>\n<p>Praticidade, modernidade e organiza\u00e7\u00e3o para transformar sua cozinha em um ambiente muito mais funcional e sofisticado!<\/p>\n<p>\ud83d\udd39 Destaques do kit cozinha:<br \/>\n\u2714\ufe0f Produzido em 100% MDP com pintura UV Prime TX \u2014 resist\u00eancia, durabilidade e acabamento refinado<br \/>\n\u2714\ufe0f 10 portas, sendo 2 com vidro incolor + 2 gavetas com corredi\u00e7as telesc\u00f3picas \u2014 amplo espa\u00e7o para armazenar utens\u00edlios, panelas e mantimentos<br \/>\n\u2714\ufe0f Portas de giro com dobradi\u00e7as met\u00e1licas \u2014 firmeza e durabilidade<br \/>\n\u2714\ufe0f Espa\u00e7o dedicado para forno ou micro-ondas + nicho funcional<br \/>\n\u2714\ufe0f Ampla bancada \u2014 ideal para preparo de alimentos ou at\u00e9 um charmoso \u201ccantinho do caf\u00e9\u201d \u2615<br \/>\n\u2714\ufe0f P\u00e9s regul\u00e1veis \u2014 prote\u00e7\u00e3o contra umidade e nivelamento perfeito<br \/>\n\u2714\ufe0f Puxadores em ABS resistentes e modernos<\/p>\n<p>\ud83d\udccf Dimens\u00f5es:<br \/>\nAltura: 2,00m<br \/>\nLargura: 1,98m<br \/>\nProfundidade: 45 cm<\/p>\n<p>\ud83d\udcb3 Condi\u00e7\u00f5es de lan\u00e7amento:<br \/>\n\ud83d\udc49 12x de<strong><span style=\"color: #ff0000;\"> R$183,25<\/span><\/strong> sem juros no cart\u00e3o<br \/>\nou<br \/>\n\ud83d\udc49 R$2.199,00 \u00e0 vista<\/p>\n<p>\ud83d\ude9a\ud83d\udca8 Entrega + Montagem GR\u00c1TIS e no mesmo dia em Bel\u00e9m, Ananindeua e Marituba!<\/p>\n<p>\u2728 Sua cozinha merece mais: estilo, funcionalidade e espa\u00e7o em um \u00fanico m\u00f3vel!<\/p>\n","protected":false},"excerpt":{"rendered":"<p>por apenas 10x de<span style=\"color: #ff0000;\"> R$189,90<\/span> sem juros no cart\u00e3o ou<span style=\"color: #ff0000;\"> R$1.899,00<\/span> \u00e0 vista<\/p>\n","protected":false},"featured_media":34937,"comment_status":"closed","ping_status":"closed","template":"","meta":[],"product_brand":[],"product_cat":[22],"product_tag":[],"class_list":{"0":"post-34936","1":"product","2":"type-product","3":"status-publish","4":"has-post-thumbnail","6":"product_cat-moveis","8":"first","9":"instock","10":"shipping-taxable","11":"product-type-simple"},"_links":{"self":[{"href":"https:\/\/tudomoveisbelem.com.br\/v19\/wp-json\/wp\/v2\/product\/34936","targetHints":{"allow":["GET"]}}],"collection":[{"href":"https:\/\/tudomoveisbelem.com.br\/v19\/wp-json\/wp\/v2\/product"}],"about":[{"href":"https:\/\/tudomoveisbelem.com.br\/v19\/wp-json\/wp\/v2\/types\/product"}],"replies":[{"embeddable":true,"href":"https:\/\/tudomoveisbelem.com.br\/v19\/wp-json\/wp\/v2\/comments?post=34936"}],"version-history":[{"count":3,"href":"https:\/\/tudomoveisbelem.com.br\/v19\/wp-json\/wp\/v2\/product\/34936\/revisions"}],"predecessor-version":[{"id":36563,"href":"https:\/\/tudomoveisbelem.com.br\/v19\/wp-json\/wp\/v2\/product\/34936\/revisions\/36563"}],"wp:featuredmedia":[{"embeddable":true,"href":"https:\/\/tudomoveisbelem.com.br\/v19\/wp-json\/wp\/v2\/media\/34937"}],"wp:attachment":[{"href":"https:\/\/tudomoveisbelem.com.br\/v19\/wp-json\/wp\/v2\/media?parent=34936"}],"wp:term":[{"taxonomy":"product_brand","embeddable":true,"href":"https:\/\/tudomoveisbelem.com.br\/v19\/wp-json\/wp\/v2\/product_brand?post=34936"},{"taxonomy":"product_cat","embeddable":true,"href":"https:\/\/tudomoveisbelem.com.br\/v19\/wp-json\/wp\/v2\/product_cat?post=34936"},{"taxonomy":"product_tag","embeddable":true,"href":"https:\/\/tudomoveisbelem.com.br\/v19\/wp-json\/wp\/v2\/product_tag?post=34936"}],"curies":[{"name":"wp","href":"https:\/\/api.w.org\/{rel}","templated":true}]}}