{"id":34444,"date":"2025-08-05T15:09:29","date_gmt":"2025-08-05T15:09:29","guid":{"rendered":"https:\/\/tudomoveisbelem.com.br\/v19\/?post_type=product&#038;p=34444"},"modified":"2026-03-30T17:08:49","modified_gmt":"2026-03-30T17:08:49","slug":"roupeiro-casal-100-mdf-4-gavetas-2-portas-10x-de-r-39990","status":"publish","type":"product","link":"https:\/\/tudomoveisbelem.com.br\/v19\/produto\/roupeiro-casal-100-mdf-4-gavetas-2-portas-10x-de-r-39990\/","title":{"rendered":"Roupeiro Casal 100% MDF 4 Gavetas 2 Portas 10x de R$399,90."},"content":{"rendered":"<p>\ud83d\udea8 LAN\u00c7AMENTO EXCLUSIVO TUDO M\u00d3VEIS!<\/p>\n<p>\ud83c\udf38 ROUPEIRO CASAL<br \/>\nModernidade, funcionalidade e \u00f3timo aproveitamento de espa\u00e7o em um \u00fanico m\u00f3vel. O Flora tem divis\u00e3o interna sim\u00e9trica, ideal para quem busca organiza\u00e7\u00e3o com estilo!<\/p>\n<p>\ud83d\udccf Medidas:<br \/>\nAltura: 2,35 m<br \/>\nLargura: 2,02 m<br \/>\nProfundidade: 55,4 cm<\/p>\n<p>\u2728 Destaques que fazem diferen\u00e7a no dia a dia:<br \/>\n\u2714\ufe0f 4 gavetas com corredi\u00e7as telesc\u00f3picas<br \/>\n\ud83d\udcac Mais resist\u00eancia e abertura suave!<\/p>\n<p>\u2714\ufe0f Divis\u00e3o interna com lados iguais<br \/>\n\ud83d\udcac Organiza\u00e7\u00e3o pr\u00e1tica para o casal ou uso individual.<\/p>\n<p>\u2714\ufe0f 2 espelhos embutidos nas portas<br \/>\n\ud83d\udcac Eleg\u00e2ncia e funcionalidade sem ocupar espa\u00e7o extra.<\/p>\n<p>\u2714\ufe0f 100% MDF + pintura UV<br \/>\n\ud83d\udcac Estrutura dur\u00e1vel com acabamento de alta qualidade.<\/p>\n<p>\u2714\ufe0f Cabideiros e puxadores em alum\u00ednio<br \/>\n\ud83d\udcac Toque de sofistica\u00e7\u00e3o com resist\u00eancia garantida.<\/p>\n<p>\u2714\ufe0f 08 p\u00e9s em ABS<br \/>\n\ud83d\udcac Mais firmeza e prote\u00e7\u00e3o contra umidade.<\/p>\n<p>\u26a1 Entrega + montagem no mesmo dia<br \/>\n\ud83d\udccdJ\u00e1 dispon\u00edvel em todas as lojas Tudo M\u00f3veis!<\/p>\n<p>&nbsp;<\/p>\n<p>&nbsp;<\/p>\n<p>Por apenas 10x de R$399,90 sem juros no cart\u00e3o<br \/>\nou R$3.999,00 \u00e0 vista<\/p>\n","protected":false},"excerpt":{"rendered":"<p>\ud83d\udea8 LAN\u00c7AMENTO EXCLUSIVO TUDO M\u00d3VEIS! \ud83c\udf38 ROUPEIRO CASAL Modernidade, funcionalidade e \u00f3timo aproveitamento de espa\u00e7o em um \u00fanico m\u00f3vel. O Flora tem divis\u00e3o interna sim\u00e9trica, ideal para quem busca organiza\u00e7\u00e3o com estilo! \ud83d\udccf Medidas: Altura: 2,35 m Largura: 2,02 m Profundidade: 55,4 cm \u2728 Destaques que fazem diferen\u00e7a no dia a dia: \u2714\ufe0f 4 gavetas &hellip; <a href=\"https:\/\/tudomoveisbelem.com.br\/v19\/produto\/roupeiro-casal-100-mdf-4-gavetas-2-portas-10x-de-r-39990\/\" class=\"more-link\">Continue lendo<span class=\"screen-reader-text\"> &#8220;Roupeiro Casal 100% MDF 4 Gavetas 2 Portas 10x de R$399,90.&#8221;<\/span><\/a><\/p>\n","protected":false},"featured_media":34445,"comment_status":"closed","ping_status":"closed","template":"","meta":[],"product_brand":[],"product_cat":[42,41],"product_tag":[],"class_list":{"0":"post-34444","1":"product","2":"type-product","3":"status-publish","4":"has-post-thumbnail","6":"product_cat-moveis-de-quarto","7":"product_cat-roupeiros","9":"first","10":"instock","11":"shipping-taxable","12":"product-type-simple"},"_links":{"self":[{"href":"https:\/\/tudomoveisbelem.com.br\/v19\/wp-json\/wp\/v2\/product\/34444","targetHints":{"allow":["GET"]}}],"collection":[{"href":"https:\/\/tudomoveisbelem.com.br\/v19\/wp-json\/wp\/v2\/product"}],"about":[{"href":"https:\/\/tudomoveisbelem.com.br\/v19\/wp-json\/wp\/v2\/types\/product"}],"replies":[{"embeddable":true,"href":"https:\/\/tudomoveisbelem.com.br\/v19\/wp-json\/wp\/v2\/comments?post=34444"}],"version-history":[{"count":3,"href":"https:\/\/tudomoveisbelem.com.br\/v19\/wp-json\/wp\/v2\/product\/34444\/revisions"}],"predecessor-version":[{"id":37166,"href":"https:\/\/tudomoveisbelem.com.br\/v19\/wp-json\/wp\/v2\/product\/34444\/revisions\/37166"}],"wp:featuredmedia":[{"embeddable":true,"href":"https:\/\/tudomoveisbelem.com.br\/v19\/wp-json\/wp\/v2\/media\/34445"}],"wp:attachment":[{"href":"https:\/\/tudomoveisbelem.com.br\/v19\/wp-json\/wp\/v2\/media?parent=34444"}],"wp:term":[{"taxonomy":"product_brand","embeddable":true,"href":"https:\/\/tudomoveisbelem.com.br\/v19\/wp-json\/wp\/v2\/product_brand?post=34444"},{"taxonomy":"product_cat","embeddable":true,"href":"https:\/\/tudomoveisbelem.com.br\/v19\/wp-json\/wp\/v2\/product_cat?post=34444"},{"taxonomy":"product_tag","embeddable":true,"href":"https:\/\/tudomoveisbelem.com.br\/v19\/wp-json\/wp\/v2\/product_tag?post=34444"}],"curies":[{"name":"wp","href":"https:\/\/api.w.org\/{rel}","templated":true}]}}