{"id":33956,"date":"2025-05-29T19:43:32","date_gmt":"2025-05-29T19:43:32","guid":{"rendered":"https:\/\/tudomoveisbelem.com.br\/v19\/?post_type=product&#038;p=33956"},"modified":"2026-03-30T15:52:29","modified_gmt":"2026-03-30T15:52:29","slug":"conjunto-de-sofa-2-e-3-lugares-com-pes-em-madeira-macica-10x-de-r36990","status":"publish","type":"product","link":"https:\/\/tudomoveisbelem.com.br\/v19\/produto\/conjunto-de-sofa-2-e-3-lugares-com-pes-em-madeira-macica-10x-de-r36990\/","title":{"rendered":"Conjunto de Sof\u00e1 2 e 3 lugares com P\u00e9s em Madeira Maci\u00e7a 12x de R$349,92."},"content":{"rendered":"<p>\ud83d\udea8\ud83e\udd29 LAN\u00c7AMENTO EXCLUSIVO NA TUDO M\u00d3VEIS! \ud83e\udd29\ud83d\udea8<\/p>\n<p>\ud83d\udecb\ufe0f\u2728 Conjunto de Sof\u00e1s 2 e 3 Lugares<\/p>\n<p>Sofistica\u00e7\u00e3o, conforto e qualidade em cada detalhe! O sof\u00e1 ideal para transformar sua sala em um ambiente elegante, aconchegante e moderno.<\/p>\n<p>\u2714\ufe0f Design elegante e extremamente confort\u00e1vel<br \/>\n\u2714\ufe0f Estrutura em madeira \u2013 resist\u00eancia e durabilidade<br \/>\n\u2714\ufe0f Revestimento em tecido Boucl\u00ea \u2013 toque macio, sofisticado e super moderno<br \/>\n\u2714\ufe0f Assento com espuma D28 de alta densidade + percintas el\u00e1sticas \u2013 muito mais conforto e firmeza<br \/>\n\u2714\ufe0f P\u00e9s em madeira maci\u00e7a, completando o visual requintado<br \/>\n\u2714\ufe0f Almofadas soltas, que garantem charme e aconchego<\/p>\n<p>Perfeito para quem busca conforto, beleza e sofistica\u00e7\u00e3o na sala de estar.<\/p>\n<p>Dimens\u00f5es:<br \/>\n(Sof\u00e1 3 lugares)<br \/>\nAltura: 85 cm | Largura: 80 cm | Comprimento: 2,09 m<\/p>\n<p>(Sof\u00e1 2 lugares)<br \/>\nAltura: 85 cm | Largura: 80 cm | Comprimento: 1,59 m<\/p>\n<p>\ud83d\udd25 DE <del><strong>R$5.200,00<\/strong><\/del><br \/>\nPOR:<br \/>\n\ud83d\udc49 12x de<span style=\"color: #ff0000;\"><strong> R$349,92<\/strong><\/span> SEM JUROS no cart\u00e3o<br \/>\nou \ud83d\udc49 R$4.199,00 \u00e0 vista!<\/p>\n<p>\ud83d\ude9a\ud83d\udca8 ENTREGA E MONTAGEM NO MESMO DIA \u2014 TOTALMENTE GR\u00c1TIS!<\/p>\n<p>GARANTA J\u00c1 O SEU \ud83e\udd29<\/p>\n","protected":false},"excerpt":{"rendered":"<p>\ud83d\udea8\ud83e\udd29 LAN\u00c7AMENTO EXCLUSIVO NA TUDO M\u00d3VEIS! \ud83e\udd29\ud83d\udea8 \ud83d\udecb\ufe0f\u2728 Conjunto de Sof\u00e1s 2 e 3 Lugares Sofistica\u00e7\u00e3o, conforto e qualidade em cada detalhe! O sof\u00e1 ideal para transformar sua sala em um ambiente elegante, aconchegante e moderno. \u2714\ufe0f Design elegante e extremamente confort\u00e1vel \u2714\ufe0f Estrutura em madeira \u2013 resist\u00eancia e durabilidade \u2714\ufe0f Revestimento em tecido Boucl\u00ea &hellip; <a href=\"https:\/\/tudomoveisbelem.com.br\/v19\/produto\/conjunto-de-sofa-2-e-3-lugares-com-pes-em-madeira-macica-10x-de-r36990\/\" class=\"more-link\">Continue lendo<span class=\"screen-reader-text\"> &#8220;Conjunto de Sof\u00e1 2 e 3 lugares com P\u00e9s em Madeira Maci\u00e7a 12x de R$349,92.&#8221;<\/span><\/a><\/p>\n","protected":false},"featured_media":36550,"comment_status":"closed","ping_status":"closed","template":"","meta":[],"product_brand":[],"product_cat":[30],"product_tag":[],"class_list":{"0":"post-33956","1":"product","2":"type-product","3":"status-publish","4":"has-post-thumbnail","6":"product_cat-sofas","8":"first","9":"instock","10":"shipping-taxable","11":"product-type-simple"},"_links":{"self":[{"href":"https:\/\/tudomoveisbelem.com.br\/v19\/wp-json\/wp\/v2\/product\/33956","targetHints":{"allow":["GET"]}}],"collection":[{"href":"https:\/\/tudomoveisbelem.com.br\/v19\/wp-json\/wp\/v2\/product"}],"about":[{"href":"https:\/\/tudomoveisbelem.com.br\/v19\/wp-json\/wp\/v2\/types\/product"}],"replies":[{"embeddable":true,"href":"https:\/\/tudomoveisbelem.com.br\/v19\/wp-json\/wp\/v2\/comments?post=33956"}],"version-history":[{"count":6,"href":"https:\/\/tudomoveisbelem.com.br\/v19\/wp-json\/wp\/v2\/product\/33956\/revisions"}],"predecessor-version":[{"id":37126,"href":"https:\/\/tudomoveisbelem.com.br\/v19\/wp-json\/wp\/v2\/product\/33956\/revisions\/37126"}],"wp:featuredmedia":[{"embeddable":true,"href":"https:\/\/tudomoveisbelem.com.br\/v19\/wp-json\/wp\/v2\/media\/36550"}],"wp:attachment":[{"href":"https:\/\/tudomoveisbelem.com.br\/v19\/wp-json\/wp\/v2\/media?parent=33956"}],"wp:term":[{"taxonomy":"product_brand","embeddable":true,"href":"https:\/\/tudomoveisbelem.com.br\/v19\/wp-json\/wp\/v2\/product_brand?post=33956"},{"taxonomy":"product_cat","embeddable":true,"href":"https:\/\/tudomoveisbelem.com.br\/v19\/wp-json\/wp\/v2\/product_cat?post=33956"},{"taxonomy":"product_tag","embeddable":true,"href":"https:\/\/tudomoveisbelem.com.br\/v19\/wp-json\/wp\/v2\/product_tag?post=33956"}],"curies":[{"name":"wp","href":"https:\/\/api.w.org\/{rel}","templated":true}]}}