{"id":33785,"date":"2025-05-20T19:53:11","date_gmt":"2025-05-20T19:53:11","guid":{"rendered":"https:\/\/tudomoveisbelem.com.br\/v19\/?post_type=product&#038;p=33785"},"modified":"2025-09-21T00:11:57","modified_gmt":"2025-09-21T00:11:57","slug":"conjunto-box-ortobom-new-fredoom-base-corino-10x-de-r35980","status":"publish","type":"product","link":"https:\/\/tudomoveisbelem.com.br\/v19\/produto\/conjunto-box-ortobom-new-fredoom-base-corino-10x-de-r35980\/","title":{"rendered":"Conjunto Box Ortobom \u2013 New Fredoom + Base Corino"},"content":{"rendered":"<p>\ud83d\udea8 LAN\u00c7AMENTO OFICIAL! \ud83d\udea8<\/p>\n<p>\ud83d\udecf\ufe0f CONJUNTO BOX ORTOBOM \u2013 NEW FREEDOM + BASE CORINO<br \/>\n\ud83d\udcd0 Medidas: 1,38 x 1,88 x 0,75m<\/p>\n<p>\ud83d\udca4 Seu quarto merece um upgrade de verdade! Com o conforto da tecnologia Ortobom, seu sono vai mudar de n\u00edvel. \u00c9 mais qualidade, mais eleg\u00e2ncia e mais bem-estar em cada detalhe.<\/p>\n<p>\u2728 Destaques que fazem esse conjunto ser um dos mais vendidos:<\/p>\n<p>\ud83d\udd39 Molas ensacadas individualmente \u2013 suporte personalizado e sil\u00eancio total<br \/>\n\ud83d\udd39 Espuma viscoel\u00e1stica (tecnologia da NASA) \u2013 se molda ao seu corpo e reduz os pontos de press\u00e3o<br \/>\n\ud83d\udd39 Espuma D33 de alta performance \u2013 firmeza ideal e longa durabilidade<br \/>\n\ud83d\udd39 Tecido Ecobambu com Aloe Vera e Vitamina E \u2013 toque macio, refrescante e antibacteriano<br \/>\n\ud83d\udd39 Base Box em madeira eucalipto com corino branco premium \u2013 estrutura s\u00f3lida e acabamento sofisticado<br \/>\n\ud83d\udd39 Tecido antiderrapante na base \u2013 colch\u00e3o sempre no lugar<br \/>\n\ud83d\udd39 Sistema No Turn \u2013 n\u00e3o precisa virar<br \/>\n\ud83d\udd39 Altura total do conjunto: 75cm \u2013 presen\u00e7a marcante no ambiente<\/p>\n<p>\ud83d\ude9a ENTREGA GR\u00c1TIS<br \/>\n\u2692\ufe0f ENTREGA + MONTAGEM NO MESMO DIA<\/p>\n<p>\ud83d\uded2 Dispon\u00edvel s\u00f3 na Tudo M\u00f3veis \u2014 conforto e sofistica\u00e7\u00e3o com agilidade de verdade!<br \/>\n\u26a0\ufe0f Estoque limitado! Garanta o seu agora!<\/p>\n<p>de R$4.800,00 por 10x de<span style=\"color: #ff0000;\"> R$379,80<\/span> sem juros no cart\u00e3o ou\u00a0\u00e0 vista de <span style=\"color: #ff0000;\">R$3.798,00<\/span><\/p>\n","protected":false},"excerpt":{"rendered":"<p>de R$4.600,00 por 10x de<span style=\"color: #ff0000;\"> R$359,80<\/span> sem juros no cart\u00e3o ou\u00a0\u00e0 vista de <span style=\"color: #ff0000;\">R$3.598,00<\/span><\/p>\n","protected":false},"featured_media":35262,"comment_status":"closed","ping_status":"closed","template":"","meta":[],"product_brand":[],"product_cat":[39,15],"product_tag":[],"class_list":{"0":"post-33785","1":"product","2":"type-product","3":"status-publish","4":"has-post-thumbnail","6":"product_cat-camas","7":"product_cat-sem-categoria","9":"first","10":"instock","11":"shipping-taxable","12":"product-type-simple"},"_links":{"self":[{"href":"https:\/\/tudomoveisbelem.com.br\/v19\/wp-json\/wp\/v2\/product\/33785","targetHints":{"allow":["GET"]}}],"collection":[{"href":"https:\/\/tudomoveisbelem.com.br\/v19\/wp-json\/wp\/v2\/product"}],"about":[{"href":"https:\/\/tudomoveisbelem.com.br\/v19\/wp-json\/wp\/v2\/types\/product"}],"replies":[{"embeddable":true,"href":"https:\/\/tudomoveisbelem.com.br\/v19\/wp-json\/wp\/v2\/comments?post=33785"}],"version-history":[{"count":4,"href":"https:\/\/tudomoveisbelem.com.br\/v19\/wp-json\/wp\/v2\/product\/33785\/revisions"}],"predecessor-version":[{"id":35265,"href":"https:\/\/tudomoveisbelem.com.br\/v19\/wp-json\/wp\/v2\/product\/33785\/revisions\/35265"}],"wp:featuredmedia":[{"embeddable":true,"href":"https:\/\/tudomoveisbelem.com.br\/v19\/wp-json\/wp\/v2\/media\/35262"}],"wp:attachment":[{"href":"https:\/\/tudomoveisbelem.com.br\/v19\/wp-json\/wp\/v2\/media?parent=33785"}],"wp:term":[{"taxonomy":"product_brand","embeddable":true,"href":"https:\/\/tudomoveisbelem.com.br\/v19\/wp-json\/wp\/v2\/product_brand?post=33785"},{"taxonomy":"product_cat","embeddable":true,"href":"https:\/\/tudomoveisbelem.com.br\/v19\/wp-json\/wp\/v2\/product_cat?post=33785"},{"taxonomy":"product_tag","embeddable":true,"href":"https:\/\/tudomoveisbelem.com.br\/v19\/wp-json\/wp\/v2\/product_tag?post=33785"}],"curies":[{"name":"wp","href":"https:\/\/api.w.org\/{rel}","templated":true}]}}