{"id":33462,"date":"2025-04-22T13:32:57","date_gmt":"2025-04-22T13:32:57","guid":{"rendered":"https:\/\/tudomoveisbelem.com.br\/v19\/?post_type=product&#038;p=33462"},"modified":"2026-02-26T18:23:29","modified_gmt":"2026-02-26T18:23:29","slug":"home-ripado-para-tvs-ate-75-10x-de-r-17990","status":"publish","type":"product","link":"https:\/\/tudomoveisbelem.com.br\/v19\/produto\/home-ripado-para-tvs-ate-75-10x-de-r-17990\/","title":{"rendered":"Home Ripado para TVs at\u00e9 75&#8243;"},"content":{"rendered":"<p>\ud83d\udea8\u2728 HOME RIPADO PARA TV AT\u00c9 75\u201d \u2728\ud83d\udea8<\/p>\n<p>O painel com acabamento canelado ripado traz aquela tend\u00eancia moderna que valoriza qualquer decora\u00e7\u00e3o, enquanto a estrutura refor\u00e7ada garante resist\u00eancia e durabilidade.<\/p>\n<p>\ud83d\udc8e Diferenciais que fazem ele se destacar:<br \/>\n\u2714\ufe0f Suporta TVs de at\u00e9 75 polegadas<br \/>\n\u2714\ufe0f Painel com acabamento canelado super elegante<br \/>\n\u2714\ufe0f 4 portas + 1 prateleira \u2013 amplo espa\u00e7o interno<br \/>\n\u2714\ufe0f F\u00e1cil de limpar<br \/>\n\u2714\ufe0f 8 p\u00e9s que garantem estabilidade e charme<br \/>\n\u2714\ufe0f Estrutura resistente e acabamento sofisticado<\/p>\n<p>\ud83d\udccf Dimens\u00f5es:<br \/>\n\u25aa\ufe0f Altura: 1,88 m<br \/>\n\u25aa\ufe0f Largura: 1,99 m<br \/>\n\u25aa\ufe0f Profundidade: 0,38 m<\/p>\n<p>\ud83d\ude9a Entrega e montagem GR\u00c1TIS<\/p>\n<p>\ud83d\udcac Compra na loja ou pelo WhatsApp<br \/>\n\ud83d\udcb3 Pagamento no ato da entrega<\/p>\n<p>\ud83d\udca5 <span style=\"color: #ff0000;\">1<strong>2x de R$ 183,25<\/strong><\/span> sem juros no cart\u00e3o<br \/>\n\ud83d\udcb0 Ou R$ 2.199,00 \u00e0 vista<\/p>\n<p>\u2728 Sua sala merece um home \u00e0 altura do seu estilo.<\/p>\n","protected":false},"excerpt":{"rendered":"<p>\ud83d\udea8\u2728 HOME RIPADO PARA TV AT\u00c9 75\u201d \u2728\ud83d\udea8 O painel com acabamento canelado ripado traz aquela tend\u00eancia moderna que valoriza qualquer decora\u00e7\u00e3o, enquanto a estrutura refor\u00e7ada garante resist\u00eancia e durabilidade. \ud83d\udc8e Diferenciais que fazem ele se destacar: \u2714\ufe0f Suporta TVs de at\u00e9 75 polegadas \u2714\ufe0f Painel com acabamento canelado super elegante \u2714\ufe0f 4 portas + &hellip; <a href=\"https:\/\/tudomoveisbelem.com.br\/v19\/produto\/home-ripado-para-tvs-ate-75-10x-de-r-17990\/\" class=\"more-link\">Continue lendo<span class=\"screen-reader-text\"> &#8220;Home Ripado para TVs at\u00e9 75&#8243;&#8221;<\/span><\/a><\/p>\n","protected":false},"featured_media":33466,"comment_status":"closed","ping_status":"closed","template":"","meta":[],"product_brand":[],"product_cat":[45,29],"product_tag":[],"class_list":{"0":"post-33462","1":"product","2":"type-product","3":"status-publish","4":"has-post-thumbnail","6":"product_cat-estante-home","7":"product_cat-sala","9":"first","10":"instock","11":"shipping-taxable","12":"product-type-simple"},"_links":{"self":[{"href":"https:\/\/tudomoveisbelem.com.br\/v19\/wp-json\/wp\/v2\/product\/33462","targetHints":{"allow":["GET"]}}],"collection":[{"href":"https:\/\/tudomoveisbelem.com.br\/v19\/wp-json\/wp\/v2\/product"}],"about":[{"href":"https:\/\/tudomoveisbelem.com.br\/v19\/wp-json\/wp\/v2\/types\/product"}],"replies":[{"embeddable":true,"href":"https:\/\/tudomoveisbelem.com.br\/v19\/wp-json\/wp\/v2\/comments?post=33462"}],"version-history":[{"count":4,"href":"https:\/\/tudomoveisbelem.com.br\/v19\/wp-json\/wp\/v2\/product\/33462\/revisions"}],"predecessor-version":[{"id":36819,"href":"https:\/\/tudomoveisbelem.com.br\/v19\/wp-json\/wp\/v2\/product\/33462\/revisions\/36819"}],"wp:featuredmedia":[{"embeddable":true,"href":"https:\/\/tudomoveisbelem.com.br\/v19\/wp-json\/wp\/v2\/media\/33466"}],"wp:attachment":[{"href":"https:\/\/tudomoveisbelem.com.br\/v19\/wp-json\/wp\/v2\/media?parent=33462"}],"wp:term":[{"taxonomy":"product_brand","embeddable":true,"href":"https:\/\/tudomoveisbelem.com.br\/v19\/wp-json\/wp\/v2\/product_brand?post=33462"},{"taxonomy":"product_cat","embeddable":true,"href":"https:\/\/tudomoveisbelem.com.br\/v19\/wp-json\/wp\/v2\/product_cat?post=33462"},{"taxonomy":"product_tag","embeddable":true,"href":"https:\/\/tudomoveisbelem.com.br\/v19\/wp-json\/wp\/v2\/product_tag?post=33462"}],"curies":[{"name":"wp","href":"https:\/\/api.w.org\/{rel}","templated":true}]}}