{"id":33330,"date":"2025-04-07T20:34:36","date_gmt":"2025-04-07T20:34:36","guid":{"rendered":"https:\/\/tudomoveisbelem.com.br\/v19\/?post_type=product&#038;p=33330"},"modified":"2025-04-07T20:35:44","modified_gmt":"2025-04-07T20:35:44","slug":"comoda-infantil-1-porta-4-gavetas-10x-de-r-7990","status":"publish","type":"product","link":"https:\/\/tudomoveisbelem.com.br\/v19\/produto\/comoda-infantil-1-porta-4-gavetas-10x-de-r-7990\/","title":{"rendered":"C\u00f4moda Infantil 1 Porta 4 Gavetas 10x de R$ 79,90"},"content":{"rendered":"<p>Est\u00e1 pensando em fazer uma transforma\u00e7\u00e3o no seu quarto do seu filho ou at\u00e9 mesmo seu quarto? Ent\u00e3o vem completar ele com a C\u00f4moda Infantil 1 Porta 4 Gavetas.<br \/>\nEla foi desenvolvida para trazer para sua rotina ainda mais praticidade e funcionalidade com isso conta com 3 Gavetas, 1 Porta e 1 prateleira ideais para voc\u00ea armazenar suas roupas, utens\u00edlios ou aquilo que preferir. Al\u00e9m disso, conta com uma boa qualidade estrutural, feito com a t\u00e9cnica de pintura UV que promove maior intensidade as cores deixando seu m\u00f3vel ainda mais bonito. T\u00e1 na hora de renovar seu lar e pe\u00e7a logo a sua!<\/p>\n<p>Dimens\u00f5es:<br \/>\nAltura: 0,83 CM<br \/>\nLargura: 0,83 CM<br \/>\nProfundidade: 0,41 CM<\/p>\n","protected":false},"excerpt":{"rendered":"<p>Por apenas 10x sem juros de <span style=\"color: #ff0000;\">R$79,90<\/span> no cart\u00e3o ou \u00e0 vista por <span style=\"color: #ff0000;\">R$799,00.<\/span><\/p>\n","protected":false},"featured_media":33336,"comment_status":"closed","ping_status":"closed","template":"","meta":[],"product_brand":[],"product_cat":[74,42,23],"product_tag":[],"class_list":{"0":"post-33330","1":"product","2":"type-product","3":"status-publish","4":"has-post-thumbnail","6":"product_cat-comoda","7":"product_cat-moveis-de-quarto","8":"product_cat-colchoes","10":"first","11":"instock","12":"shipping-taxable","13":"product-type-simple"},"_links":{"self":[{"href":"https:\/\/tudomoveisbelem.com.br\/v19\/wp-json\/wp\/v2\/product\/33330","targetHints":{"allow":["GET"]}}],"collection":[{"href":"https:\/\/tudomoveisbelem.com.br\/v19\/wp-json\/wp\/v2\/product"}],"about":[{"href":"https:\/\/tudomoveisbelem.com.br\/v19\/wp-json\/wp\/v2\/types\/product"}],"replies":[{"embeddable":true,"href":"https:\/\/tudomoveisbelem.com.br\/v19\/wp-json\/wp\/v2\/comments?post=33330"}],"version-history":[{"count":1,"href":"https:\/\/tudomoveisbelem.com.br\/v19\/wp-json\/wp\/v2\/product\/33330\/revisions"}],"predecessor-version":[{"id":33337,"href":"https:\/\/tudomoveisbelem.com.br\/v19\/wp-json\/wp\/v2\/product\/33330\/revisions\/33337"}],"wp:featuredmedia":[{"embeddable":true,"href":"https:\/\/tudomoveisbelem.com.br\/v19\/wp-json\/wp\/v2\/media\/33336"}],"wp:attachment":[{"href":"https:\/\/tudomoveisbelem.com.br\/v19\/wp-json\/wp\/v2\/media?parent=33330"}],"wp:term":[{"taxonomy":"product_brand","embeddable":true,"href":"https:\/\/tudomoveisbelem.com.br\/v19\/wp-json\/wp\/v2\/product_brand?post=33330"},{"taxonomy":"product_cat","embeddable":true,"href":"https:\/\/tudomoveisbelem.com.br\/v19\/wp-json\/wp\/v2\/product_cat?post=33330"},{"taxonomy":"product_tag","embeddable":true,"href":"https:\/\/tudomoveisbelem.com.br\/v19\/wp-json\/wp\/v2\/product_tag?post=33330"}],"curies":[{"name":"wp","href":"https:\/\/api.w.org\/{rel}","templated":true}]}}