{"id":32908,"date":"2025-03-20T19:54:24","date_gmt":"2025-03-20T19:54:24","guid":{"rendered":"https:\/\/tudomoveisbelem.com.br\/v19\/?post_type=product&#038;p=32908"},"modified":"2025-03-31T15:08:28","modified_gmt":"2025-03-31T15:08:28","slug":"cabeceira-com-led-100-mdf-com-2-mesas-de-cabeceira-pra-cama-casal-queen-e-king-10x-de-r-19990","status":"publish","type":"product","link":"https:\/\/tudomoveisbelem.com.br\/v19\/produto\/cabeceira-com-led-100-mdf-com-2-mesas-de-cabeceira-pra-cama-casal-queen-e-king-10x-de-r-19990\/","title":{"rendered":"Cabeceira com Led 100% MDF com 2 Mesas de Cabeceira pra Cama Casal, Queen e King 10x de R$ 199,90"},"content":{"rendered":"<p>A cabeceira Innova \u00e9 o m\u00f3vel ideal para transformar a decora\u00e7\u00e3o do seu quarto. Com design curvo e LED em cor quente, traz um tom de aconchego, tranquilidade e modernidade ao seu ambiente de descanso. Possui duas mesas de cabeceira com gavetas de design flutuante e cantos arredondados. O grande destaque \u00e9 a possibilidade de organizar as pe\u00e7as de acordo com o tamanho da sua cama, dessa forma atendendo padr\u00f5es casal (140cm), queen (160cm) e king (195cm). Esta cabeceira merece estar hoje mesmo na sua casa, pe\u00e7a a sua!<\/p>\n<p>Caracter\u00edsticas:<br \/>\n&#8211; Design curvo;<br \/>\n&#8211; LED em cor quente;<br \/>\n&#8211; Mesa de cabeceira com gavetas de design flutuante;<br \/>\n&#8211; Gavetas com bordas chanfradas e laqueadas.<\/p>\n<p>Dimens\u00f5es Cabeceira:<br \/>\nAltura: 1.04 M<br \/>\nLargura 1: 2.72 M (Casal e Queen)<br \/>\nLargura 2: 3.05 M (King)<br \/>\nProfundidade: 0,41 CM<\/p>\n<p>Dimens\u00f5es Mesinhas:<br \/>\nAltura: 0,45 CM<br \/>\nLargura: 0,55 CM<br \/>\nProfundidade: 0,35 CM<\/p>\n","protected":false},"excerpt":{"rendered":"<p>Por apenas 10x sem juros de <span style=\"color: #ff0000;\">R$199,90<\/span> no cart\u00e3o ou \u00e0 vista por <span style=\"color: #ff0000;\">R$1.999,00.<\/span><\/p>\n","protected":false},"featured_media":33111,"comment_status":"closed","ping_status":"closed","template":"","meta":[],"product_brand":[],"product_cat":[77,42,23],"product_tag":[],"class_list":{"0":"post-32908","1":"product","2":"type-product","3":"status-publish","4":"has-post-thumbnail","6":"product_cat-cabeceira","7":"product_cat-moveis-de-quarto","8":"product_cat-colchoes","10":"first","11":"instock","12":"shipping-taxable","13":"product-type-simple"},"_links":{"self":[{"href":"https:\/\/tudomoveisbelem.com.br\/v19\/wp-json\/wp\/v2\/product\/32908","targetHints":{"allow":["GET"]}}],"collection":[{"href":"https:\/\/tudomoveisbelem.com.br\/v19\/wp-json\/wp\/v2\/product"}],"about":[{"href":"https:\/\/tudomoveisbelem.com.br\/v19\/wp-json\/wp\/v2\/types\/product"}],"replies":[{"embeddable":true,"href":"https:\/\/tudomoveisbelem.com.br\/v19\/wp-json\/wp\/v2\/comments?post=32908"}],"version-history":[{"count":1,"href":"https:\/\/tudomoveisbelem.com.br\/v19\/wp-json\/wp\/v2\/product\/32908\/revisions"}],"predecessor-version":[{"id":32921,"href":"https:\/\/tudomoveisbelem.com.br\/v19\/wp-json\/wp\/v2\/product\/32908\/revisions\/32921"}],"wp:featuredmedia":[{"embeddable":true,"href":"https:\/\/tudomoveisbelem.com.br\/v19\/wp-json\/wp\/v2\/media\/33111"}],"wp:attachment":[{"href":"https:\/\/tudomoveisbelem.com.br\/v19\/wp-json\/wp\/v2\/media?parent=32908"}],"wp:term":[{"taxonomy":"product_brand","embeddable":true,"href":"https:\/\/tudomoveisbelem.com.br\/v19\/wp-json\/wp\/v2\/product_brand?post=32908"},{"taxonomy":"product_cat","embeddable":true,"href":"https:\/\/tudomoveisbelem.com.br\/v19\/wp-json\/wp\/v2\/product_cat?post=32908"},{"taxonomy":"product_tag","embeddable":true,"href":"https:\/\/tudomoveisbelem.com.br\/v19\/wp-json\/wp\/v2\/product_tag?post=32908"}],"curies":[{"name":"wp","href":"https:\/\/api.w.org\/{rel}","templated":true}]}}