{"id":32894,"date":"2025-03-20T16:24:55","date_gmt":"2025-03-20T16:24:55","guid":{"rendered":"https:\/\/tudomoveisbelem.com.br\/v19\/?post_type=product&#038;p=32894"},"modified":"2026-03-17T18:59:27","modified_gmt":"2026-03-17T18:59:27","slug":"super-sapateira-espelhada-para-40-pares-de-sapatos-10x-de-r-16990","status":"publish","type":"product","link":"https:\/\/tudomoveisbelem.com.br\/v19\/produto\/super-sapateira-espelhada-para-40-pares-de-sapatos-10x-de-r-16990\/","title":{"rendered":"Super Sapateira Espelhada para 40 Pares de Sapatos Por apenas 12x de R$ 166,58."},"content":{"rendered":"<p>\u2728\ud83d\udc5f LAN\u00c7AMENTO EXCLUSIVO \u2013 SUPER SAPATEIRA ESPELHADA PARA AT\u00c9 40 PARES \ud83d\udc5f\u2728<\/p>\n<p>Mais organiza\u00e7\u00e3o, mais espa\u00e7o e muito mais eleg\u00e2ncia para o seu ambiente!<br \/>\nEssa super sapateira espelhada \u00e9 ideal para quem quer otimizar espa\u00e7o sem abrir m\u00e3o do design sofisticado \ud83c\udfe1\ud83d\udc8e<\/p>\n<p>\ud83d\udd0d Diferenciais que fazem toda a diferen\u00e7a:<br \/>\n\u2714\ufe0f Capacidade para at\u00e9 40 pares de sapatos<br \/>\n\u2714\ufe0f Porta com espelho em 3 l\u00e2minas \u2014 beleza e amplitude para o ambiente<br \/>\n\u2714\ufe0f 5 prateleiras internas \u2014 organiza\u00e7\u00e3o pr\u00e1tica e funcional<br \/>\n\u2714\ufe0f Puxador perfil em a\u00e7o \u2014 moderno e resistente<br \/>\n\u2714\ufe0f P\u00e9s inclusos \u2014 mais estabilidade e acabamento impec\u00e1vel<\/p>\n<p>\ud83d\udcd0 Dimens\u00f5es:<br \/>\n\ud83d\udd39 Altura: 2,25 m<br \/>\n\ud83d\udd39 Largura: 0,63 m<br \/>\n\ud83d\udd39 Profundidade: 0,55 m<\/p>\n<p>\ud83d\ude9a Entrega e montagem no mesmo dia<br \/>\n\u2705 100% GR\u00c1TIS<br \/>\n\ud83d\udccd Bel\u00e9m, Ananindeua e Marituba<br \/>\n\ud83d\udcac Compre na loja f\u00edsica ou pelo WhatsApp<br \/>\n\ud83d\udcb3 Pagamento no ato da entrega<br \/>\n\ud83d\udee1\ufe0f Produto novo com garantia do fabricante<\/p>\n<p>\ud83d\udd25 LAN\u00c7AMENTO EXCLUSIVO<br \/>\n\ud83d\udc49 Por apenas <span style=\"color: #ff0000;\"><strong>12x de R$ 166,58<\/strong><\/span> sem juros no cart\u00e3o<br \/>\n\ud83d\udca5 Ou \u00e0 vista por R$ 1.999,00<\/p>\n<p>\u2728 Organiza\u00e7\u00e3o inteligente que valoriza seu espa\u00e7o \u2014 s\u00f3 na Tudo M\u00f3veis!<\/p>\n","protected":false},"excerpt":{"rendered":"<p>Por apenas 10x de <span style=\"color: #ff0000;\">R$169,90<\/span> sem juros no cart\u00e3o ou \u00e0 vista por <span style=\"color: #ff0000;\">R$1.699,00.<\/span><\/p>\n","protected":false},"featured_media":32897,"comment_status":"closed","ping_status":"closed","template":"","meta":[],"product_brand":[],"product_cat":[23,76],"product_tag":[],"class_list":{"0":"post-32894","1":"product","2":"type-product","3":"status-publish","4":"has-post-thumbnail","6":"product_cat-colchoes","7":"product_cat-sapateira","9":"first","10":"instock","11":"shipping-taxable","12":"product-type-simple"},"_links":{"self":[{"href":"https:\/\/tudomoveisbelem.com.br\/v19\/wp-json\/wp\/v2\/product\/32894","targetHints":{"allow":["GET"]}}],"collection":[{"href":"https:\/\/tudomoveisbelem.com.br\/v19\/wp-json\/wp\/v2\/product"}],"about":[{"href":"https:\/\/tudomoveisbelem.com.br\/v19\/wp-json\/wp\/v2\/types\/product"}],"replies":[{"embeddable":true,"href":"https:\/\/tudomoveisbelem.com.br\/v19\/wp-json\/wp\/v2\/comments?post=32894"}],"version-history":[{"count":4,"href":"https:\/\/tudomoveisbelem.com.br\/v19\/wp-json\/wp\/v2\/product\/32894\/revisions"}],"predecessor-version":[{"id":37077,"href":"https:\/\/tudomoveisbelem.com.br\/v19\/wp-json\/wp\/v2\/product\/32894\/revisions\/37077"}],"wp:featuredmedia":[{"embeddable":true,"href":"https:\/\/tudomoveisbelem.com.br\/v19\/wp-json\/wp\/v2\/media\/32897"}],"wp:attachment":[{"href":"https:\/\/tudomoveisbelem.com.br\/v19\/wp-json\/wp\/v2\/media?parent=32894"}],"wp:term":[{"taxonomy":"product_brand","embeddable":true,"href":"https:\/\/tudomoveisbelem.com.br\/v19\/wp-json\/wp\/v2\/product_brand?post=32894"},{"taxonomy":"product_cat","embeddable":true,"href":"https:\/\/tudomoveisbelem.com.br\/v19\/wp-json\/wp\/v2\/product_cat?post=32894"},{"taxonomy":"product_tag","embeddable":true,"href":"https:\/\/tudomoveisbelem.com.br\/v19\/wp-json\/wp\/v2\/product_tag?post=32894"}],"curies":[{"name":"wp","href":"https:\/\/api.w.org\/{rel}","templated":true}]}}