{"id":32568,"date":"2025-02-17T18:13:12","date_gmt":"2025-02-17T18:13:12","guid":{"rendered":"https:\/\/tudomoveisbelem.com.br\/v19\/?post_type=product&#038;p=32568"},"modified":"2026-03-13T14:53:13","modified_gmt":"2026-03-13T14:53:13","slug":"roupeiro-casal-100-mdf-com-espelho-e-6-portas-10x-de-r-27990","status":"publish","type":"product","link":"https:\/\/tudomoveisbelem.com.br\/v19\/produto\/roupeiro-casal-100-mdf-com-espelho-e-6-portas-10x-de-r-27990\/","title":{"rendered":"Roupeiro Casal 100% MDF com Espelho e 6 Portas. 1,83 M 12x de R$ 274,92"},"content":{"rendered":"<p>O local onde voc\u00ea guarda suas roupas e acess\u00f3rios deve ser projetado de acordo com seu estilo de vida e do tamanho da sua casa! Por isso, lhe apresentamos esse bel\u00edssimo Roupeiro Casal 100% MDF com Espelho e 6 Portas que possui um espelho para montar aquele look, 6 portas que trazem um charme essencial, 4 gavetas externas que agregam amplitude e espa\u00e7o pro seu dia a dia. Com material 100% MDF vai garantir durabilidade do seu produto. Sua casa e seu quarto precisam deste m\u00f3vel. Ent\u00e3o, n\u00e3o perde mais tempo e vem adquirir logo o seu!<\/p>\n<p>Diferenciais:<br \/>\n&#8211; 100% MDF;<br \/>\n&#8211; Puxadores MDF;<br \/>\n&#8211; Cabideiro em Alum\u00ednio;<br \/>\n&#8211; P\u00e9s em PVC;<br \/>\n&#8211; Corredi\u00e7as Telesc\u00f3picas.<\/p>\n<p>Dimens\u00f5es:<br \/>\nAltura: 2.14 M<br \/>\nLargura: 1.83 M<br \/>\nProfundidade: 0,47 CM<\/p>\n<p>&nbsp;<\/p>\n<p>&nbsp;<\/p>\n<p>Por apenas 12x de R$ 274,92 sem juros no cart\u00e3o ou \u00e0 vista por R$ 3.299,00<\/p>\n","protected":false},"excerpt":{"rendered":"<p>O local onde voc\u00ea guarda suas roupas e acess\u00f3rios deve ser projetado de acordo com seu estilo de vida e do tamanho da sua casa! Por isso, lhe apresentamos esse bel\u00edssimo Roupeiro Casal 100% MDF com Espelho e 6 Portas que possui um espelho para montar aquele look, 6 portas que trazem um charme essencial, &hellip; <a href=\"https:\/\/tudomoveisbelem.com.br\/v19\/produto\/roupeiro-casal-100-mdf-com-espelho-e-6-portas-10x-de-r-27990\/\" class=\"more-link\">Continue lendo<span class=\"screen-reader-text\"> &#8220;Roupeiro Casal 100% MDF com Espelho e 6 Portas. 1,83 M 12x de R$ 274,92&#8221;<\/span><\/a><\/p>\n","protected":false},"featured_media":32569,"comment_status":"closed","ping_status":"closed","template":"","meta":[],"product_brand":[],"product_cat":[42,23,41,82],"product_tag":[],"class_list":{"0":"post-32568","1":"product","2":"type-product","3":"status-publish","4":"has-post-thumbnail","6":"product_cat-moveis-de-quarto","7":"product_cat-colchoes","8":"product_cat-roupeiros","9":"product_cat-tudo-de-quarto","11":"first","12":"instock","13":"shipping-taxable","14":"product-type-simple"},"_links":{"self":[{"href":"https:\/\/tudomoveisbelem.com.br\/v19\/wp-json\/wp\/v2\/product\/32568","targetHints":{"allow":["GET"]}}],"collection":[{"href":"https:\/\/tudomoveisbelem.com.br\/v19\/wp-json\/wp\/v2\/product"}],"about":[{"href":"https:\/\/tudomoveisbelem.com.br\/v19\/wp-json\/wp\/v2\/types\/product"}],"replies":[{"embeddable":true,"href":"https:\/\/tudomoveisbelem.com.br\/v19\/wp-json\/wp\/v2\/comments?post=32568"}],"version-history":[{"count":5,"href":"https:\/\/tudomoveisbelem.com.br\/v19\/wp-json\/wp\/v2\/product\/32568\/revisions"}],"predecessor-version":[{"id":37052,"href":"https:\/\/tudomoveisbelem.com.br\/v19\/wp-json\/wp\/v2\/product\/32568\/revisions\/37052"}],"wp:featuredmedia":[{"embeddable":true,"href":"https:\/\/tudomoveisbelem.com.br\/v19\/wp-json\/wp\/v2\/media\/32569"}],"wp:attachment":[{"href":"https:\/\/tudomoveisbelem.com.br\/v19\/wp-json\/wp\/v2\/media?parent=32568"}],"wp:term":[{"taxonomy":"product_brand","embeddable":true,"href":"https:\/\/tudomoveisbelem.com.br\/v19\/wp-json\/wp\/v2\/product_brand?post=32568"},{"taxonomy":"product_cat","embeddable":true,"href":"https:\/\/tudomoveisbelem.com.br\/v19\/wp-json\/wp\/v2\/product_cat?post=32568"},{"taxonomy":"product_tag","embeddable":true,"href":"https:\/\/tudomoveisbelem.com.br\/v19\/wp-json\/wp\/v2\/product_tag?post=32568"}],"curies":[{"name":"wp","href":"https:\/\/api.w.org\/{rel}","templated":true}]}}