{"id":32530,"date":"2025-02-14T20:32:13","date_gmt":"2025-02-14T20:32:13","guid":{"rendered":"https:\/\/tudomoveisbelem.com.br\/v19\/?post_type=product&#038;p=32530"},"modified":"2026-03-30T17:14:01","modified_gmt":"2026-03-30T17:14:01","slug":"roupeiro-solteirao-100-mdf-com-espelho-e-4-portas-10x-de-r-24990","status":"publish","type":"product","link":"https:\/\/tudomoveisbelem.com.br\/v19\/produto\/roupeiro-solteirao-100-mdf-com-espelho-e-4-portas-10x-de-r-24990\/","title":{"rendered":"Roupeiro Solteir\u00e3o 100% MDF com Espelho e 4 Portas 12x de R$ 224,92."},"content":{"rendered":"<p>O Roupeiro Solteir\u00e3o 100% MDF com Espelho e 4 Portas \u00e9 a escolha perfeita para seu quarto! Possui design moderno e elegante, com divis\u00f5es bem espa\u00e7osas para atender suas necessidades e agregar beleza ao seu ambiente. Produzido com 100% MDF \u00e9 resistente e de alta qualidade. Este m\u00f3vel possui 2 gavetas internas, cabideiro e diversos nichos. Te ajudando a acomodar muito bem suas pe\u00e7as e outros objetos para deixar seu espa\u00e7o bem organizado com charme e eleg\u00e2ncia. O que voc\u00ea est\u00e1 esperando para ter essa belezinha na sua casa? Adquira o seu conosco!<\/p>\n<p>Diferenciais:<br \/>\n&#8211; 100% MDF;<br \/>\n&#8211; Puxadores MDF;<br \/>\n&#8211; Cabideiro em Alum\u00ednio;<br \/>\n&#8211; P\u00e9s em PVC;<br \/>\n&#8211; Corredi\u00e7as Telesc\u00f3picas.<\/p>\n<p>Dimens\u00f5es:<br \/>\nAltura: 2.26 M<br \/>\nLargura: 1.45 M<br \/>\nProfundidade: 0,47 CM<\/p>\n<p>&nbsp;<\/p>\n<p>&nbsp;<\/p>\n<p>Por apenas 12x de R$ 224,92 sem juros no cart\u00e3o ou \u00e0 vista por R$ 2.699,00.<\/p>\n","protected":false},"excerpt":{"rendered":"<p>&nbsp;<\/p>\n<p>&nbsp;<\/p>\n","protected":false},"featured_media":32537,"comment_status":"closed","ping_status":"closed","template":"","meta":[],"product_brand":[],"product_cat":[42,23,41,82],"product_tag":[],"class_list":{"0":"post-32530","1":"product","2":"type-product","3":"status-publish","4":"has-post-thumbnail","6":"product_cat-moveis-de-quarto","7":"product_cat-colchoes","8":"product_cat-roupeiros","9":"product_cat-tudo-de-quarto","11":"first","12":"instock","13":"shipping-taxable","14":"product-type-simple"},"_links":{"self":[{"href":"https:\/\/tudomoveisbelem.com.br\/v19\/wp-json\/wp\/v2\/product\/32530","targetHints":{"allow":["GET"]}}],"collection":[{"href":"https:\/\/tudomoveisbelem.com.br\/v19\/wp-json\/wp\/v2\/product"}],"about":[{"href":"https:\/\/tudomoveisbelem.com.br\/v19\/wp-json\/wp\/v2\/types\/product"}],"replies":[{"embeddable":true,"href":"https:\/\/tudomoveisbelem.com.br\/v19\/wp-json\/wp\/v2\/comments?post=32530"}],"version-history":[{"count":5,"href":"https:\/\/tudomoveisbelem.com.br\/v19\/wp-json\/wp\/v2\/product\/32530\/revisions"}],"predecessor-version":[{"id":37175,"href":"https:\/\/tudomoveisbelem.com.br\/v19\/wp-json\/wp\/v2\/product\/32530\/revisions\/37175"}],"wp:featuredmedia":[{"embeddable":true,"href":"https:\/\/tudomoveisbelem.com.br\/v19\/wp-json\/wp\/v2\/media\/32537"}],"wp:attachment":[{"href":"https:\/\/tudomoveisbelem.com.br\/v19\/wp-json\/wp\/v2\/media?parent=32530"}],"wp:term":[{"taxonomy":"product_brand","embeddable":true,"href":"https:\/\/tudomoveisbelem.com.br\/v19\/wp-json\/wp\/v2\/product_brand?post=32530"},{"taxonomy":"product_cat","embeddable":true,"href":"https:\/\/tudomoveisbelem.com.br\/v19\/wp-json\/wp\/v2\/product_cat?post=32530"},{"taxonomy":"product_tag","embeddable":true,"href":"https:\/\/tudomoveisbelem.com.br\/v19\/wp-json\/wp\/v2\/product_tag?post=32530"}],"curies":[{"name":"wp","href":"https:\/\/api.w.org\/{rel}","templated":true}]}}