{"id":32370,"date":"2025-02-03T15:13:35","date_gmt":"2025-02-03T15:13:35","guid":{"rendered":"https:\/\/tudomoveisbelem.com.br\/v19\/?post_type=product&#038;p=32370"},"modified":"2025-02-03T15:13:36","modified_gmt":"2025-02-03T15:13:36","slug":"armario-porta-objetos-4-portas-com-chaves-10x-de-r-13990","status":"publish","type":"product","link":"https:\/\/tudomoveisbelem.com.br\/v19\/produto\/armario-porta-objetos-4-portas-com-chaves-10x-de-r-13990\/","title":{"rendered":"Arm\u00e1rio Porta Objetos 4 Portas com Chaves 10x de R$ 139,90"},"content":{"rendered":"<p>O Arm\u00e1rio Porta Objetos 4 Portas com Chaves \u00e9 perfeito para alojamentos, escrit\u00f3rios, almoxarifados, laborat\u00f3rios, hospitais, farm\u00e1cias, dep\u00f3sitos, academias, supermercados, vesti\u00e1rios, e diversos outros ambientes. Composto por 4 Portas, super resistente, possui p\u00e9s para um perfeito acabamento. Com um toque moderno e de personalidade para a decora\u00e7\u00e3o do seu ambiente. Este produto possui qualidade, resist\u00eancia e durabilidade garantida pelo uso de mat\u00e9rias-primas de alto padr\u00e3o! O que voc\u00ea est\u00e1 esperando para comprar logo o seu? Venha adquirir logo o seu!<\/p>\n<p>Dimens\u00f5es:<br \/>\nAltura: 1.75 M<br \/>\nLargura: 0,40 CM<br \/>\nProfundidade: 0,40 CM<\/p>\n","protected":false},"excerpt":{"rendered":"<p>Por apenas 10x de<span style=\"color: #ff0000;\">\u00a0R$139,90<\/span> sem juros no cart\u00e3o ou \u00e0 vista por <span style=\"color: #ff0000;\">R$1.399,00.<\/span><\/p>\n","protected":false},"featured_media":32371,"comment_status":"closed","ping_status":"closed","template":"","meta":[],"product_brand":[],"product_cat":[32],"product_tag":[],"class_list":{"0":"post-32370","1":"product","2":"type-product","3":"status-publish","4":"has-post-thumbnail","6":"product_cat-escritorio","8":"first","9":"instock","10":"shipping-taxable","11":"product-type-simple"},"_links":{"self":[{"href":"https:\/\/tudomoveisbelem.com.br\/v19\/wp-json\/wp\/v2\/product\/32370","targetHints":{"allow":["GET"]}}],"collection":[{"href":"https:\/\/tudomoveisbelem.com.br\/v19\/wp-json\/wp\/v2\/product"}],"about":[{"href":"https:\/\/tudomoveisbelem.com.br\/v19\/wp-json\/wp\/v2\/types\/product"}],"replies":[{"embeddable":true,"href":"https:\/\/tudomoveisbelem.com.br\/v19\/wp-json\/wp\/v2\/comments?post=32370"}],"version-history":[{"count":1,"href":"https:\/\/tudomoveisbelem.com.br\/v19\/wp-json\/wp\/v2\/product\/32370\/revisions"}],"predecessor-version":[{"id":32373,"href":"https:\/\/tudomoveisbelem.com.br\/v19\/wp-json\/wp\/v2\/product\/32370\/revisions\/32373"}],"wp:featuredmedia":[{"embeddable":true,"href":"https:\/\/tudomoveisbelem.com.br\/v19\/wp-json\/wp\/v2\/media\/32371"}],"wp:attachment":[{"href":"https:\/\/tudomoveisbelem.com.br\/v19\/wp-json\/wp\/v2\/media?parent=32370"}],"wp:term":[{"taxonomy":"product_brand","embeddable":true,"href":"https:\/\/tudomoveisbelem.com.br\/v19\/wp-json\/wp\/v2\/product_brand?post=32370"},{"taxonomy":"product_cat","embeddable":true,"href":"https:\/\/tudomoveisbelem.com.br\/v19\/wp-json\/wp\/v2\/product_cat?post=32370"},{"taxonomy":"product_tag","embeddable":true,"href":"https:\/\/tudomoveisbelem.com.br\/v19\/wp-json\/wp\/v2\/product_tag?post=32370"}],"curies":[{"name":"wp","href":"https:\/\/api.w.org\/{rel}","templated":true}]}}