{"id":32196,"date":"2025-01-13T17:50:12","date_gmt":"2025-01-13T17:50:12","guid":{"rendered":"https:\/\/tudomoveisbelem.com.br\/v19\/?post_type=product&#038;p=32196"},"modified":"2026-03-30T17:05:53","modified_gmt":"2026-03-30T17:05:53","slug":"roupeiro-casal-100-mdf-3-portas-6-gavetas-10x-de-r-33990","status":"publish","type":"product","link":"https:\/\/tudomoveisbelem.com.br\/v19\/produto\/roupeiro-casal-100-mdf-3-portas-6-gavetas-10x-de-r-33990\/","title":{"rendered":"Roupeiro Casal 100% MDF 3 Portas 6 Gavetas 12x de R$349,92."},"content":{"rendered":"<p>&nbsp;<\/p>\n<p>Roupeiro Casal 100% MDF \/ 3 Portas e 6 Gavetas<br \/>\n\u2013 design moderno, alta durabilidade e praticidade em um s\u00f3 m\u00f3vel! \ud83d\udecf\ufe0f\ud83d\udc8e<\/p>\n<p>\ud83d\udd11 Destaques que encantam:<br \/>\n\u2705 Produzido 100% em MDF \u2013 resist\u00eancia e qualidade superior<br \/>\n\u2705 Divis\u00e3o ele e ela: mais organiza\u00e7\u00e3o para o casal<br \/>\n\u2705 Kit espelho que amplia o ambiente e traz sofistica\u00e7\u00e3o<br \/>\n\u2705 Trilho em alum\u00ednio e roldanas com amortecedores \u2013 mais suavidade no uso<br \/>\n\u2705 Gavetas com corredi\u00e7as telesc\u00f3picas e excelente divis\u00e3o interna<br \/>\n\u2705 Cabideiros e calceiro em alum\u00ednio<\/p>\n<p>\ud83d\udcd0 Medidas:<br \/>\nAltura: 2,43 m | Largura: 2,08 m | Profundidade: 0,55 m<\/p>\n<p>\ud83d\udcb3 Condi\u00e7\u00f5es especiais:<br \/>\n\ud83d\udc49 12x de <span style=\"color: #ff0000;\">R$349,92<\/span> sem juros<br \/>\n\ud83d\udc49 ou <span style=\"color: #ff0000;\">R$4.199,00<\/span> \u00e0 vista<\/p>\n<p>\ud83d\ude9a Entrega e montagem gr\u00e1tis no mesmo dia<br \/>\n\ud83d\udcac Compre pelo WhatsApp e pague somente na entrega.<\/p>\n<p>\u2728 Mais que um roupeiro, \u00e9 o toque de sofistica\u00e7\u00e3o que o seu quarto merece! \u2728<\/p>\n<p>&nbsp;<\/p>\n<p>&nbsp;<\/p>\n<p>&nbsp;<\/p>\n","protected":false},"excerpt":{"rendered":"<p>&nbsp; Roupeiro Casal 100% MDF \/ 3 Portas e 6 Gavetas \u2013 design moderno, alta durabilidade e praticidade em um s\u00f3 m\u00f3vel! \ud83d\udecf\ufe0f\ud83d\udc8e \ud83d\udd11 Destaques que encantam: \u2705 Produzido 100% em MDF \u2013 resist\u00eancia e qualidade superior \u2705 Divis\u00e3o ele e ela: mais organiza\u00e7\u00e3o para o casal \u2705 Kit espelho que amplia o ambiente e &hellip; <a href=\"https:\/\/tudomoveisbelem.com.br\/v19\/produto\/roupeiro-casal-100-mdf-3-portas-6-gavetas-10x-de-r-33990\/\" class=\"more-link\">Continue lendo<span class=\"screen-reader-text\"> &#8220;Roupeiro Casal 100% MDF 3 Portas 6 Gavetas 12x de R$349,92.&#8221;<\/span><\/a><\/p>\n","protected":false},"featured_media":32200,"comment_status":"closed","ping_status":"closed","template":"","meta":[],"product_brand":[],"product_cat":[42,23,41],"product_tag":[],"class_list":{"0":"post-32196","1":"product","2":"type-product","3":"status-publish","4":"has-post-thumbnail","6":"product_cat-moveis-de-quarto","7":"product_cat-colchoes","8":"product_cat-roupeiros","10":"first","11":"instock","12":"shipping-taxable","13":"product-type-simple"},"_links":{"self":[{"href":"https:\/\/tudomoveisbelem.com.br\/v19\/wp-json\/wp\/v2\/product\/32196","targetHints":{"allow":["GET"]}}],"collection":[{"href":"https:\/\/tudomoveisbelem.com.br\/v19\/wp-json\/wp\/v2\/product"}],"about":[{"href":"https:\/\/tudomoveisbelem.com.br\/v19\/wp-json\/wp\/v2\/types\/product"}],"replies":[{"embeddable":true,"href":"https:\/\/tudomoveisbelem.com.br\/v19\/wp-json\/wp\/v2\/comments?post=32196"}],"version-history":[{"count":5,"href":"https:\/\/tudomoveisbelem.com.br\/v19\/wp-json\/wp\/v2\/product\/32196\/revisions"}],"predecessor-version":[{"id":37165,"href":"https:\/\/tudomoveisbelem.com.br\/v19\/wp-json\/wp\/v2\/product\/32196\/revisions\/37165"}],"wp:featuredmedia":[{"embeddable":true,"href":"https:\/\/tudomoveisbelem.com.br\/v19\/wp-json\/wp\/v2\/media\/32200"}],"wp:attachment":[{"href":"https:\/\/tudomoveisbelem.com.br\/v19\/wp-json\/wp\/v2\/media?parent=32196"}],"wp:term":[{"taxonomy":"product_brand","embeddable":true,"href":"https:\/\/tudomoveisbelem.com.br\/v19\/wp-json\/wp\/v2\/product_brand?post=32196"},{"taxonomy":"product_cat","embeddable":true,"href":"https:\/\/tudomoveisbelem.com.br\/v19\/wp-json\/wp\/v2\/product_cat?post=32196"},{"taxonomy":"product_tag","embeddable":true,"href":"https:\/\/tudomoveisbelem.com.br\/v19\/wp-json\/wp\/v2\/product_tag?post=32196"}],"curies":[{"name":"wp","href":"https:\/\/api.w.org\/{rel}","templated":true}]}}