{"id":32022,"date":"2024-12-31T13:59:26","date_gmt":"2024-12-31T13:59:26","guid":{"rendered":"https:\/\/tudomoveisbelem.com.br\/v19\/?post_type=product&#038;p=32022"},"modified":"2024-12-31T13:59:26","modified_gmt":"2024-12-31T13:59:26","slug":"painel-ripado-com-nicho-para-tvs-ate-75-com-2-portas-e-suporte-para-tv-10x-de-r","status":"publish","type":"product","link":"https:\/\/tudomoveisbelem.com.br\/v19\/produto\/painel-ripado-com-nicho-para-tvs-ate-75-com-2-portas-e-suporte-para-tv-10x-de-r\/","title":{"rendered":"Painel Ripado com Nicho para TV&#8217;s at\u00e9 75&#8243; com 2 Portas e Suporte para TV 10x de R$"},"content":{"rendered":"<p>Quer reunir a fam\u00edlia e curtir momentos de lazer e descanso em um ambiente organizado e aconchegante? Com o Painel, voc\u00ea ganha espa\u00e7o para acomodar sua TV de at\u00e9 75 polegadas, com duas portas basculantes para itens serem guardados no seu dia a dia. Com design moderno que se destaca pelo ripado, essa pe\u00e7a deixar\u00e1 seu lar-style estiloso e elegante, do jeito que voc\u00ea sempre sonhou.<\/p>\n<p>Dimens\u00f5es:<br \/>\nAltura: 2.07 M<br \/>\nLargura: 2.18 M<br \/>\nProfundidade: 0,32 CM<\/p>\n","protected":false},"excerpt":{"rendered":"<p>Por apenas 10x de\u00a0<span style=\"color: #ff0000;\">R$229,90<\/span> sem juros no cart\u00e3o ou \u00e0 vista por <span style=\"color: #ff0000;\">R$2.299,00.<\/span><\/p>\n","protected":false},"featured_media":32026,"comment_status":"closed","ping_status":"closed","template":"","meta":[],"product_brand":[],"product_cat":[29,44],"product_tag":[],"class_list":{"0":"post-32022","1":"product","2":"type-product","3":"status-publish","4":"has-post-thumbnail","6":"product_cat-sala","7":"product_cat-paineis","9":"first","10":"instock","11":"shipping-taxable","12":"product-type-simple"},"_links":{"self":[{"href":"https:\/\/tudomoveisbelem.com.br\/v19\/wp-json\/wp\/v2\/product\/32022","targetHints":{"allow":["GET"]}}],"collection":[{"href":"https:\/\/tudomoveisbelem.com.br\/v19\/wp-json\/wp\/v2\/product"}],"about":[{"href":"https:\/\/tudomoveisbelem.com.br\/v19\/wp-json\/wp\/v2\/types\/product"}],"replies":[{"embeddable":true,"href":"https:\/\/tudomoveisbelem.com.br\/v19\/wp-json\/wp\/v2\/comments?post=32022"}],"version-history":[{"count":1,"href":"https:\/\/tudomoveisbelem.com.br\/v19\/wp-json\/wp\/v2\/product\/32022\/revisions"}],"predecessor-version":[{"id":32035,"href":"https:\/\/tudomoveisbelem.com.br\/v19\/wp-json\/wp\/v2\/product\/32022\/revisions\/32035"}],"wp:featuredmedia":[{"embeddable":true,"href":"https:\/\/tudomoveisbelem.com.br\/v19\/wp-json\/wp\/v2\/media\/32026"}],"wp:attachment":[{"href":"https:\/\/tudomoveisbelem.com.br\/v19\/wp-json\/wp\/v2\/media?parent=32022"}],"wp:term":[{"taxonomy":"product_brand","embeddable":true,"href":"https:\/\/tudomoveisbelem.com.br\/v19\/wp-json\/wp\/v2\/product_brand?post=32022"},{"taxonomy":"product_cat","embeddable":true,"href":"https:\/\/tudomoveisbelem.com.br\/v19\/wp-json\/wp\/v2\/product_cat?post=32022"},{"taxonomy":"product_tag","embeddable":true,"href":"https:\/\/tudomoveisbelem.com.br\/v19\/wp-json\/wp\/v2\/product_tag?post=32022"}],"curies":[{"name":"wp","href":"https:\/\/api.w.org\/{rel}","templated":true}]}}