{"id":31162,"date":"2024-10-18T17:13:06","date_gmt":"2024-10-18T17:13:06","guid":{"rendered":"https:\/\/tudomoveisbelem.com.br\/v19\/?post_type=product&#038;p=31162"},"modified":"2025-08-25T21:07:18","modified_gmt":"2025-08-25T21:07:18","slug":"armario-aereo-de-canto-baronesa-100-mdf-10x-de-r-6490","status":"publish","type":"product","link":"https:\/\/tudomoveisbelem.com.br\/v19\/produto\/armario-aereo-de-canto-baronesa-100-mdf-10x-de-r-6490\/","title":{"rendered":"Arm\u00e1rio A\u00e9reo de Canto Baronesa 100% MDF."},"content":{"rendered":"<p>\ud83d\udcd0\u2728 CHEGOU NA TUDO M\u00d3VEIS!<br \/>\nFuncionalidade e beleza no detalhe com o ARM\u00c1RIO A\u00c9REO DE CANTO BARONESA \u2014 100% MDF! Ideal pra aproveitar cada espa\u00e7o da sua cozinha com eleg\u00e2ncia. \ud83c\udfe1<\/p>\n<p>\u2728 Destaques do modelo:<br \/>\n\u2714\ufe0f Design contempor\u00e2neo e robusto \u2014 inspirado nas cozinhas planejadas mais modernas.<br \/>\n\u2714\ufe0f 100% MDF com mat\u00e9ria-prima premium \u2014 durabilidade e qualidade em cada pe\u00e7a.<br \/>\n\u2714\ufe0f Nicho aberto com montagem flex\u00edvel \u2014 pode ser montado \u00e0 direita ou \u00e0 esquerda, se ajustando ao seu projeto.<br \/>\n\u2714\ufe0f Compacto e pr\u00e1tico \u2014 perfeito para cantos funcionais sem perder o charme!<\/p>\n<p>\ud83d\udee0\ufe0f E o melhor de tudo? Entrega e montagem GR\u00c1TIS no mesmo dia em Bel\u00e9m, Ananindeua e Marituba!.<\/p>\n<p>\ud83d\udce6 Produto novo, direto da loja pro seu lar, com garantia de f\u00e1brica.<br \/>\n\ud83d\udcf2 Chama no WhatsApp ou venha at\u00e9 uma de nossas lojas f\u00edsicas e leve o seu!<\/p>\n<p>&nbsp;<\/p>\n<p>&nbsp;<\/p>\n<p>Por apenas 10x sem juros de <span style=\"color: #ff0000;\">R$69,90<\/span> no cart\u00e3o ou \u00e0 vista por <span style=\"color: #ff0000;\">R$699,00.<\/span><\/p>\n","protected":false},"excerpt":{"rendered":"<p>\ud83d\udcd0\u2728 CHEGOU NA TUDO M\u00d3VEIS! Funcionalidade e beleza no detalhe com o ARM\u00c1RIO A\u00c9REO DE CANTO BARONESA \u2014 100% MDF! Ideal pra aproveitar cada espa\u00e7o da sua cozinha com eleg\u00e2ncia. \ud83c\udfe1 \u2728 Destaques do modelo: \u2714\ufe0f Design contempor\u00e2neo e robusto \u2014 inspirado nas cozinhas planejadas mais modernas. \u2714\ufe0f 100% MDF com mat\u00e9ria-prima premium \u2014 durabilidade &hellip; <a href=\"https:\/\/tudomoveisbelem.com.br\/v19\/produto\/armario-aereo-de-canto-baronesa-100-mdf-10x-de-r-6490\/\" class=\"more-link\">Continue lendo<span class=\"screen-reader-text\"> &#8220;Arm\u00e1rio A\u00e9reo de Canto Baronesa 100% MDF.&#8221;<\/span><\/a><\/p>\n","protected":false},"featured_media":31163,"comment_status":"closed","ping_status":"closed","template":"","meta":[],"product_brand":[],"product_cat":[22],"product_tag":[],"class_list":{"0":"post-31162","1":"product","2":"type-product","3":"status-publish","4":"has-post-thumbnail","6":"product_cat-moveis","8":"first","9":"instock","10":"shipping-taxable","11":"product-type-simple"},"_links":{"self":[{"href":"https:\/\/tudomoveisbelem.com.br\/v19\/wp-json\/wp\/v2\/product\/31162","targetHints":{"allow":["GET"]}}],"collection":[{"href":"https:\/\/tudomoveisbelem.com.br\/v19\/wp-json\/wp\/v2\/product"}],"about":[{"href":"https:\/\/tudomoveisbelem.com.br\/v19\/wp-json\/wp\/v2\/types\/product"}],"replies":[{"embeddable":true,"href":"https:\/\/tudomoveisbelem.com.br\/v19\/wp-json\/wp\/v2\/comments?post=31162"}],"version-history":[{"count":6,"href":"https:\/\/tudomoveisbelem.com.br\/v19\/wp-json\/wp\/v2\/product\/31162\/revisions"}],"predecessor-version":[{"id":34802,"href":"https:\/\/tudomoveisbelem.com.br\/v19\/wp-json\/wp\/v2\/product\/31162\/revisions\/34802"}],"wp:featuredmedia":[{"embeddable":true,"href":"https:\/\/tudomoveisbelem.com.br\/v19\/wp-json\/wp\/v2\/media\/31163"}],"wp:attachment":[{"href":"https:\/\/tudomoveisbelem.com.br\/v19\/wp-json\/wp\/v2\/media?parent=31162"}],"wp:term":[{"taxonomy":"product_brand","embeddable":true,"href":"https:\/\/tudomoveisbelem.com.br\/v19\/wp-json\/wp\/v2\/product_brand?post=31162"},{"taxonomy":"product_cat","embeddable":true,"href":"https:\/\/tudomoveisbelem.com.br\/v19\/wp-json\/wp\/v2\/product_cat?post=31162"},{"taxonomy":"product_tag","embeddable":true,"href":"https:\/\/tudomoveisbelem.com.br\/v19\/wp-json\/wp\/v2\/product_tag?post=31162"}],"curies":[{"name":"wp","href":"https:\/\/api.w.org\/{rel}","templated":true}]}}