{"id":30241,"date":"2024-07-08T20:32:25","date_gmt":"2024-07-08T20:32:25","guid":{"rendered":"https:\/\/tudomoveisbelem.com.br\/v19\/?post_type=product&#038;p=30241"},"modified":"2025-08-25T21:24:13","modified_gmt":"2025-08-25T21:24:13","slug":"balcao-1-porta-e-3-gavetas-100-mdf-marquesa-10x-de-r-17690","status":"publish","type":"product","link":"https:\/\/tudomoveisbelem.com.br\/v19\/produto\/balcao-1-porta-e-3-gavetas-100-mdf-marquesa-10x-de-r-17690\/","title":{"rendered":"Balc\u00e3o 1 Porta e 3 Gavetas 100% MDF Marquesa"},"content":{"rendered":"<p>O balc\u00e3o de cozinha Marquesa Nesher \u00e9 a escolha perfeita para quem busca praticidade e estilo na sua cozinha. Com 1 porta e 3 gavetas, sendo uma delas exclusiva para porta tempero e outra com organizador de talheres, oferece amplo espa\u00e7o de armazenamento para utens\u00edlios, mantimentos e acess\u00f3rios culin\u00e1rios. A porta possui dobradi\u00e7a com freio anti-impacto slow motion, proporcionando um fechamento suave e seguro. A estrutura do balc\u00e3o \u00e9 feita em 100% MDF garantindo resist\u00eancia e durabilidade. Suas cores trazem um toque de charme e leveza ao ambiente. Al\u00e9m disso, o balc\u00e3o Marquesa da Nesher \u00e9 projetado para facilitar a organiza\u00e7\u00e3o da sua cozinha, oferecendo compartimentos espec\u00edficos para diferentes itens. Com este balc\u00e3o, voc\u00ea ter\u00e1 um m\u00f3vel funcional e elegante, que combina praticidade e estilo para deixar sua cozinha ainda mais bonita e organizada.<\/p>\n<p>Dimens\u00f5es<br \/>\nLargura: 1.20 M<br \/>\nAltura: 0,91 CM<br \/>\nProfundidade: 0,52 CM<\/p>\n<p>&nbsp;<\/p>\n<p>&nbsp;<\/p>\n<p>Por apenas 10x de <span style=\"color: #ff0000;\">R$169,90<\/span> sem juros no cart\u00e3o ou \u00e0 vista por <span style=\"color: #ff0000;\">R$1.699,00.<\/span><\/p>\n","protected":false},"excerpt":{"rendered":"<p>O balc\u00e3o de cozinha Marquesa Nesher \u00e9 a escolha perfeita para quem busca praticidade e estilo na sua cozinha. Com 1 porta e 3 gavetas, sendo uma delas exclusiva para porta tempero e outra com organizador de talheres, oferece amplo espa\u00e7o de armazenamento para utens\u00edlios, mantimentos e acess\u00f3rios culin\u00e1rios. A porta possui dobradi\u00e7a com freio &hellip; <a href=\"https:\/\/tudomoveisbelem.com.br\/v19\/produto\/balcao-1-porta-e-3-gavetas-100-mdf-marquesa-10x-de-r-17690\/\" class=\"more-link\">Continue lendo<span class=\"screen-reader-text\"> &#8220;Balc\u00e3o 1 Porta e 3 Gavetas 100% MDF Marquesa&#8221;<\/span><\/a><\/p>\n","protected":false},"featured_media":30246,"comment_status":"closed","ping_status":"closed","template":"","meta":[],"product_brand":[],"product_cat":[22],"product_tag":[],"class_list":{"0":"post-30241","1":"product","2":"type-product","3":"status-publish","4":"has-post-thumbnail","6":"product_cat-moveis","8":"first","9":"instock","10":"shipping-taxable","11":"product-type-simple"},"_links":{"self":[{"href":"https:\/\/tudomoveisbelem.com.br\/v19\/wp-json\/wp\/v2\/product\/30241","targetHints":{"allow":["GET"]}}],"collection":[{"href":"https:\/\/tudomoveisbelem.com.br\/v19\/wp-json\/wp\/v2\/product"}],"about":[{"href":"https:\/\/tudomoveisbelem.com.br\/v19\/wp-json\/wp\/v2\/types\/product"}],"replies":[{"embeddable":true,"href":"https:\/\/tudomoveisbelem.com.br\/v19\/wp-json\/wp\/v2\/comments?post=30241"}],"version-history":[{"count":4,"href":"https:\/\/tudomoveisbelem.com.br\/v19\/wp-json\/wp\/v2\/product\/30241\/revisions"}],"predecessor-version":[{"id":34808,"href":"https:\/\/tudomoveisbelem.com.br\/v19\/wp-json\/wp\/v2\/product\/30241\/revisions\/34808"}],"wp:featuredmedia":[{"embeddable":true,"href":"https:\/\/tudomoveisbelem.com.br\/v19\/wp-json\/wp\/v2\/media\/30246"}],"wp:attachment":[{"href":"https:\/\/tudomoveisbelem.com.br\/v19\/wp-json\/wp\/v2\/media?parent=30241"}],"wp:term":[{"taxonomy":"product_brand","embeddable":true,"href":"https:\/\/tudomoveisbelem.com.br\/v19\/wp-json\/wp\/v2\/product_brand?post=30241"},{"taxonomy":"product_cat","embeddable":true,"href":"https:\/\/tudomoveisbelem.com.br\/v19\/wp-json\/wp\/v2\/product_cat?post=30241"},{"taxonomy":"product_tag","embeddable":true,"href":"https:\/\/tudomoveisbelem.com.br\/v19\/wp-json\/wp\/v2\/product_tag?post=30241"}],"curies":[{"name":"wp","href":"https:\/\/api.w.org\/{rel}","templated":true}]}}