{"id":29529,"date":"2024-06-04T15:25:33","date_gmt":"2024-06-04T15:25:33","guid":{"rendered":"https:\/\/tudomoveisbelem.com.br\/v19\/?post_type=product&#038;p=29529"},"modified":"2026-03-30T16:03:36","modified_gmt":"2026-03-30T16:03:36","slug":"sofa-de-canto-com-almofadas-e-bracos-alchoados-10x-de-r-22990","status":"publish","type":"product","link":"https:\/\/tudomoveisbelem.com.br\/v19\/produto\/sofa-de-canto-com-almofadas-e-bracos-alchoados-10x-de-r-22990\/","title":{"rendered":"Sof\u00e1 de Canto com Almofadas e Bra\u00e7os Acolchoados 10x de R$279,90."},"content":{"rendered":"<p>Sua fam\u00edlia vai ficar toda confort\u00e1vel nesse sof\u00e1 de canto. Com 5 lugares, ele se encaixa no canto do c\u00f4modo e te ajuda a otimizar o espa\u00e7o dispon\u00edvel. J\u00e1 a estrutura interna resistente em madeira, o estofamento em espumas D28 e D26, percintas el\u00e1sticas e o revestimento em suede aveludodo deixam todos \u00e0 vontade para relaxar e dar play na sess\u00e3o cinema. Gra\u00e7as ao seu desing elegante, sua casa ficar\u00e1 bem-decorada e charmosa, como voc\u00ea merece.<\/p>\n<p>Especifica\u00e7\u00f5es:<br \/>\n&#8211; Tecido: Suede Aveludado;<br \/>\n&#8211; Assentos: Espuma D-28;<br \/>\n&#8211; Bra\u00e7os: Espuma D-26;<br \/>\n&#8211; Encosto: Fibra Siliconada;<br \/>\n&#8211; Estrutura: Madeira Eucalipto Tratada;<\/p>\n<p>Dimens\u00f5es:<br \/>\nLargura: 1.95 M \u00d7 1.95 M<br \/>\nProfundidade: 0,80 CM<br \/>\nAltura: 0,90 CM<\/p>\n<p>&nbsp;<\/p>\n<p>&nbsp;<\/p>\n<p>Por apenas 10x de <span style=\"color: #ff0000;\">R$279,90<\/span> sem juros no cart\u00e3o ou \u00e0 vista por <span style=\"color: #ff0000;\">R$2.799,00.<\/span><\/p>\n","protected":false},"excerpt":{"rendered":"<p>Sua fam\u00edlia vai ficar toda confort\u00e1vel nesse sof\u00e1 de canto. Com 5 lugares, ele se encaixa no canto do c\u00f4modo e te ajuda a otimizar o espa\u00e7o dispon\u00edvel. J\u00e1 a estrutura interna resistente em madeira, o estofamento em espumas D28 e D26, percintas el\u00e1sticas e o revestimento em suede aveludodo deixam todos \u00e0 vontade para &hellip; <a href=\"https:\/\/tudomoveisbelem.com.br\/v19\/produto\/sofa-de-canto-com-almofadas-e-bracos-alchoados-10x-de-r-22990\/\" class=\"more-link\">Continue lendo<span class=\"screen-reader-text\"> &#8220;Sof\u00e1 de Canto com Almofadas e Bra\u00e7os Acolchoados 10x de R$279,90.&#8221;<\/span><\/a><\/p>\n","protected":false},"featured_media":29531,"comment_status":"closed","ping_status":"closed","template":"","meta":[],"product_brand":[],"product_cat":[30],"product_tag":[],"class_list":{"0":"post-29529","1":"product","2":"type-product","3":"status-publish","4":"has-post-thumbnail","6":"product_cat-sofas","8":"first","9":"instock","10":"shipping-taxable","11":"product-type-simple"},"_links":{"self":[{"href":"https:\/\/tudomoveisbelem.com.br\/v19\/wp-json\/wp\/v2\/product\/29529","targetHints":{"allow":["GET"]}}],"collection":[{"href":"https:\/\/tudomoveisbelem.com.br\/v19\/wp-json\/wp\/v2\/product"}],"about":[{"href":"https:\/\/tudomoveisbelem.com.br\/v19\/wp-json\/wp\/v2\/types\/product"}],"replies":[{"embeddable":true,"href":"https:\/\/tudomoveisbelem.com.br\/v19\/wp-json\/wp\/v2\/comments?post=29529"}],"version-history":[{"count":9,"href":"https:\/\/tudomoveisbelem.com.br\/v19\/wp-json\/wp\/v2\/product\/29529\/revisions"}],"predecessor-version":[{"id":37138,"href":"https:\/\/tudomoveisbelem.com.br\/v19\/wp-json\/wp\/v2\/product\/29529\/revisions\/37138"}],"wp:featuredmedia":[{"embeddable":true,"href":"https:\/\/tudomoveisbelem.com.br\/v19\/wp-json\/wp\/v2\/media\/29531"}],"wp:attachment":[{"href":"https:\/\/tudomoveisbelem.com.br\/v19\/wp-json\/wp\/v2\/media?parent=29529"}],"wp:term":[{"taxonomy":"product_brand","embeddable":true,"href":"https:\/\/tudomoveisbelem.com.br\/v19\/wp-json\/wp\/v2\/product_brand?post=29529"},{"taxonomy":"product_cat","embeddable":true,"href":"https:\/\/tudomoveisbelem.com.br\/v19\/wp-json\/wp\/v2\/product_cat?post=29529"},{"taxonomy":"product_tag","embeddable":true,"href":"https:\/\/tudomoveisbelem.com.br\/v19\/wp-json\/wp\/v2\/product_tag?post=29529"}],"curies":[{"name":"wp","href":"https:\/\/api.w.org\/{rel}","templated":true}]}}