{"id":29524,"date":"2024-06-04T15:21:33","date_gmt":"2024-06-04T15:21:33","guid":{"rendered":"https:\/\/tudomoveisbelem.com.br\/v19\/?post_type=product&#038;p=29524"},"modified":"2025-08-26T16:40:18","modified_gmt":"2025-08-26T16:40:18","slug":"poltrona-e-puff-com-pillowtop-e-pes-em-madeira-10x-de-r-9990-poltrona-e-10x-de-r-2990-puff","status":"publish","type":"product","link":"https:\/\/tudomoveisbelem.com.br\/v19\/produto\/poltrona-e-puff-com-pillowtop-e-pes-em-madeira-10x-de-r-9990-poltrona-e-10x-de-r-2990-puff\/","title":{"rendered":"Poltrona e Puff com Pillowtop e P\u00e9s em Madeira"},"content":{"rendered":"<p>Se voc\u00ea busca beleza em uma poltrona com aspectos robustos e aconchegantes, sem deixar a qualidade para segundo plano, voc\u00ea acabou de encontrar. Bonita e funcional, al\u00e9m de ideal para se acomodar, seu design moderno se adapta a qualquer ambiente, como pe\u00e7a\u00a0excelente para decora\u00e7\u00e3o. Impec\u00e1vel quando o aspecto \u00e9 qualidade e comodidade, sua estrutura e p\u00e9s de madeira, conferem bastante resist\u00eancia ao m\u00f3vel. Al\u00e9m disso, o pillowtop com detalhe costurado em seu encosto e assento agregam conforto e beleza \u00e0 pe\u00e7a, deixando-a \u00fanica. O Puff possui as mesmas especifica\u00e7\u00f5es acima referentes a poltrona e pode ser adquirido separadamente. Voc\u00ea se surpreender\u00e1 com nosso m\u00f3vel e com o que ele poder\u00e1 proporcionar para voc\u00ea!<\/p>\n<p>Especifica\u00e7\u00f5es:<br \/>\n&#8211; Tecido: Suede Aveludado;<br \/>\n&#8211; Assentos: Fibra Siliconada<br \/>\n&#8211; Encosto: Fibra Siliconada;<br \/>\n&#8211; Estrutura: Madeira Eucalipto Tratada;<br \/>\n&#8211; P\u00e9s em Madeira Maci\u00e7a.<\/p>\n<p>Dimens\u00f5es Poltrona:<br \/>\nLargura: 1.00 M<br \/>\nProfundidade: 0,95 CM<br \/>\nAltura: 1.03 M<\/p>\n<p>Dimens\u00f5es Puff:<br \/>\nLargura: 0,58 CM<br \/>\nProfundidade: 0,65 CM<br \/>\nAltura: 0,55 CM<\/p>\n<p>&nbsp;<\/p>\n<p>&nbsp;<\/p>\n<p>&nbsp;<\/p>\n<p><span style=\"color: #ff0000;\">Poltrona Onix<\/span><br \/>\nDe <del><span style=\"color: #ff0000;\">R$1.300,00<\/span><\/del><br \/>\nPor apenas 10x de <span style=\"color: #ff0000;\">R$119,90<\/span> sem juros no cart\u00e3o ou \u00e0 vista por <span style=\"color: #ff0000;\">R$1.199,00.<\/span><\/p>\n<p><span style=\"color: #ff0000;\">Puff Onix<\/span><br \/>\nDe <del><span style=\"color: #ff0000;\">R$500,00<\/span><\/del><br \/>\nPor apenas 10x de <span style=\"color: #ff0000;\">R$39,90<\/span> sem juros no cart\u00e3o ou \u00e0 vista por <span style=\"color: #ff0000;\">R$399,00.<\/span><\/p>\n<p><span style=\"color: #ff0000;\">Obs: Poltrona e Puff vendidos separadamente.<\/span><\/p>\n","protected":false},"excerpt":{"rendered":"<p>Se voc\u00ea busca beleza em uma poltrona com aspectos robustos e aconchegantes, sem deixar a qualidade para segundo plano, voc\u00ea acabou de encontrar. Bonita e funcional, al\u00e9m de ideal para se acomodar, seu design moderno se adapta a qualquer ambiente, como pe\u00e7a\u00a0excelente para decora\u00e7\u00e3o. Impec\u00e1vel quando o aspecto \u00e9 qualidade e comodidade, sua estrutura e &hellip; <a href=\"https:\/\/tudomoveisbelem.com.br\/v19\/produto\/poltrona-e-puff-com-pillowtop-e-pes-em-madeira-10x-de-r-9990-poltrona-e-10x-de-r-2990-puff\/\" class=\"more-link\">Continue lendo<span class=\"screen-reader-text\"> &#8220;Poltrona e Puff com Pillowtop e P\u00e9s em Madeira&#8221;<\/span><\/a><\/p>\n","protected":false},"featured_media":29526,"comment_status":"closed","ping_status":"closed","template":"","meta":[],"product_brand":[],"product_cat":[154,82],"product_tag":[],"class_list":{"0":"post-29524","1":"product","2":"type-product","3":"status-publish","4":"has-post-thumbnail","6":"product_cat-aparadores-buffets","7":"product_cat-tudo-de-quarto","9":"first","10":"instock","11":"shipping-taxable","12":"product-type-simple"},"_links":{"self":[{"href":"https:\/\/tudomoveisbelem.com.br\/v19\/wp-json\/wp\/v2\/product\/29524","targetHints":{"allow":["GET"]}}],"collection":[{"href":"https:\/\/tudomoveisbelem.com.br\/v19\/wp-json\/wp\/v2\/product"}],"about":[{"href":"https:\/\/tudomoveisbelem.com.br\/v19\/wp-json\/wp\/v2\/types\/product"}],"replies":[{"embeddable":true,"href":"https:\/\/tudomoveisbelem.com.br\/v19\/wp-json\/wp\/v2\/comments?post=29524"}],"version-history":[{"count":5,"href":"https:\/\/tudomoveisbelem.com.br\/v19\/wp-json\/wp\/v2\/product\/29524\/revisions"}],"predecessor-version":[{"id":34840,"href":"https:\/\/tudomoveisbelem.com.br\/v19\/wp-json\/wp\/v2\/product\/29524\/revisions\/34840"}],"wp:featuredmedia":[{"embeddable":true,"href":"https:\/\/tudomoveisbelem.com.br\/v19\/wp-json\/wp\/v2\/media\/29526"}],"wp:attachment":[{"href":"https:\/\/tudomoveisbelem.com.br\/v19\/wp-json\/wp\/v2\/media?parent=29524"}],"wp:term":[{"taxonomy":"product_brand","embeddable":true,"href":"https:\/\/tudomoveisbelem.com.br\/v19\/wp-json\/wp\/v2\/product_brand?post=29524"},{"taxonomy":"product_cat","embeddable":true,"href":"https:\/\/tudomoveisbelem.com.br\/v19\/wp-json\/wp\/v2\/product_cat?post=29524"},{"taxonomy":"product_tag","embeddable":true,"href":"https:\/\/tudomoveisbelem.com.br\/v19\/wp-json\/wp\/v2\/product_tag?post=29524"}],"curies":[{"name":"wp","href":"https:\/\/api.w.org\/{rel}","templated":true}]}}