{"id":27092,"date":"2024-02-24T15:00:51","date_gmt":"2024-02-24T15:00:51","guid":{"rendered":"https:\/\/tudomoveisbelem.com.br\/v19\/?post_type=product&#038;p=27092"},"modified":"2026-01-07T17:24:22","modified_gmt":"2026-01-07T17:24:22","slug":"base-box-sommier-ortobom-camurca-solteiro-promocao-de-r60000-por-apenas-10x-sem-juros-de-r4490-no-cartao-ou-a-vista-por-r44900","status":"publish","type":"product","link":"https:\/\/tudomoveisbelem.com.br\/v19\/produto\/base-box-sommier-ortobom-camurca-solteiro-promocao-de-r60000-por-apenas-10x-sem-juros-de-r4490-no-cartao-ou-a-vista-por-r44900\/","title":{"rendered":"Base Box Sommier Ortobom Camur\u00e7a Solteiro."},"content":{"rendered":"<p data-start=\"0\" data-end=\"45\">\ud83d\udea8 <strong data-start=\"3\" data-end=\"40\">LAN\u00c7AMENTO EXCLUSIVO TUDO M\u00d3VEIS!<\/strong> \ud83d\udea8<\/p>\n<p data-start=\"47\" data-end=\"220\">O conforto que seu quarto merece est\u00e1 aqui! \ud83d\udc8e<br data-start=\"93\" data-end=\"96\" \/>Conhe\u00e7a a <strong data-start=\"106\" data-end=\"151\">Base Box Sommier Ortobom Camur\u00e7a Solteiro<\/strong>, sin\u00f4nimo de resist\u00eancia, eleg\u00e2ncia e qualidade incompar\u00e1vel! \ud83d\udecf\ufe0f\u2728<\/p>\n<p data-start=\"222\" data-end=\"557\">\ud83c\udf1f <strong data-start=\"225\" data-end=\"255\">Diferenciais que encantam:<\/strong><br data-start=\"255\" data-end=\"258\" \/>\u2714\ufe0f Estrutura em madeira eucalipto domus \u2014 super resistente e com bactericida natural \ud83e\udeb5<br data-start=\"345\" data-end=\"348\" \/>\u2714\ufe0f Revestimento em camur\u00e7a de alto padr\u00e3o, toque macio e acabamento sofisticado \ud83d\udcab<br data-start=\"430\" data-end=\"433\" \/>\u2714\ufe0f Altura total de 43 cm (base + p\u00e9s)<br data-start=\"470\" data-end=\"473\" \/>\u2714\ufe0f Tratamento antial\u00e9rgico e anti\u00e1caro \ud83e\uddfc<br data-start=\"514\" data-end=\"517\" \/>\u2714\ufe0f Suporte de at\u00e9 150 kg por pessoa \ud83d\udcaa<\/p>\n<p data-start=\"559\" data-end=\"644\">\ud83d\udcb0 De <del>R$700,00<\/del><br \/>\nPor apenas <span style=\"color: #ff0000;\"><strong>12x de R$49,92<\/strong><\/span>\u00a0sem juros no cart\u00e3o<br data-start=\"611\" data-end=\"614\" \/>ou \u00e0 vista por <span style=\"color: #ff0000;\">R$599,00!<\/span><\/p>\n<p data-start=\"646\" data-end=\"726\">\ud83d\ude9a <strong data-start=\"649\" data-end=\"691\">Entrega e montagem gr\u00e1tis no mesmo dia<\/strong> em Bel\u00e9m, Ananindeua e Marituba!<\/p>\n<p data-start=\"730\" data-end=\"793\">\u2728 Tudo M\u00f3veis \u2014 conforto, estilo e qualidade em cada detalhe!<\/p>\n","protected":false},"excerpt":{"rendered":"<p>\ud83d\udea8 LAN\u00c7AMENTO EXCLUSIVO TUDO M\u00d3VEIS! \ud83d\udea8 O conforto que seu quarto merece est\u00e1 aqui! \ud83d\udc8eConhe\u00e7a a Base Box Sommier Ortobom Camur\u00e7a Solteiro, sin\u00f4nimo de resist\u00eancia, eleg\u00e2ncia e qualidade incompar\u00e1vel! \ud83d\udecf\ufe0f\u2728 \ud83c\udf1f Diferenciais que encantam:\u2714\ufe0f Estrutura em madeira eucalipto domus \u2014 super resistente e com bactericida natural \ud83e\udeb5\u2714\ufe0f Revestimento em camur\u00e7a de alto padr\u00e3o, toque macio &hellip; <a href=\"https:\/\/tudomoveisbelem.com.br\/v19\/produto\/base-box-sommier-ortobom-camurca-solteiro-promocao-de-r60000-por-apenas-10x-sem-juros-de-r4490-no-cartao-ou-a-vista-por-r44900\/\" class=\"more-link\">Continue lendo<span class=\"screen-reader-text\"> &#8220;Base Box Sommier Ortobom Camur\u00e7a Solteiro.&#8221;<\/span><\/a><\/p>\n","protected":false},"featured_media":27093,"comment_status":"closed","ping_status":"closed","template":"","meta":[],"product_brand":[],"product_cat":[39],"product_tag":[],"class_list":{"0":"post-27092","1":"product","2":"type-product","3":"status-publish","4":"has-post-thumbnail","6":"product_cat-camas","8":"first","9":"instock","10":"shipping-taxable","11":"product-type-simple"},"_links":{"self":[{"href":"https:\/\/tudomoveisbelem.com.br\/v19\/wp-json\/wp\/v2\/product\/27092","targetHints":{"allow":["GET"]}}],"collection":[{"href":"https:\/\/tudomoveisbelem.com.br\/v19\/wp-json\/wp\/v2\/product"}],"about":[{"href":"https:\/\/tudomoveisbelem.com.br\/v19\/wp-json\/wp\/v2\/types\/product"}],"replies":[{"embeddable":true,"href":"https:\/\/tudomoveisbelem.com.br\/v19\/wp-json\/wp\/v2\/comments?post=27092"}],"version-history":[{"count":6,"href":"https:\/\/tudomoveisbelem.com.br\/v19\/wp-json\/wp\/v2\/product\/27092\/revisions"}],"predecessor-version":[{"id":36529,"href":"https:\/\/tudomoveisbelem.com.br\/v19\/wp-json\/wp\/v2\/product\/27092\/revisions\/36529"}],"wp:featuredmedia":[{"embeddable":true,"href":"https:\/\/tudomoveisbelem.com.br\/v19\/wp-json\/wp\/v2\/media\/27093"}],"wp:attachment":[{"href":"https:\/\/tudomoveisbelem.com.br\/v19\/wp-json\/wp\/v2\/media?parent=27092"}],"wp:term":[{"taxonomy":"product_brand","embeddable":true,"href":"https:\/\/tudomoveisbelem.com.br\/v19\/wp-json\/wp\/v2\/product_brand?post=27092"},{"taxonomy":"product_cat","embeddable":true,"href":"https:\/\/tudomoveisbelem.com.br\/v19\/wp-json\/wp\/v2\/product_cat?post=27092"},{"taxonomy":"product_tag","embeddable":true,"href":"https:\/\/tudomoveisbelem.com.br\/v19\/wp-json\/wp\/v2\/product_tag?post=27092"}],"curies":[{"name":"wp","href":"https:\/\/api.w.org\/{rel}","templated":true}]}}