{"id":26695,"date":"2024-01-23T20:56:34","date_gmt":"2024-01-23T20:56:34","guid":{"rendered":"https:\/\/tudomoveisbelem.com.br\/v19\/?post_type=product&#038;p=26695"},"modified":"2024-06-03T17:25:37","modified_gmt":"2024-06-03T17:25:37","slug":"gaveteiro-com-rodizios-3-gavetas-100-mdf-por-apenas-10x-de-r4990-sem-juros-no-cartao-ou-a-vista-por-r49900","status":"publish","type":"product","link":"https:\/\/tudomoveisbelem.com.br\/v19\/produto\/gaveteiro-com-rodizios-3-gavetas-100-mdf-por-apenas-10x-de-r4990-sem-juros-no-cartao-ou-a-vista-por-r49900\/","title":{"rendered":"Gaveteiro com Rodizios 10x de R$ 59,90"},"content":{"rendered":"<p>O Gaveteiro \u00e9 um m\u00f3vel pr\u00e1tico, compacto e funcional, que vai facilitar seu dia a dia e sua organiza\u00e7\u00e3o, seja no escrit\u00f3rio ou em home office. Mas voc\u00ea tamb\u00e9m pode utiliz\u00e1-lo para muitas outras coisas, como guardar documentos em seu quarto, maquiagens, utens\u00edlios para sala de estar, entre outras coisas. O Gaveteiro escrit\u00f3rio da Pradel possui 3 gavetas espa\u00e7osas, e 4 rod\u00edzios, para que voc\u00ea possa lev\u00e1-lo para onde quiser. Tamb\u00e9m fica perfeito como objeto de decora\u00e7\u00e3o, por ser f\u00e1cil de combinar com outros m\u00f3veis.<\/p>\n<p>Dimens\u00f5es:<br \/>\nAltura: 0,60 CM<br \/>\nProfundidade: 0,43 CM<br \/>\nLargura: 0,39 CM<\/p>\n","protected":false},"excerpt":{"rendered":"<p>Por apenas 10x sem juros de <strong><span style=\"color: #ff0000;\">R$ 59,90<\/span><\/strong> no cart\u00e3o ou \u00e0 vista por <strong><span style=\"color: #ff0000;\">R$ 599,00.<\/span><\/strong><\/p>\n","protected":false},"featured_media":26698,"comment_status":"closed","ping_status":"closed","template":"","meta":[],"product_brand":[],"product_cat":[75,32,42,23],"product_tag":[],"class_list":{"0":"post-26695","1":"product","2":"type-product","3":"status-publish","4":"has-post-thumbnail","6":"product_cat-mesa-de-cabeceira","7":"product_cat-escritorio","8":"product_cat-moveis-de-quarto","9":"product_cat-colchoes","11":"first","12":"instock","13":"shipping-taxable","14":"product-type-simple"},"_links":{"self":[{"href":"https:\/\/tudomoveisbelem.com.br\/v19\/wp-json\/wp\/v2\/product\/26695","targetHints":{"allow":["GET"]}}],"collection":[{"href":"https:\/\/tudomoveisbelem.com.br\/v19\/wp-json\/wp\/v2\/product"}],"about":[{"href":"https:\/\/tudomoveisbelem.com.br\/v19\/wp-json\/wp\/v2\/types\/product"}],"replies":[{"embeddable":true,"href":"https:\/\/tudomoveisbelem.com.br\/v19\/wp-json\/wp\/v2\/comments?post=26695"}],"version-history":[{"count":4,"href":"https:\/\/tudomoveisbelem.com.br\/v19\/wp-json\/wp\/v2\/product\/26695\/revisions"}],"predecessor-version":[{"id":29341,"href":"https:\/\/tudomoveisbelem.com.br\/v19\/wp-json\/wp\/v2\/product\/26695\/revisions\/29341"}],"wp:featuredmedia":[{"embeddable":true,"href":"https:\/\/tudomoveisbelem.com.br\/v19\/wp-json\/wp\/v2\/media\/26698"}],"wp:attachment":[{"href":"https:\/\/tudomoveisbelem.com.br\/v19\/wp-json\/wp\/v2\/media?parent=26695"}],"wp:term":[{"taxonomy":"product_brand","embeddable":true,"href":"https:\/\/tudomoveisbelem.com.br\/v19\/wp-json\/wp\/v2\/product_brand?post=26695"},{"taxonomy":"product_cat","embeddable":true,"href":"https:\/\/tudomoveisbelem.com.br\/v19\/wp-json\/wp\/v2\/product_cat?post=26695"},{"taxonomy":"product_tag","embeddable":true,"href":"https:\/\/tudomoveisbelem.com.br\/v19\/wp-json\/wp\/v2\/product_tag?post=26695"}],"curies":[{"name":"wp","href":"https:\/\/api.w.org\/{rel}","templated":true}]}}