{"id":24186,"date":"2023-06-21T22:09:08","date_gmt":"2023-06-21T22:09:08","guid":{"rendered":"https:\/\/tudomoveisbelem.com.br\/v19\/?post_type=product&#038;p=24186"},"modified":"2023-06-21T22:09:08","modified_gmt":"2023-06-21T22:09:08","slug":"kit-4-almofadas-linha-suave-decorativas-por-apenas-10x-de-r2199-sem-juros-no-cartao-ou-a-vista-por-r21990-2","status":"publish","type":"product","link":"https:\/\/tudomoveisbelem.com.br\/v19\/produto\/kit-4-almofadas-linha-suave-decorativas-por-apenas-10x-de-r2199-sem-juros-no-cartao-ou-a-vista-por-r21990-2\/","title":{"rendered":"KIT 4 ALMOFADAS LINHA SUAVE DECORATIVAS. Por apenas 10x de  R$21,99 sem juros no cart\u00e3o ou \u00e0 vista por R$219,90"},"content":{"rendered":"<p>KIT 4 ALMOFADAS LINHA SUAVE DECORATIVAS<\/p>\n<p>Por apenas 10x de R$21,99 sem juros no cart\u00e3o ou \u00e0 vista por R$219,90<\/p>\n<p>Tecido: Microfibra 100% Poli\u00e9ster<br \/>\nEstampas: Sublimados frente e verso mesma estampa, Dupla face.<br \/>\nZ\u00edper: Sim<\/p>\n<p>Dimens\u00f5es<br \/>\nComprimento: 0,40 CM<br \/>\nLargura: 0,40 CM<br \/>\nDi\u00e2metro: 0,16 CM<\/p>\n","protected":false},"excerpt":{"rendered":"<p>KIT 4 ALMOFADAS LINHA SUAVE DECORATIVAS Por apenas 10x de R$21,99 sem juros no cart\u00e3o ou \u00e0 vista por R$219,90 Tecido: Microfibra 100% Poli\u00e9ster Estampas: Sublimados frente e verso mesma estampa, Dupla face. Z\u00edper: Sim Dimens\u00f5es Comprimento: 0,40 CM Largura: 0,40 CM Di\u00e2metro: 0,16 CM<\/p>\n","protected":false},"featured_media":24187,"comment_status":"closed","ping_status":"closed","template":"","meta":[],"product_brand":[],"product_cat":[133],"product_tag":[],"class_list":{"0":"post-24186","1":"product","2":"type-product","3":"status-publish","4":"has-post-thumbnail","6":"product_cat-decoracao","8":"first","9":"instock","10":"shipping-taxable","11":"product-type-simple"},"_links":{"self":[{"href":"https:\/\/tudomoveisbelem.com.br\/v19\/wp-json\/wp\/v2\/product\/24186","targetHints":{"allow":["GET"]}}],"collection":[{"href":"https:\/\/tudomoveisbelem.com.br\/v19\/wp-json\/wp\/v2\/product"}],"about":[{"href":"https:\/\/tudomoveisbelem.com.br\/v19\/wp-json\/wp\/v2\/types\/product"}],"replies":[{"embeddable":true,"href":"https:\/\/tudomoveisbelem.com.br\/v19\/wp-json\/wp\/v2\/comments?post=24186"}],"version-history":[{"count":1,"href":"https:\/\/tudomoveisbelem.com.br\/v19\/wp-json\/wp\/v2\/product\/24186\/revisions"}],"predecessor-version":[{"id":24200,"href":"https:\/\/tudomoveisbelem.com.br\/v19\/wp-json\/wp\/v2\/product\/24186\/revisions\/24200"}],"wp:featuredmedia":[{"embeddable":true,"href":"https:\/\/tudomoveisbelem.com.br\/v19\/wp-json\/wp\/v2\/media\/24187"}],"wp:attachment":[{"href":"https:\/\/tudomoveisbelem.com.br\/v19\/wp-json\/wp\/v2\/media?parent=24186"}],"wp:term":[{"taxonomy":"product_brand","embeddable":true,"href":"https:\/\/tudomoveisbelem.com.br\/v19\/wp-json\/wp\/v2\/product_brand?post=24186"},{"taxonomy":"product_cat","embeddable":true,"href":"https:\/\/tudomoveisbelem.com.br\/v19\/wp-json\/wp\/v2\/product_cat?post=24186"},{"taxonomy":"product_tag","embeddable":true,"href":"https:\/\/tudomoveisbelem.com.br\/v19\/wp-json\/wp\/v2\/product_tag?post=24186"}],"curies":[{"name":"wp","href":"https:\/\/api.w.org\/{rel}","templated":true}]}}

KIT 4 ALMOFADAS LINHA SUAVE DECORATIVAS. Por apenas 10x de  R$21,99 sem juros no cartão ou à vista por R$219,90

<p>KIT 4 ALMOFADAS LINHA SUAVE DECORATIVAS</p>
<p>Por apenas 10x de R$21,99 sem juros no cartão ou à vista por R$219,90</p>
<p>Tecido: Microfibra 100% Poliéster<br />
Estampas: Sublimados frente e verso mesma estampa, Dupla face.<br />
Zíper: Sim</p>
<p>Dimensões<br />
Comprimento: 0,40 CM<br />
Largura: 0,40 CM<br />
Diâmetro: 0,16 CM</p>

<p>KIT 4 ALMOFADAS LINHA SUAVE DECORATIVAS Por apenas 10x de R$21,99 sem juros no cartão ou à vista por R$219,90 Tecido: Microfibra 100% Poliéster Estampas: Sublimados frente e verso mesma estampa, Dupla face. Zíper: Sim Dimensões Comprimento: 0,40 CM Largura: 0,40 CM Diâmetro: 0,16 CM</p>
