{"id":24017,"date":"2023-06-14T22:19:51","date_gmt":"2023-06-14T22:19:51","guid":{"rendered":"https:\/\/tudomoveisbelem.com.br\/v19\/?post_type=product&#038;p=24017"},"modified":"2025-05-19T20:11:16","modified_gmt":"2025-05-19T20:11:16","slug":"kit-4-almofadas-linha-suave-decorativas-por-apenas-10x-de-r2199-sem-juros-no-cartao-ou-a-vista-por-r21990","status":"publish","type":"product","link":"https:\/\/tudomoveisbelem.com.br\/v19\/produto\/kit-4-almofadas-linha-suave-decorativas-por-apenas-10x-de-r2199-sem-juros-no-cartao-ou-a-vista-por-r21990\/","title":{"rendered":"ALMOFADAS DECORATIVAS EMOJIS \/ REDES SOCIAIS. Por apenas 10x de  R$9,99 sem juros no cart\u00e3o ou \u00e0 vista por R$100,00."},"content":{"rendered":"<p>ALMOFADAS DECORATIVAS EMOJIS \/ REDES SOCIAIS<\/p>\n<p>Por apenas 10x de R$6,90 sem juros no cart\u00e3o ou \u00e0 vista por R$69,00.<\/p>\n<p>Nosso modelo almofada Emoji \u00e9 l\u00edder de avalia\u00e7\u00f5es positivas, produzido com pel\u00facia, bordado computadorizado, todos os detalhes e aplica\u00e7\u00f5es em pel\u00facia, z\u00edper na cor do tecido e fibra siliconada fazem dele um item de alta qualidade que agrada a todos.<\/p>\n<p>Almofadas Emojis:<br \/>\nTecido Emoji: Pel\u00facia Velboa 100% Poli\u00e9ster;<br \/>\nEnchimento: Fibra Silicone 100% Poli\u00e9ster;<\/p>\n<p>Almofadas Rede social:<br \/>\nFrente: Microfibra 100% poli\u00e9ster Estampada<br \/>\nFundo: Pel\u00facia Velboa 100% Poli\u00e9ster<\/p>\n<p>Dimens\u00f5es<br \/>\nComprimento: 0,45 CM<br \/>\nLargura: 0,45 CM<br \/>\nDi\u00e2metro: 0,16 CM<\/p>\n","protected":false},"excerpt":{"rendered":"<p>ALMOFADAS DECORATIVAS EMOJIS \/ REDES SOCIAIS Por apenas 10x de R$6,90 sem juros no cart\u00e3o ou \u00e0 vista por R$69,00. Nosso modelo almofada Emoji \u00e9 l\u00edder de avalia\u00e7\u00f5es positivas, produzido com pel\u00facia, bordado computadorizado, todos os detalhes e aplica\u00e7\u00f5es em pel\u00facia, z\u00edper na cor do tecido e fibra siliconada fazem dele um item de alta &hellip; <a href=\"https:\/\/tudomoveisbelem.com.br\/v19\/produto\/kit-4-almofadas-linha-suave-decorativas-por-apenas-10x-de-r2199-sem-juros-no-cartao-ou-a-vista-por-r21990\/\" class=\"more-link\">Continue lendo<span class=\"screen-reader-text\"> &#8220;ALMOFADAS DECORATIVAS EMOJIS \/ REDES SOCIAIS. Por apenas 10x de  R$9,99 sem juros no cart\u00e3o ou \u00e0 vista por R$100,00.&#8221;<\/span><\/a><\/p>\n","protected":false},"featured_media":24018,"comment_status":"closed","ping_status":"closed","template":"","meta":[],"product_brand":[],"product_cat":[133],"product_tag":[],"class_list":{"0":"post-24017","1":"product","2":"type-product","3":"status-publish","4":"has-post-thumbnail","6":"product_cat-decoracao","8":"first","9":"instock","10":"shipping-taxable","11":"product-type-simple"},"_links":{"self":[{"href":"https:\/\/tudomoveisbelem.com.br\/v19\/wp-json\/wp\/v2\/product\/24017","targetHints":{"allow":["GET"]}}],"collection":[{"href":"https:\/\/tudomoveisbelem.com.br\/v19\/wp-json\/wp\/v2\/product"}],"about":[{"href":"https:\/\/tudomoveisbelem.com.br\/v19\/wp-json\/wp\/v2\/types\/product"}],"replies":[{"embeddable":true,"href":"https:\/\/tudomoveisbelem.com.br\/v19\/wp-json\/wp\/v2\/comments?post=24017"}],"version-history":[{"count":3,"href":"https:\/\/tudomoveisbelem.com.br\/v19\/wp-json\/wp\/v2\/product\/24017\/revisions"}],"predecessor-version":[{"id":33767,"href":"https:\/\/tudomoveisbelem.com.br\/v19\/wp-json\/wp\/v2\/product\/24017\/revisions\/33767"}],"wp:featuredmedia":[{"embeddable":true,"href":"https:\/\/tudomoveisbelem.com.br\/v19\/wp-json\/wp\/v2\/media\/24018"}],"wp:attachment":[{"href":"https:\/\/tudomoveisbelem.com.br\/v19\/wp-json\/wp\/v2\/media?parent=24017"}],"wp:term":[{"taxonomy":"product_brand","embeddable":true,"href":"https:\/\/tudomoveisbelem.com.br\/v19\/wp-json\/wp\/v2\/product_brand?post=24017"},{"taxonomy":"product_cat","embeddable":true,"href":"https:\/\/tudomoveisbelem.com.br\/v19\/wp-json\/wp\/v2\/product_cat?post=24017"},{"taxonomy":"product_tag","embeddable":true,"href":"https:\/\/tudomoveisbelem.com.br\/v19\/wp-json\/wp\/v2\/product_tag?post=24017"}],"curies":[{"name":"wp","href":"https:\/\/api.w.org\/{rel}","templated":true}]}}