{"id":23196,"date":"2023-04-25T18:27:38","date_gmt":"2023-04-25T18:27:38","guid":{"rendered":"https:\/\/tudomoveisbelem.com.br\/v19\/?post_type=product&#038;p=23196"},"modified":"2024-05-31T19:45:44","modified_gmt":"2024-05-31T19:45:44","slug":"painel-para-tv-ate-58-polegadas-com-led-2-portas-por-apenas-10x-sem-juros-de-r9990-no-cartao-ou-a-vista-por-r99900","status":"publish","type":"product","link":"https:\/\/tudomoveisbelem.com.br\/v19\/produto\/painel-para-tv-ate-58-polegadas-com-led-2-portas-por-apenas-10x-sem-juros-de-r9990-no-cartao-ou-a-vista-por-r99900\/","title":{"rendered":"Painel para TV at\u00e9 58\u2019\u2019 com Led 10x de R$ 109,90"},"content":{"rendered":"<p>O Painel que vai inovar sua casa, com o painel sobreposto comportando televisores de at\u00e9 58&#8243;, possui fitas de LED ocultas em suas laterais para dar aquele toque especial na hora de assistir um filme em fam\u00edlia. Tamb\u00e9m conta com prateleira de 25mm, oferecendo maior resist\u00eancia ao alocar seus objetos decorativos. Os puxadores de alum\u00ednio proporcionam um design mais sofisticado e resistente para o painel, junto as dobradi\u00e7as com amortecedor em ambas as portas. Ele vai ficar perfeito em sua<br \/>\ncasa.<\/p>\n<p>DIFERENCIAIS:<br \/>\n&#8211; Prateleiras de 25mm<br \/>\n&#8211; Painel sobreposto<br \/>\n&#8211;\u00a0Fitas de LED ocultas<br \/>\n&#8211; Puxadores em alum\u00ednio<br \/>\n&#8211;\u00a0Dobradi\u00e7as com amortecedor<\/p>\n<p>Dimens\u00f5es<br \/>\nAltura: 1.63 M<br \/>\nLargura: 1.61 M<br \/>\nProfundidade: 0,39 CM<\/p>\n","protected":false},"excerpt":{"rendered":"<p>Por apenas 10x sem juros de <span style=\"color: #ff0000;\"><strong>R$ 109,90<\/strong><\/span> no cart\u00e3o ou \u00e0 vista por <span style=\"color: #ff0000;\"><strong>R$ 1.099,00.<\/strong><\/span><\/p>\n","protected":false},"featured_media":23198,"comment_status":"closed","ping_status":"closed","template":"","meta":[],"product_brand":[],"product_cat":[44],"product_tag":[],"class_list":{"0":"post-23196","1":"product","2":"type-product","3":"status-publish","4":"has-post-thumbnail","6":"product_cat-paineis","8":"first","9":"instock","10":"shipping-taxable","11":"product-type-simple"},"_links":{"self":[{"href":"https:\/\/tudomoveisbelem.com.br\/v19\/wp-json\/wp\/v2\/product\/23196","targetHints":{"allow":["GET"]}}],"collection":[{"href":"https:\/\/tudomoveisbelem.com.br\/v19\/wp-json\/wp\/v2\/product"}],"about":[{"href":"https:\/\/tudomoveisbelem.com.br\/v19\/wp-json\/wp\/v2\/types\/product"}],"replies":[{"embeddable":true,"href":"https:\/\/tudomoveisbelem.com.br\/v19\/wp-json\/wp\/v2\/comments?post=23196"}],"version-history":[{"count":5,"href":"https:\/\/tudomoveisbelem.com.br\/v19\/wp-json\/wp\/v2\/product\/23196\/revisions"}],"predecessor-version":[{"id":29196,"href":"https:\/\/tudomoveisbelem.com.br\/v19\/wp-json\/wp\/v2\/product\/23196\/revisions\/29196"}],"wp:featuredmedia":[{"embeddable":true,"href":"https:\/\/tudomoveisbelem.com.br\/v19\/wp-json\/wp\/v2\/media\/23198"}],"wp:attachment":[{"href":"https:\/\/tudomoveisbelem.com.br\/v19\/wp-json\/wp\/v2\/media?parent=23196"}],"wp:term":[{"taxonomy":"product_brand","embeddable":true,"href":"https:\/\/tudomoveisbelem.com.br\/v19\/wp-json\/wp\/v2\/product_brand?post=23196"},{"taxonomy":"product_cat","embeddable":true,"href":"https:\/\/tudomoveisbelem.com.br\/v19\/wp-json\/wp\/v2\/product_cat?post=23196"},{"taxonomy":"product_tag","embeddable":true,"href":"https:\/\/tudomoveisbelem.com.br\/v19\/wp-json\/wp\/v2\/product_tag?post=23196"}],"curies":[{"name":"wp","href":"https:\/\/api.w.org\/{rel}","templated":true}]}}