{"id":23182,"date":"2023-04-25T18:04:54","date_gmt":"2023-04-25T18:04:54","guid":{"rendered":"https:\/\/tudomoveisbelem.com.br\/v19\/?post_type=product&#038;p=23182"},"modified":"2025-03-19T20:08:11","modified_gmt":"2025-03-19T20:08:11","slug":"mesa-de-escritorio-em-l-2-gavetas-3-nichos-por-apenas-10x-sem-juros-de-r6990-no-cartao-ou-a-vista-por-r69900","status":"publish","type":"product","link":"https:\/\/tudomoveisbelem.com.br\/v19\/produto\/mesa-de-escritorio-em-l-2-gavetas-3-nichos-por-apenas-10x-sem-juros-de-r6990-no-cartao-ou-a-vista-por-r69900\/","title":{"rendered":"Mesa de Escrit\u00f3rio Vers\u00e1til Pode ser Canto ou Reta 10x de R$ 79,90"},"content":{"rendered":"<p>Essa Mesa Office, \u00e9 um m\u00f3vel completo que vai te auxiliar nas atividades do home office ou estudos. Com ela, voc\u00ea tem diversas possibilidades de montagem: de canto, montada reta, com o nicho para o lado direito ou esquerdo e voc\u00ea tamb\u00e9m pode escolher em que lado colocar as gavetas! O tampo \u00e9 super espa\u00e7oso para voc\u00ea organizar itens essenciais ao dia a dia, e as gavetas possuem corredi\u00e7as met\u00e1licas e puxadores em alum\u00ednio para guardar documentos e demais objetos.<\/p>\n<p>DIFERENCIAIS:<br \/>\n&#8211;\u00a0Diversas op\u00e7\u00f5es de montagem<br \/>\n&#8211;\u00a0Gavetas com corredi\u00e7as met\u00e1licas<br \/>\n&#8211;\u00a0Tampo de 25 mm<\/p>\n<p>Dimens\u00f5es<br \/>\nLargura: 1.48 M x 2.00 M<br \/>\nAltura: 0,76 CM x 0,73 CM<br \/>\nProfundidade: 0,45 CM x 0,38 CM<\/p>\n","protected":false},"excerpt":{"rendered":"<p>Por apenas 10x de <span style=\"color: #ff0000;\">R$79,90<\/span> sem juros no cart\u00e3o ou \u00e0 vista por <span style=\"color: #ff0000;\">R$799,00.<\/span><\/p>\n","protected":false},"featured_media":23187,"comment_status":"closed","ping_status":"closed","template":"","meta":[],"product_brand":[],"product_cat":[32],"product_tag":[],"class_list":{"0":"post-23182","1":"product","2":"type-product","3":"status-publish","4":"has-post-thumbnail","6":"product_cat-escritorio","8":"first","9":"instock","10":"shipping-taxable","11":"product-type-simple"},"_links":{"self":[{"href":"https:\/\/tudomoveisbelem.com.br\/v19\/wp-json\/wp\/v2\/product\/23182","targetHints":{"allow":["GET"]}}],"collection":[{"href":"https:\/\/tudomoveisbelem.com.br\/v19\/wp-json\/wp\/v2\/product"}],"about":[{"href":"https:\/\/tudomoveisbelem.com.br\/v19\/wp-json\/wp\/v2\/types\/product"}],"replies":[{"embeddable":true,"href":"https:\/\/tudomoveisbelem.com.br\/v19\/wp-json\/wp\/v2\/comments?post=23182"}],"version-history":[{"count":5,"href":"https:\/\/tudomoveisbelem.com.br\/v19\/wp-json\/wp\/v2\/product\/23182\/revisions"}],"predecessor-version":[{"id":32886,"href":"https:\/\/tudomoveisbelem.com.br\/v19\/wp-json\/wp\/v2\/product\/23182\/revisions\/32886"}],"wp:featuredmedia":[{"embeddable":true,"href":"https:\/\/tudomoveisbelem.com.br\/v19\/wp-json\/wp\/v2\/media\/23187"}],"wp:attachment":[{"href":"https:\/\/tudomoveisbelem.com.br\/v19\/wp-json\/wp\/v2\/media?parent=23182"}],"wp:term":[{"taxonomy":"product_brand","embeddable":true,"href":"https:\/\/tudomoveisbelem.com.br\/v19\/wp-json\/wp\/v2\/product_brand?post=23182"},{"taxonomy":"product_cat","embeddable":true,"href":"https:\/\/tudomoveisbelem.com.br\/v19\/wp-json\/wp\/v2\/product_cat?post=23182"},{"taxonomy":"product_tag","embeddable":true,"href":"https:\/\/tudomoveisbelem.com.br\/v19\/wp-json\/wp\/v2\/product_tag?post=23182"}],"curies":[{"name":"wp","href":"https:\/\/api.w.org\/{rel}","templated":true}]}}