{"id":23124,"date":"2023-04-21T21:27:44","date_gmt":"2023-04-21T21:27:44","guid":{"rendered":"https:\/\/tudomoveisbelem.com.br\/v19\/?post_type=product&#038;p=23124"},"modified":"2025-10-30T17:14:09","modified_gmt":"2025-10-30T17:14:09","slug":"guarda-roupa-casal-gigante-com-espelho-3-portas-4-gavetas-por-apenas-10x-sem-juros-de-r32990-no-cartao-ou-a-vista-por-r3-29900","status":"publish","type":"product","link":"https:\/\/tudomoveisbelem.com.br\/v19\/produto\/guarda-roupa-casal-gigante-com-espelho-3-portas-4-gavetas-por-apenas-10x-sem-juros-de-r32990-no-cartao-ou-a-vista-por-r3-29900\/","title":{"rendered":"Guarda Roupa Casal com Espelho 3 Portas."},"content":{"rendered":"<p>\u2728 CHEGOU MAIS UM SUPER LAN\u00c7AMENTO NA TUDO M\u00d3VEIS! \u2728<br \/>\nMais espa\u00e7o, qualidade e sofistica\u00e7\u00e3o para deixar o seu quarto impec\u00e1vel!<\/p>\n<p>\ud83e\ude9e GUARDA-ROUPA CASAL COM ESPELHO \u2014 3 PORTAS!<\/p>\n<p>\u2705 Produto em MDP com chapas de 15mm \u2014 mais resist\u00eancia e qualidade!<br \/>\n\u2705 Encabe\u00e7amento das portas em MDF de 25mm \u2014 detalhe que faz toda a diferen\u00e7a!<br \/>\n\u2705 3 portas dupla face \u2014 design moderno e funcional!<br \/>\n\u2705 08 prateleiras internas \u2014 organiza\u00e7\u00e3o para tudo ficar no lugar!<br \/>\n\u2705 Maleiro individual \u2014 mais praticidade no dia a dia!<br \/>\n\u2705 Gavetas com corredi\u00e7as telesc\u00f3picas \u2014 abertura suave e silenciosa!<br \/>\n\u2705 Gavetas com distanciadores em MDF \u2014 maior estabilidade!<br \/>\n\u2705 Cabideiros em alum\u00ednio \u2014 roupas penduradas de forma pr\u00e1tica e segura!<br \/>\n\u2705 Espa\u00e7o para sapatos \u2014 tudo organizado em um s\u00f3 lugar!<br \/>\n\u2705 Espelho na porta \u2014 funcionalidade e amplitude no ambiente!<\/p>\n<p>\ud83d\udccf Dimens\u00f5es:<br \/>\nAltura: 2,30m | Largura: 2,70m | Profundidade: 59cm<\/p>\n<p>\ud83d\udcb0 Por apenas <strong><span style=\"color: #ff0000;\">10x de R$449,90<\/span> <\/strong>sem juros no cart\u00e3o ou \u00e0 vista <span style=\"color: #ff0000;\"><strong>R$4.499,00<\/strong><\/span>!<\/p>\n<p>\ud83d\ude9a Entrega e montagem gr\u00e1tis em Bel\u00e9m, Ananindeua e Marituba!<br \/>\n\ud83d\udcb3 Compre na loja f\u00edsica ou pe\u00e7a pelo WhatsApp e pague s\u00f3 na entrega!<\/p>\n<p>\ud83c\udfe0 M\u00f3veis novos direto da loja para sua casa, com garantia do fabricante!<\/p>\n<p>\ud83d\udc49 Transforme seu quarto com esse roupeiro incr\u00edvel \u2014 garanta o seu agora mesmo!<\/p>\n","protected":false},"excerpt":{"rendered":"<p>\u2728 CHEGOU MAIS UM SUPER LAN\u00c7AMENTO NA TUDO M\u00d3VEIS! \u2728 Mais espa\u00e7o, qualidade e sofistica\u00e7\u00e3o para deixar o seu quarto impec\u00e1vel! \ud83e\ude9e GUARDA-ROUPA CASAL COM ESPELHO \u2014 3 PORTAS! \u2705 Produto em MDP com chapas de 15mm \u2014 mais resist\u00eancia e qualidade! \u2705 Encabe\u00e7amento das portas em MDF de 25mm \u2014 detalhe que faz toda &hellip; <a href=\"https:\/\/tudomoveisbelem.com.br\/v19\/produto\/guarda-roupa-casal-gigante-com-espelho-3-portas-4-gavetas-por-apenas-10x-sem-juros-de-r32990-no-cartao-ou-a-vista-por-r3-29900\/\" class=\"more-link\">Continue lendo<span class=\"screen-reader-text\"> &#8220;Guarda Roupa Casal com Espelho 3 Portas.&#8221;<\/span><\/a><\/p>\n","protected":false},"featured_media":23127,"comment_status":"closed","ping_status":"closed","template":"","meta":[],"product_brand":[],"product_cat":[41],"product_tag":[],"class_list":{"0":"post-23124","1":"product","2":"type-product","3":"status-publish","4":"has-post-thumbnail","6":"product_cat-roupeiros","8":"first","9":"instock","10":"shipping-taxable","11":"product-type-simple"},"_links":{"self":[{"href":"https:\/\/tudomoveisbelem.com.br\/v19\/wp-json\/wp\/v2\/product\/23124","targetHints":{"allow":["GET"]}}],"collection":[{"href":"https:\/\/tudomoveisbelem.com.br\/v19\/wp-json\/wp\/v2\/product"}],"about":[{"href":"https:\/\/tudomoveisbelem.com.br\/v19\/wp-json\/wp\/v2\/types\/product"}],"replies":[{"embeddable":true,"href":"https:\/\/tudomoveisbelem.com.br\/v19\/wp-json\/wp\/v2\/comments?post=23124"}],"version-history":[{"count":12,"href":"https:\/\/tudomoveisbelem.com.br\/v19\/wp-json\/wp\/v2\/product\/23124\/revisions"}],"predecessor-version":[{"id":27254,"href":"https:\/\/tudomoveisbelem.com.br\/v19\/wp-json\/wp\/v2\/product\/23124\/revisions\/27254"}],"wp:featuredmedia":[{"embeddable":true,"href":"https:\/\/tudomoveisbelem.com.br\/v19\/wp-json\/wp\/v2\/media\/23127"}],"wp:attachment":[{"href":"https:\/\/tudomoveisbelem.com.br\/v19\/wp-json\/wp\/v2\/media?parent=23124"}],"wp:term":[{"taxonomy":"product_brand","embeddable":true,"href":"https:\/\/tudomoveisbelem.com.br\/v19\/wp-json\/wp\/v2\/product_brand?post=23124"},{"taxonomy":"product_cat","embeddable":true,"href":"https:\/\/tudomoveisbelem.com.br\/v19\/wp-json\/wp\/v2\/product_cat?post=23124"},{"taxonomy":"product_tag","embeddable":true,"href":"https:\/\/tudomoveisbelem.com.br\/v19\/wp-json\/wp\/v2\/product_tag?post=23124"}],"curies":[{"name":"wp","href":"https:\/\/api.w.org\/{rel}","templated":true}]}}