{"id":22368,"date":"2023-01-25T21:14:52","date_gmt":"2023-01-25T21:14:52","guid":{"rendered":"https:\/\/tudomoveisbelem.com.br\/v19\/?post_type=product&#038;p=22368"},"modified":"2025-03-25T18:25:00","modified_gmt":"2025-03-25T18:25:00","slug":"painel-suspenso-com-1-prateleira-por-apenas-10x-de-r6990-sem-juros-no-cartao-ou-a-vista-por-r69900","status":"publish","type":"product","link":"https:\/\/tudomoveisbelem.com.br\/v19\/produto\/painel-suspenso-com-1-prateleira-por-apenas-10x-de-r6990-sem-juros-no-cartao-ou-a-vista-por-r69900\/","title":{"rendered":"Painel Suspenso com 1 Prateleira 10x de R$ 99,90"},"content":{"rendered":"<p>O painel suspenso PA18 Dalla Costa \u00e9 produzido em 100% MDF, possui pintura UV com 06 camadas de prote\u00e7\u00e3o, ainda conta com 01 prateleira que pode ser montada na parte superior ou na parte inferior do painel. A beleza fica por conta do design moderno e a composi\u00e7\u00e3o de suas cores, que v\u00e3o dar aquele toque especial no seu ambiente.<\/p>\n<p>DIFERENCIAIS<br \/>\n&#8211; 100% MDF;<br \/>\n&#8211; PINTURA COM 6 CAMADAS DE PROTE\u00c7\u00c3O.<\/p>\n<p>Dimens\u00f5es:<br \/>\nLargura:\u00a01.80 M<br \/>\nAltura:\u00a01.20 M<br \/>\nProfundidade:\u00a00,23 CM<\/p>\n","protected":false},"excerpt":{"rendered":"<p>Por apenas 10x de <span style=\"color: #ff0000;\">R$99,90<\/span> sem juros no cart\u00e3o ou \u00e0 vista por <span style=\"color: #ff0000;\">R$999,00.<\/span><\/p>\n","protected":false},"featured_media":22372,"comment_status":"closed","ping_status":"closed","template":"","meta":[],"product_brand":[],"product_cat":[44],"product_tag":[],"class_list":{"0":"post-22368","1":"product","2":"type-product","3":"status-publish","4":"has-post-thumbnail","6":"product_cat-paineis","8":"first","9":"instock","10":"shipping-taxable","11":"product-type-simple"},"_links":{"self":[{"href":"https:\/\/tudomoveisbelem.com.br\/v19\/wp-json\/wp\/v2\/product\/22368","targetHints":{"allow":["GET"]}}],"collection":[{"href":"https:\/\/tudomoveisbelem.com.br\/v19\/wp-json\/wp\/v2\/product"}],"about":[{"href":"https:\/\/tudomoveisbelem.com.br\/v19\/wp-json\/wp\/v2\/types\/product"}],"replies":[{"embeddable":true,"href":"https:\/\/tudomoveisbelem.com.br\/v19\/wp-json\/wp\/v2\/comments?post=22368"}],"version-history":[{"count":7,"href":"https:\/\/tudomoveisbelem.com.br\/v19\/wp-json\/wp\/v2\/product\/22368\/revisions"}],"predecessor-version":[{"id":32997,"href":"https:\/\/tudomoveisbelem.com.br\/v19\/wp-json\/wp\/v2\/product\/22368\/revisions\/32997"}],"wp:featuredmedia":[{"embeddable":true,"href":"https:\/\/tudomoveisbelem.com.br\/v19\/wp-json\/wp\/v2\/media\/22372"}],"wp:attachment":[{"href":"https:\/\/tudomoveisbelem.com.br\/v19\/wp-json\/wp\/v2\/media?parent=22368"}],"wp:term":[{"taxonomy":"product_brand","embeddable":true,"href":"https:\/\/tudomoveisbelem.com.br\/v19\/wp-json\/wp\/v2\/product_brand?post=22368"},{"taxonomy":"product_cat","embeddable":true,"href":"https:\/\/tudomoveisbelem.com.br\/v19\/wp-json\/wp\/v2\/product_cat?post=22368"},{"taxonomy":"product_tag","embeddable":true,"href":"https:\/\/tudomoveisbelem.com.br\/v19\/wp-json\/wp\/v2\/product_tag?post=22368"}],"curies":[{"name":"wp","href":"https:\/\/api.w.org\/{rel}","templated":true}]}}