{"id":21703,"date":"2022-12-01T17:30:39","date_gmt":"2022-12-01T17:30:39","guid":{"rendered":"https:\/\/tudomoveisbelem.com.br\/v19\/?post_type=product&#038;p=21703"},"modified":"2024-11-26T20:14:00","modified_gmt":"2024-11-26T20:14:00","slug":"mesa-de-centro-redonda-100-mdf-com-pes-em-madeira-macica-por-apenas-10x-sem-juros-de-r1990-no-cartao-ou-a-vista-por-r19900","status":"publish","type":"product","link":"https:\/\/tudomoveisbelem.com.br\/v19\/produto\/mesa-de-centro-redonda-100-mdf-com-pes-em-madeira-macica-por-apenas-10x-sem-juros-de-r1990-no-cartao-ou-a-vista-por-r19900\/","title":{"rendered":"Mesa de Centro Redonda 100% MDF e P\u00e9s em Madeira Maci\u00e7a 10x\u00a0de R$ 24,90\u00a0"},"content":{"rendered":"<p>A Mesa de Centro Brilhante \u00e9 ideal para sua sala. Ela possui o melhor do estilo retr\u00f4, que ir\u00e1 agregar muito mais charme e requinte para o seu ambiente. Muito funcional, ela \u00e9 um item indispens\u00e1vel para sua sala que auxilia a acomodar os mais variados tipos de objetos, principalmente na hora de assistir o jogo no domingo. P\u00e9s em madeira maci\u00e7a o que proporciona ao m\u00f3vel maior resist\u00eancia e durabilidade.<\/p>\n<p>Elaborado em MDF. Pintura da superf\u00edcie em verniz poli\u00e9ster semibrilho, com secagem U.V. e impress\u00e3o a laser com acabamento touch, uma tecnologia que proporciona aos m\u00f3veis uma impress\u00e3o de alta defini\u00e7\u00e3o que reproduz com perfei\u00e7\u00e3o os veios da madeira e produz cores mais pr\u00f3ximas \u00e0s naturais. Acabamento das bordas retas com fita de papel e nas bordas curvas, pintura com acabamento em verniz poliuretano (PU). P\u00e9s tipo palito, inclinados, de madeira maci\u00e7a.<\/p>\n<p>Dimens\u00f5es:<br \/>\nProfundidade: 0,59 CM<br \/>\nLargura: 0,59 CM<br \/>\nAltura: 0,35 CM<\/p>\n","protected":false},"excerpt":{"rendered":"<p>Por 10x\u00a0R$ <span style=\"color: #ff0000;\">24,90<\/span> sem juros no cart\u00e3o ou \u00e0 vista por <span style=\"color: #ff0000;\"><span style=\"color: #ff0000;\">R$ 249,00<\/span><\/span><\/p>\n","protected":false},"featured_media":21717,"comment_status":"closed","ping_status":"closed","template":"","meta":[],"product_brand":[],"product_cat":[46],"product_tag":[],"class_list":{"0":"post-21703","1":"product","2":"type-product","3":"status-publish","4":"has-post-thumbnail","6":"product_cat-mesa-de-centro","8":"first","9":"instock","10":"shipping-taxable","11":"product-type-simple"},"_links":{"self":[{"href":"https:\/\/tudomoveisbelem.com.br\/v19\/wp-json\/wp\/v2\/product\/21703","targetHints":{"allow":["GET"]}}],"collection":[{"href":"https:\/\/tudomoveisbelem.com.br\/v19\/wp-json\/wp\/v2\/product"}],"about":[{"href":"https:\/\/tudomoveisbelem.com.br\/v19\/wp-json\/wp\/v2\/types\/product"}],"replies":[{"embeddable":true,"href":"https:\/\/tudomoveisbelem.com.br\/v19\/wp-json\/wp\/v2\/comments?post=21703"}],"version-history":[{"count":8,"href":"https:\/\/tudomoveisbelem.com.br\/v19\/wp-json\/wp\/v2\/product\/21703\/revisions"}],"predecessor-version":[{"id":27431,"href":"https:\/\/tudomoveisbelem.com.br\/v19\/wp-json\/wp\/v2\/product\/21703\/revisions\/27431"}],"wp:featuredmedia":[{"embeddable":true,"href":"https:\/\/tudomoveisbelem.com.br\/v19\/wp-json\/wp\/v2\/media\/21717"}],"wp:attachment":[{"href":"https:\/\/tudomoveisbelem.com.br\/v19\/wp-json\/wp\/v2\/media?parent=21703"}],"wp:term":[{"taxonomy":"product_brand","embeddable":true,"href":"https:\/\/tudomoveisbelem.com.br\/v19\/wp-json\/wp\/v2\/product_brand?post=21703"},{"taxonomy":"product_cat","embeddable":true,"href":"https:\/\/tudomoveisbelem.com.br\/v19\/wp-json\/wp\/v2\/product_cat?post=21703"},{"taxonomy":"product_tag","embeddable":true,"href":"https:\/\/tudomoveisbelem.com.br\/v19\/wp-json\/wp\/v2\/product_tag?post=21703"}],"curies":[{"name":"wp","href":"https:\/\/api.w.org\/{rel}","templated":true}]}}