{"id":19641,"date":"2022-04-07T03:14:49","date_gmt":"2022-04-07T03:14:49","guid":{"rendered":"https:\/\/tudomoveisbelem.com.br\/v19\/?post_type=product&#038;p=19641"},"modified":"2026-02-16T18:15:50","modified_gmt":"2026-02-16T18:15:50","slug":"multiuso-de-escritorio-com-chave-por-apenas-10x-de-r4990-sem-juros-no-cartao-ou-a-vista-por-r49900","status":"publish","type":"product","link":"https:\/\/tudomoveisbelem.com.br\/v19\/produto\/multiuso-de-escritorio-com-chave-por-apenas-10x-de-r4990-sem-juros-no-cartao-ou-a-vista-por-r49900\/","title":{"rendered":"Multiuso Escrit\u00f3rio com Chaves"},"content":{"rendered":"<p>\ud83d\udea8\ud83d\udcda MULTIUSO DE ESCRIT\u00d3RIO COM CHAVE \ud83d\udd10\u2728<\/p>\n<p>Organiza\u00e7\u00e3o, seguran\u00e7a e praticidade em um \u00fanico m\u00f3vel!<br \/>\nIdeal para quem precisa manter documentos, livros e objetos importantes sempre organizados e protegidos \ud83d\uddc2\ufe0f\ud83c\udfe1<\/p>\n<p>\ud83d\udc8e Por que ele \u00e9 indispens\u00e1vel no seu espa\u00e7o:<br \/>\n\u2714\ufe0f 3 prateleiras amplas (sendo 1 interna)<br \/>\n\u2714\ufe0f Espa\u00e7o ideal para livros, pastas e documentos<br \/>\n\u2714\ufe0f Portas com chave \u2013 mais seguran\u00e7a para seus pertences<br \/>\n\u2714\ufe0f Puxadores em alum\u00ednio \u2013 acabamento moderno e resistente<br \/>\n\u2714\ufe0f Design compacto que cabe em qualquer ambiente<\/p>\n<p>\ud83d\udccf Dimens\u00f5es:<br \/>\n\u25aa\ufe0f Altura: 1,78 m<br \/>\n\u25aa\ufe0f Largura: 0,70 m<br \/>\n\u25aa\ufe0f Profundidade: 0,31 m<\/p>\n<p>\ud83d\ude9a Entrega e montagem GR\u00c1TIS<br \/>\n\ud83d\udccd Bel\u00e9m, Ananindeua e Marituba<br \/>\n\ud83d\udcac Compra na loja f\u00edsica ou pelo WhatsApp<br \/>\n\ud83d\udcb3 Pagamento no ato da entrega<br \/>\n\ud83d\udee1\ufe0f Produto novo com garantia do fabricante<\/p>\n<p>\ud83d\udd25 OFERTA IMPERD\u00cdVEL<br \/>\n\ud83d\udca5<span style=\"color: #ff0000;\"><strong> 12x de R$ 66,58<\/strong><\/span> sem juros no cart\u00e3o<br \/>\n\ud83d\udcb0 Ou R$ 799,00 \u00e0 vista<\/p>\n<p>\u2728 Mais organiza\u00e7\u00e3o, mais seguran\u00e7a e muito mais praticidade para o seu dia a dia!<\/p>\n","protected":false},"excerpt":{"rendered":"<p>\ud83d\udea8\ud83d\udcda MULTIUSO DE ESCRIT\u00d3RIO COM CHAVE \ud83d\udd10\u2728 Organiza\u00e7\u00e3o, seguran\u00e7a e praticidade em um \u00fanico m\u00f3vel! Ideal para quem precisa manter documentos, livros e objetos importantes sempre organizados e protegidos \ud83d\uddc2\ufe0f\ud83c\udfe1 \ud83d\udc8e Por que ele \u00e9 indispens\u00e1vel no seu espa\u00e7o: \u2714\ufe0f 3 prateleiras amplas (sendo 1 interna) \u2714\ufe0f Espa\u00e7o ideal para livros, pastas e documentos \u2714\ufe0f &hellip; <a href=\"https:\/\/tudomoveisbelem.com.br\/v19\/produto\/multiuso-de-escritorio-com-chave-por-apenas-10x-de-r4990-sem-juros-no-cartao-ou-a-vista-por-r49900\/\" class=\"more-link\">Continue lendo<span class=\"screen-reader-text\"> &#8220;Multiuso Escrit\u00f3rio com Chaves&#8221;<\/span><\/a><\/p>\n","protected":false},"featured_media":19643,"comment_status":"closed","ping_status":"closed","template":"","meta":[],"product_brand":[],"product_cat":[32],"product_tag":[],"class_list":{"0":"post-19641","1":"product","2":"type-product","3":"status-publish","4":"has-post-thumbnail","6":"product_cat-escritorio","8":"first","9":"instock","10":"shipping-taxable","11":"product-type-simple"},"_links":{"self":[{"href":"https:\/\/tudomoveisbelem.com.br\/v19\/wp-json\/wp\/v2\/product\/19641","targetHints":{"allow":["GET"]}}],"collection":[{"href":"https:\/\/tudomoveisbelem.com.br\/v19\/wp-json\/wp\/v2\/product"}],"about":[{"href":"https:\/\/tudomoveisbelem.com.br\/v19\/wp-json\/wp\/v2\/types\/product"}],"replies":[{"embeddable":true,"href":"https:\/\/tudomoveisbelem.com.br\/v19\/wp-json\/wp\/v2\/comments?post=19641"}],"version-history":[{"count":6,"href":"https:\/\/tudomoveisbelem.com.br\/v19\/wp-json\/wp\/v2\/product\/19641\/revisions"}],"predecessor-version":[{"id":36773,"href":"https:\/\/tudomoveisbelem.com.br\/v19\/wp-json\/wp\/v2\/product\/19641\/revisions\/36773"}],"wp:featuredmedia":[{"embeddable":true,"href":"https:\/\/tudomoveisbelem.com.br\/v19\/wp-json\/wp\/v2\/media\/19643"}],"wp:attachment":[{"href":"https:\/\/tudomoveisbelem.com.br\/v19\/wp-json\/wp\/v2\/media?parent=19641"}],"wp:term":[{"taxonomy":"product_brand","embeddable":true,"href":"https:\/\/tudomoveisbelem.com.br\/v19\/wp-json\/wp\/v2\/product_brand?post=19641"},{"taxonomy":"product_cat","embeddable":true,"href":"https:\/\/tudomoveisbelem.com.br\/v19\/wp-json\/wp\/v2\/product_cat?post=19641"},{"taxonomy":"product_tag","embeddable":true,"href":"https:\/\/tudomoveisbelem.com.br\/v19\/wp-json\/wp\/v2\/product_tag?post=19641"}],"curies":[{"name":"wp","href":"https:\/\/api.w.org\/{rel}","templated":true}]}}