{"id":19633,"date":"2022-04-07T03:10:32","date_gmt":"2022-04-07T03:10:32","guid":{"rendered":"https:\/\/tudomoveisbelem.com.br\/v19\/?post_type=product&#038;p=19633"},"modified":"2025-03-19T19:58:03","modified_gmt":"2025-03-19T19:58:03","slug":"rack-para-sala-para-tv-ate-60-por-apenas-10x-de-r6990-sem-juros-no-cartao-ou-a-vista-por-r69900","status":"publish","type":"product","link":"https:\/\/tudomoveisbelem.com.br\/v19\/produto\/rack-para-sala-para-tv-ate-60-por-apenas-10x-de-r6990-sem-juros-no-cartao-ou-a-vista-por-r69900\/","title":{"rendered":"Rack para TV at\u00e9 60&#8243; 10x de R$ 89,90"},"content":{"rendered":"<p>Com um design retr\u00f4, essa \u00e9 uma bancada que traz toda a eleg\u00e2ncia para dentro da sua sala.<br \/>\nA porta deslizante com tela PVC, aliada aos p\u00e9s retr\u00f4 fornece \u00e0 sua sala de estar um toque chique, equilibrando o moderno com o retr\u00f4 e fornecendo muita beleza a seu ambiente.<br \/>\nCom todo o charme da estrutura robusta de 25mm, est\u00e1 pronta para acomodar TV&#8217;s de at\u00e9 60&#8243;.<\/p>\n<p>Dimens\u00f5es<br \/>\nLargura:\u00a01.63 CM<br \/>\nAltura:\u00a00,57 CM<br \/>\nProfundidade:\u00a00,38 CM<\/p>\n","protected":false},"excerpt":{"rendered":"<p>Por apenas 10x de <span style=\"color: #ff0000;\">R$89,90<\/span> sem juros no cart\u00e3o ou \u00e0 vista por <span style=\"color: #ff0000;\">R$899,00.<\/span><\/p>\n","protected":false},"featured_media":19634,"comment_status":"closed","ping_status":"closed","template":"","meta":[],"product_brand":[],"product_cat":[43],"product_tag":[],"class_list":{"0":"post-19633","1":"product","2":"type-product","3":"status-publish","4":"has-post-thumbnail","6":"product_cat-racks","8":"first","9":"instock","10":"shipping-taxable","11":"product-type-simple"},"_links":{"self":[{"href":"https:\/\/tudomoveisbelem.com.br\/v19\/wp-json\/wp\/v2\/product\/19633","targetHints":{"allow":["GET"]}}],"collection":[{"href":"https:\/\/tudomoveisbelem.com.br\/v19\/wp-json\/wp\/v2\/product"}],"about":[{"href":"https:\/\/tudomoveisbelem.com.br\/v19\/wp-json\/wp\/v2\/types\/product"}],"replies":[{"embeddable":true,"href":"https:\/\/tudomoveisbelem.com.br\/v19\/wp-json\/wp\/v2\/comments?post=19633"}],"version-history":[{"count":6,"href":"https:\/\/tudomoveisbelem.com.br\/v19\/wp-json\/wp\/v2\/product\/19633\/revisions"}],"predecessor-version":[{"id":32885,"href":"https:\/\/tudomoveisbelem.com.br\/v19\/wp-json\/wp\/v2\/product\/19633\/revisions\/32885"}],"wp:featuredmedia":[{"embeddable":true,"href":"https:\/\/tudomoveisbelem.com.br\/v19\/wp-json\/wp\/v2\/media\/19634"}],"wp:attachment":[{"href":"https:\/\/tudomoveisbelem.com.br\/v19\/wp-json\/wp\/v2\/media?parent=19633"}],"wp:term":[{"taxonomy":"product_brand","embeddable":true,"href":"https:\/\/tudomoveisbelem.com.br\/v19\/wp-json\/wp\/v2\/product_brand?post=19633"},{"taxonomy":"product_cat","embeddable":true,"href":"https:\/\/tudomoveisbelem.com.br\/v19\/wp-json\/wp\/v2\/product_cat?post=19633"},{"taxonomy":"product_tag","embeddable":true,"href":"https:\/\/tudomoveisbelem.com.br\/v19\/wp-json\/wp\/v2\/product_tag?post=19633"}],"curies":[{"name":"wp","href":"https:\/\/api.w.org\/{rel}","templated":true}]}}