{"id":18917,"date":"2022-01-24T23:59:29","date_gmt":"2022-01-24T23:59:29","guid":{"rendered":"https:\/\/tudomoveisbelem.com.br\/v19\/?post_type=product&#038;p=18917"},"modified":"2026-03-30T16:14:27","modified_gmt":"2026-03-30T16:14:27","slug":"18917","status":"publish","type":"product","link":"https:\/\/tudomoveisbelem.com.br\/v19\/produto\/18917\/","title":{"rendered":"Sof\u00e1 Retr\u00e1til e Reclin\u00e1vel 1.70 M com Tecido Veludo e Suede 12x de R$ 183,25."},"content":{"rendered":"<p>\ud83d\udecb\ufe0f\ud83d\udd25 SOF\u00c1 RETR\u00c1TIL E RECLIN\u00c1VEL 1,70M \u2013 CONFORTO QUE VOC\u00ca SENTE NA HORA!<\/p>\n<p>Sua sala merece um sof\u00e1 bonito, confort\u00e1vel e perfeito para relaxar todos os dias \ud83e\udd0d<\/p>\n<p>\ud83d\udc8e Por que esse sof\u00e1 est\u00e1 conquistando nossos clientes:<br \/>\n\u2714\ufe0f Sistema retr\u00e1til e reclin\u00e1vel \u2014 mais conforto e praticidade<br \/>\n\u2714\ufe0f Revestimento em tecido Velosuede macio e sofisticado<br \/>\n\u2714\ufe0f Assento com espuma D-24 + percintas el\u00e1sticas<br \/>\n\u2714\ufe0f Encosto e bra\u00e7os com fibra siliconada \u2014 aconchego total<br \/>\n\u2714\ufe0f Design moderno que combina com qualquer decora\u00e7\u00e3o<\/p>\n<p>\ud83d\udccf Dimens\u00f5es:<br \/>\n\u25aa\ufe0f Largura: 1,70 m<br \/>\n\u25aa\ufe0f Altura fechado: 0,98 m<br \/>\n\u25aa\ufe0f Altura aberto: 0,84 m<br \/>\n\u25aa\ufe0f Profundidade fechado: 0,90 m<br \/>\n\u25aa\ufe0f Profundidade aberto: 1,25 m<\/p>\n<p>\ud83d\ude9a Entrega e montagem GR\u00c1TIS<br \/>\n\ud83d\udcac Compra na loja ou pelo WhatsApp<br \/>\n\ud83d\udcb3 Pagamento no ato da entrega<\/p>\n<p>\ud83d\udd25 PROMO\u00c7\u00c3O ESPECIAL<br \/>\nDe <del>R$ 2.700,00 \ud83d\ude31<\/del><br \/>\n\ud83d\udca5 Por apenas<span style=\"color: #ff0000;\"><strong> 12x de R$ 183,25<\/strong><\/span> sem juros<br \/>\n\ud83d\udcb0 Ou R$ 2.199,00 \u00e0 vista<\/p>\n<p>\u2728 Sentar \u00e9 bom\u2026 mas n\u00e3o querer levantar \u00e9 melhor ainda.<\/p>\n","protected":false},"excerpt":{"rendered":"<p>\ud83d\udecb\ufe0f\ud83d\udd25 SOF\u00c1 RETR\u00c1TIL E RECLIN\u00c1VEL 1,70M \u2013 CONFORTO QUE VOC\u00ca SENTE NA HORA! Sua sala merece um sof\u00e1 bonito, confort\u00e1vel e perfeito para relaxar todos os dias \ud83e\udd0d \ud83d\udc8e Por que esse sof\u00e1 est\u00e1 conquistando nossos clientes: \u2714\ufe0f Sistema retr\u00e1til e reclin\u00e1vel \u2014 mais conforto e praticidade \u2714\ufe0f Revestimento em tecido Velosuede macio e sofisticado &hellip; <a href=\"https:\/\/tudomoveisbelem.com.br\/v19\/produto\/18917\/\" class=\"more-link\">Continue lendo<span class=\"screen-reader-text\"> &#8220;Sof\u00e1 Retr\u00e1til e Reclin\u00e1vel 1.70 M com Tecido Veludo e Suede 12x de R$ 183,25.&#8221;<\/span><\/a><\/p>\n","protected":false},"featured_media":25641,"comment_status":"closed","ping_status":"closed","template":"","meta":[],"product_brand":[],"product_cat":[30],"product_tag":[],"class_list":{"0":"post-18917","1":"product","2":"type-product","3":"status-publish","4":"has-post-thumbnail","6":"product_cat-sofas","8":"first","9":"instock","10":"shipping-taxable","11":"product-type-simple"},"_links":{"self":[{"href":"https:\/\/tudomoveisbelem.com.br\/v19\/wp-json\/wp\/v2\/product\/18917","targetHints":{"allow":["GET"]}}],"collection":[{"href":"https:\/\/tudomoveisbelem.com.br\/v19\/wp-json\/wp\/v2\/product"}],"about":[{"href":"https:\/\/tudomoveisbelem.com.br\/v19\/wp-json\/wp\/v2\/types\/product"}],"replies":[{"embeddable":true,"href":"https:\/\/tudomoveisbelem.com.br\/v19\/wp-json\/wp\/v2\/comments?post=18917"}],"version-history":[{"count":15,"href":"https:\/\/tudomoveisbelem.com.br\/v19\/wp-json\/wp\/v2\/product\/18917\/revisions"}],"predecessor-version":[{"id":37149,"href":"https:\/\/tudomoveisbelem.com.br\/v19\/wp-json\/wp\/v2\/product\/18917\/revisions\/37149"}],"wp:featuredmedia":[{"embeddable":true,"href":"https:\/\/tudomoveisbelem.com.br\/v19\/wp-json\/wp\/v2\/media\/25641"}],"wp:attachment":[{"href":"https:\/\/tudomoveisbelem.com.br\/v19\/wp-json\/wp\/v2\/media?parent=18917"}],"wp:term":[{"taxonomy":"product_brand","embeddable":true,"href":"https:\/\/tudomoveisbelem.com.br\/v19\/wp-json\/wp\/v2\/product_brand?post=18917"},{"taxonomy":"product_cat","embeddable":true,"href":"https:\/\/tudomoveisbelem.com.br\/v19\/wp-json\/wp\/v2\/product_cat?post=18917"},{"taxonomy":"product_tag","embeddable":true,"href":"https:\/\/tudomoveisbelem.com.br\/v19\/wp-json\/wp\/v2\/product_tag?post=18917"}],"curies":[{"name":"wp","href":"https:\/\/api.w.org\/{rel}","templated":true}]}}