{"id":16985,"date":"2021-08-03T14:18:43","date_gmt":"2021-08-03T14:18:43","guid":{"rendered":"https:\/\/tudomoveisbelem.com.br\/v19\/?post_type=product&#038;p=16985"},"modified":"2025-03-26T15:04:26","modified_gmt":"2025-03-26T15:04:26","slug":"cristaleira-com-adega-e-led-100-mdf-em-10-x-sem-juros-de-r18490-no-cartao-ou-a-vista-por-r1-84900","status":"publish","type":"product","link":"https:\/\/tudomoveisbelem.com.br\/v19\/produto\/cristaleira-com-adega-e-led-100-mdf-em-10-x-sem-juros-de-r18490-no-cartao-ou-a-vista-por-r1-84900\/","title":{"rendered":"Cristaleira com Adega e Led 100% MDF 10x\u00a0de R$ 249,90"},"content":{"rendered":"<p>A Cristaleira Adega Alta + LED Dalla Costa, \u00e9 perfeita para guardar suas lou\u00e7as e cristais com estilo e eleg\u00e2ncia, une a sofistica\u00e7\u00e3o com um designer retr\u00f4. Possui nichos adega, 2 portas e prateleiras em vidro, e ilumina\u00e7\u00e3o de LED. Ela conta com excelente acabamento que proporciona maior durabilidade e resist\u00eancia ao m\u00f3vel, sua estrutura \u00e9 100% MDF.<\/p>\n<p>Dimens\u00f5es:<br \/>\nAltura: 1.80 M<br \/>\nLargura: 0,74 CM<br \/>\nProfundidade: 0,36 CM<\/p>\n","protected":false},"excerpt":{"rendered":"<p>Por apenas 10x de <span style=\"color: #ff0000;\">R$249,90<\/span> sem juros no cart\u00e3o ou \u00e0 vista por <span style=\"color: #ff0000;\">R$2.499,00.<\/span><\/p>\n","protected":false},"featured_media":16986,"comment_status":"closed","ping_status":"closed","template":"","meta":[],"product_brand":[],"product_cat":[22],"product_tag":[],"class_list":{"0":"post-16985","1":"product","2":"type-product","3":"status-publish","4":"has-post-thumbnail","6":"product_cat-moveis","8":"first","9":"instock","10":"shipping-taxable","11":"product-type-simple"},"_links":{"self":[{"href":"https:\/\/tudomoveisbelem.com.br\/v19\/wp-json\/wp\/v2\/product\/16985","targetHints":{"allow":["GET"]}}],"collection":[{"href":"https:\/\/tudomoveisbelem.com.br\/v19\/wp-json\/wp\/v2\/product"}],"about":[{"href":"https:\/\/tudomoveisbelem.com.br\/v19\/wp-json\/wp\/v2\/types\/product"}],"replies":[{"embeddable":true,"href":"https:\/\/tudomoveisbelem.com.br\/v19\/wp-json\/wp\/v2\/comments?post=16985"}],"version-history":[{"count":9,"href":"https:\/\/tudomoveisbelem.com.br\/v19\/wp-json\/wp\/v2\/product\/16985\/revisions"}],"predecessor-version":[{"id":33003,"href":"https:\/\/tudomoveisbelem.com.br\/v19\/wp-json\/wp\/v2\/product\/16985\/revisions\/33003"}],"wp:featuredmedia":[{"embeddable":true,"href":"https:\/\/tudomoveisbelem.com.br\/v19\/wp-json\/wp\/v2\/media\/16986"}],"wp:attachment":[{"href":"https:\/\/tudomoveisbelem.com.br\/v19\/wp-json\/wp\/v2\/media?parent=16985"}],"wp:term":[{"taxonomy":"product_brand","embeddable":true,"href":"https:\/\/tudomoveisbelem.com.br\/v19\/wp-json\/wp\/v2\/product_brand?post=16985"},{"taxonomy":"product_cat","embeddable":true,"href":"https:\/\/tudomoveisbelem.com.br\/v19\/wp-json\/wp\/v2\/product_cat?post=16985"},{"taxonomy":"product_tag","embeddable":true,"href":"https:\/\/tudomoveisbelem.com.br\/v19\/wp-json\/wp\/v2\/product_tag?post=16985"}],"curies":[{"name":"wp","href":"https:\/\/api.w.org\/{rel}","templated":true}]}}