{"id":12447,"date":"2020-04-10T22:31:06","date_gmt":"2020-04-10T22:31:06","guid":{"rendered":"https:\/\/tudomoveisbelem.com.br\/v19\/?post_type=product&#038;p=12447"},"modified":"2026-03-30T16:52:36","modified_gmt":"2026-03-30T16:52:36","slug":"sofa-3-lugares-assento-retratil-e-encosto-reclinavel-2m-r1-29900-a-vista","status":"publish","type":"product","link":"https:\/\/tudomoveisbelem.com.br\/v19\/produto\/sofa-3-lugares-assento-retratil-e-encosto-reclinavel-2m-r1-29900-a-vista\/","title":{"rendered":"Sof\u00e1 3 Lugares Assento Retr\u00e1til e Encosto Reclin\u00e1vel 2 M 10x de R$279,90."},"content":{"rendered":"<p>\ud83d\udecb\ufe0f\u2728 SOF\u00c1 3 LUGARES RETR\u00c1TIL &amp; RECLIN\u00c1VEL \u2728\ud83d\udecb\ufe0f<br \/>\nConforto, estilo e praticidade em um \u00fanico m\u00f3vel para transformar sua sala!<\/p>\n<p>\ud83d\udee0\ufe0f Destaques que fazem a diferen\u00e7a:<br \/>\n\u2705 Assento retr\u00e1til \u2013 mais espa\u00e7o para relaxar e curtir momentos de descanso.<br \/>\n\u2705 Encosto reclin\u00e1vel \u2013 ajuste o \u00e2ngulo ideal para assistir TV, ler ou tirar aquela soneca.<br \/>\n\u2705 Design sofisticado \u2013 dispon\u00edvel em v\u00e1rias cores, deixando o ambiente elegante e acolhedor.<br \/>\n\u2705 Perfeito para o dia a dia \u2013 conforto garantido at\u00e9 nos dias mais corridos e cansativos.<\/p>\n<p>\ud83d\udcd0 Medidas:<br \/>\nLargura: 2,00m | Altura: 1,02m | Profundidade fechado: 0,91m | Profundidade aberto: 1,27m<\/p>\n<p>\ud83d\ude9a Entrega gr\u00e1tis em Bel\u00e9m, Ananindeua e Marituba!<br \/>\n\ud83d\udcac Compre pelo WhatsApp e pague s\u00f3 na entrega.<\/p>\n<p>\u2728 Mais conforto, mais estilo, mais voc\u00ea: esse sof\u00e1 \u00e9 o toque de luxo que sua sala merece! \u2728<\/p>\n<p>\ud83d\udd25 Promo\u00e7\u00e3o especial:<br \/>\nDe <del>R$3.400,00<\/del><br \/>\nPor apenas 10x de <span style=\"color: #ff0000;\">R$279,90<\/span> sem juros<br \/>\n\ud83d\udc49 ou <span style=\"color: #ff0000;\">R$2.799,00<\/span> \u00e0 vista!<\/p>\n","protected":false},"excerpt":{"rendered":"<p>\ud83d\udecb\ufe0f\u2728 SOF\u00c1 3 LUGARES RETR\u00c1TIL &amp; RECLIN\u00c1VEL \u2728\ud83d\udecb\ufe0f Conforto, estilo e praticidade em um \u00fanico m\u00f3vel para transformar sua sala! \ud83d\udee0\ufe0f Destaques que fazem a diferen\u00e7a: \u2705 Assento retr\u00e1til \u2013 mais espa\u00e7o para relaxar e curtir momentos de descanso. \u2705 Encosto reclin\u00e1vel \u2013 ajuste o \u00e2ngulo ideal para assistir TV, ler ou tirar aquela soneca. &hellip; <a href=\"https:\/\/tudomoveisbelem.com.br\/v19\/produto\/sofa-3-lugares-assento-retratil-e-encosto-reclinavel-2m-r1-29900-a-vista\/\" class=\"more-link\">Continue lendo<span class=\"screen-reader-text\"> &#8220;Sof\u00e1 3 Lugares Assento Retr\u00e1til e Encosto Reclin\u00e1vel 2 M 10x de R$279,90.&#8221;<\/span><\/a><\/p>\n","protected":false},"featured_media":26026,"comment_status":"closed","ping_status":"closed","template":"","meta":[],"product_brand":[],"product_cat":[30],"product_tag":[],"class_list":{"0":"post-12447","1":"product","2":"type-product","3":"status-publish","4":"has-post-thumbnail","6":"product_cat-sofas","8":"first","9":"instock","10":"shipping-taxable","11":"product-type-simple"},"_links":{"self":[{"href":"https:\/\/tudomoveisbelem.com.br\/v19\/wp-json\/wp\/v2\/product\/12447","targetHints":{"allow":["GET"]}}],"collection":[{"href":"https:\/\/tudomoveisbelem.com.br\/v19\/wp-json\/wp\/v2\/product"}],"about":[{"href":"https:\/\/tudomoveisbelem.com.br\/v19\/wp-json\/wp\/v2\/types\/product"}],"replies":[{"embeddable":true,"href":"https:\/\/tudomoveisbelem.com.br\/v19\/wp-json\/wp\/v2\/comments?post=12447"}],"version-history":[{"count":15,"href":"https:\/\/tudomoveisbelem.com.br\/v19\/wp-json\/wp\/v2\/product\/12447\/revisions"}],"predecessor-version":[{"id":37159,"href":"https:\/\/tudomoveisbelem.com.br\/v19\/wp-json\/wp\/v2\/product\/12447\/revisions\/37159"}],"wp:featuredmedia":[{"embeddable":true,"href":"https:\/\/tudomoveisbelem.com.br\/v19\/wp-json\/wp\/v2\/media\/26026"}],"wp:attachment":[{"href":"https:\/\/tudomoveisbelem.com.br\/v19\/wp-json\/wp\/v2\/media?parent=12447"}],"wp:term":[{"taxonomy":"product_brand","embeddable":true,"href":"https:\/\/tudomoveisbelem.com.br\/v19\/wp-json\/wp\/v2\/product_brand?post=12447"},{"taxonomy":"product_cat","embeddable":true,"href":"https:\/\/tudomoveisbelem.com.br\/v19\/wp-json\/wp\/v2\/product_cat?post=12447"},{"taxonomy":"product_tag","embeddable":true,"href":"https:\/\/tudomoveisbelem.com.br\/v19\/wp-json\/wp\/v2\/product_tag?post=12447"}],"curies":[{"name":"wp","href":"https:\/\/api.w.org\/{rel}","templated":true}]}}